{"id":847,"date":"2014-11-19T09:30:07","date_gmt":"2014-11-19T09:30:07","guid":{"rendered":"https:\/\/chilimag.hu\/webshop\/?post_type=product&#038;p=847"},"modified":"2026-02-15T07:07:44","modified_gmt":"2026-02-15T07:07:44","slug":"pink-delice","status":"publish","type":"product","link":"https:\/\/chilimag.hu\/webshop\/termek\/pink-delice\/","title":{"rendered":"Pink Delice B Paradicsom"},"content":{"rendered":"<div><\/div>\n<div><\/div>\n","protected":false},"excerpt":{"rendered":"<p><img decoding=\"async\" src=\"https:\/\/chilimag.hu\/webshop\/wp-content\/uploads\/2014\/11\/chilimag-logo-2-150x150.jpg\" \/><\/p>\n<p>&nbsp;<\/p>\n<p>Le\u00edr\u00e1s<\/p>\n<p>A Pink Delicious a forma \u00e9s szine ut\u00e1n kapta a nev\u00e9t, olyan r\u00f3zsasz\u00edn a sz\u00edne, amilyen finom az \u00edze! A korai \u00e9r\u00e9s\u0171, hat\u00e1rozatlan, \u00f6r\u00f6kletes megjelen\u00e9s\u0171 \u00e9s \u00edz\u0171 paradicsom, a Pink Delicious egy , kiv\u00e1l\u00f3 betegs\u00e9g-ellen\u00e1ll\u00f3s\u00e1ggal \u00e9s jobb cs\u00edr\u00e1z\u00e1ssal. Ez a fajta \u00f6nmag\u00e1ban is meg\u00e1llja a hely\u00e9t a hasonl\u00f3 fajt\u00e1khoz k\u00e9pest, mivel 2022-ben az AAS region\u00e1lis gy\u0151ztese lett a nagyszer\u0171 \u00edze, \u00e1llaga \u00e9s a \u201ehagyom\u00e1nyos\u201d megjelen\u00e9s\u0171 paradicsom, \u00a0minden el\u0151ny\u00e9vel. A Pink Delicious magas Brix-\u00e9rt\u00e9kkel rendelkezik a norm\u00e1ln\u00e1l \u00e9desebb r\u00f3zsasz\u00edn paradicsomhoz. Otthoni \u00e9s piaci kert\u00e9szeknek egyar\u00e1nt kiv\u00e1l\u00f3, \u00e1tlagosan 1\/2 \u2013 1 font s\u00faly\u00fa szeletel\u00e9shez is t\u00f6k\u00e9letes. Solanum lycopersicum.Folyton n\u00f6v\u0151,\u00a0hatalmas term\u00e9sek,\u00a0600-800g<\/p>\n<p>Gondoz\u00e1sa: A\u00a0paradicsom, \u00fcvegh\u00e1zban vagy a szabadban. Az optim\u00e1lis cs\u00edr\u00e1z\u00e1si h\u0151m\u00e9rs\u00e9klet 20 \u00e9s 25\u00b0C k\u00f6z\u00f6tt van, a cs\u00edr\u00e1z\u00e1s 8-14 nap ut\u00e1n k\u00f6vetkezik be. Felgyors\u00edthatja a cs\u00edr\u00e1z\u00e1si folyamatot, ha a magokat egy \u00e9jszak\u00e1n \u00e1t nedves ruh\u00e1ban hagyja \u00e1zni. V\u00e1rjon az utols\u00f3 fagy ut\u00e1n a kiv\u00e1lasztott n\u00f6v\u00e9nyek \u00fcltet\u00e9s\u00e9vel.<\/p>\n<p>A paradicsomnak friss, j\u00f3l tr\u00e1gy\u00e1zott, v\u00edz\u00e1tereszt\u0151 talajra van sz\u00fcks\u00e9ge, amelyet nedvesen (de nem nedvesen!) kell tartani. Napos, v\u00e9dett helyre \u00fcltess\u00fck, ahol legal\u00e1bb 6 \u00f3ra \u2013 lehet\u0151leg t\u00f6bb \u2013 napf\u00e9ny \u00e9ri.<\/p>\n<p>A csomag 10 szem magot \u00a0tartalmaz<\/p>\n","protected":false},"featured_media":853,"comment_status":"open","ping_status":"closed","template":"","meta":[],"product_brand":[],"product_cat":[10],"product_tag":[],"class_list":{"0":"post-847","1":"product","2":"type-product","3":"status-publish","4":"has-post-thumbnail","6":"product_cat-paradicsom","8":"first","9":"instock","10":"taxable","11":"shipping-taxable","12":"purchasable","13":"product-type-simple"},"_links":{"self":[{"href":"https:\/\/chilimag.hu\/webshop\/wp-json\/wp\/v2\/product\/847","targetHints":{"allow":["GET"]}}],"collection":[{"href":"https:\/\/chilimag.hu\/webshop\/wp-json\/wp\/v2\/product"}],"about":[{"href":"https:\/\/chilimag.hu\/webshop\/wp-json\/wp\/v2\/types\/product"}],"replies":[{"embeddable":true,"href":"https:\/\/chilimag.hu\/webshop\/wp-json\/wp\/v2\/comments?post=847"}],"wp:featuredmedia":[{"embeddable":true,"href":"https:\/\/chilimag.hu\/webshop\/wp-json\/wp\/v2\/media\/853"}],"wp:attachment":[{"href":"https:\/\/chilimag.hu\/webshop\/wp-json\/wp\/v2\/media?parent=847"}],"wp:term":[{"taxonomy":"product_brand","embeddable":true,"href":"https:\/\/chilimag.hu\/webshop\/wp-json\/wp\/v2\/product_brand?post=847"},{"taxonomy":"product_cat","embeddable":true,"href":"https:\/\/chilimag.hu\/webshop\/wp-json\/wp\/v2\/product_cat?post=847"},{"taxonomy":"product_tag","embeddable":true,"href":"https:\/\/chilimag.hu\/webshop\/wp-json\/wp\/v2\/product_tag?post=847"}],"curies":[{"name":"wp","href":"https:\/\/api.w.org\/{rel}","templated":true}]}}