{"id":841,"date":"2014-11-19T09:27:25","date_gmt":"2014-11-19T09:27:25","guid":{"rendered":"https:\/\/chilimag.hu\/webshop\/?post_type=product&#038;p=841"},"modified":"2026-02-25T11:58:35","modified_gmt":"2026-02-25T11:58:35","slug":"egg-yolk","status":"publish","type":"product","link":"https:\/\/chilimag.hu\/webshop\/termek\/egg-yolk\/","title":{"rendered":"Egg Yolk B Paradicsom."},"content":{"rendered":"<div><\/div>\n<div><\/div>\n","protected":false},"excerpt":{"rendered":"<p><img decoding=\"async\" src=\"https:\/\/chilimag.hu\/webshop\/wp-content\/uploads\/2014\/11\/chilimag-logo-2-150x150.jpg\" \/><\/p>\n<p>&nbsp;<\/p>\n<p>Le\u00edr\u00e1s<\/p>\n<p>Ez a fantasztikus s\u00e1rga toj\u00e1s cseresznye nyerte a 2018-as kokt\u00e9lparadicsom kih\u00edv\u00e1sunkat. Ez egy 75 napos alacsony savtartalm\u00fa paradicsom. A gy\u00fcm\u00f6lcs k\u00f6r\u00fclbel\u00fcl 1 h\u00fcvelyk \u00e1tm\u00e9r\u0151j\u0171, \u00e9s \u00e9lvezetes enni. A hossz\u00fa \u00e1gak \u00f6sszess\u00e9g\u00e9ben m\u00e1s n\u00f6v\u00e9nyekhez hasonl\u00edtottak. Ez egy helyi Missouri paradicsom, amelyet Larry Pierce magvet\u0151 fejlesztett ki v\u00e9letlen\u00fcl. Ez egy hat\u00e1rozatlan, amely tov\u00e1bbra is termel. Ez a paradicsom nyeri a termel\u00e9kenys\u00e9get, a tart\u00f3ss\u00e1got \u00e9s az \u00edzt.<\/p>\n<p>Gondoz\u00e1sa:Paradicsomot termeszthet otthon, \u00fcvegh\u00e1zban vagy kint. A magokat csak kiss\u00e9 takarja be talajjal. Az optim\u00e1lis cs\u00edr\u00e1z\u00e1si h\u0151m\u00e9rs\u00e9klet 20\u00b0C \u00e9s 25\u00b0C k\u00f6z\u00f6tt van, a cs\u00edr\u00e1z\u00e1s 5-15 nap m\u00falva k\u00f6vetkezik be. Felgyors\u00edthatja a cs\u00edr\u00e1z\u00e1st, ha egy \u00e9jszak\u00e1n \u00e1t nedves ruh\u00e1ban alapozza \u0151ket. A fiatal n\u00f6v\u00e9nyt csak az utols\u00f3 fagy ut\u00e1n szabad a szabadba \u00fcltetni.<\/p>\n<p>A paradicsomnak friss, j\u00f3l tr\u00e1gy\u00e1zott, v\u00edz\u00e1tereszt\u0151 talajra van sz\u00fcks\u00e9ge, amelyet nedvesen (de nem nedvesen!) kell tartani. Napos, v\u00e9dett helyre kell helyezni, ahol legal\u00e1bb napi 6 \u00f3ra napf\u00e9ny \u00e9ri, ha nem t\u00f6bb.<\/p>\n<p>Folyton n\u00f6v\u0151 b\u0151term\u0151 kokt\u00e9l<\/p>\n<p>A csomag 10 szem magot tartalmaz<\/p>\n<p>&nbsp;<\/p>\n","protected":false},"featured_media":842,"comment_status":"open","ping_status":"closed","template":"","meta":[],"product_brand":[],"product_cat":[10],"product_tag":[],"class_list":{"0":"post-841","1":"product","2":"type-product","3":"status-publish","4":"has-post-thumbnail","6":"product_cat-paradicsom","8":"first","9":"instock","10":"taxable","11":"shipping-taxable","12":"purchasable","13":"product-type-simple"},"_links":{"self":[{"href":"https:\/\/chilimag.hu\/webshop\/wp-json\/wp\/v2\/product\/841","targetHints":{"allow":["GET"]}}],"collection":[{"href":"https:\/\/chilimag.hu\/webshop\/wp-json\/wp\/v2\/product"}],"about":[{"href":"https:\/\/chilimag.hu\/webshop\/wp-json\/wp\/v2\/types\/product"}],"replies":[{"embeddable":true,"href":"https:\/\/chilimag.hu\/webshop\/wp-json\/wp\/v2\/comments?post=841"}],"wp:featuredmedia":[{"embeddable":true,"href":"https:\/\/chilimag.hu\/webshop\/wp-json\/wp\/v2\/media\/842"}],"wp:attachment":[{"href":"https:\/\/chilimag.hu\/webshop\/wp-json\/wp\/v2\/media?parent=841"}],"wp:term":[{"taxonomy":"product_brand","embeddable":true,"href":"https:\/\/chilimag.hu\/webshop\/wp-json\/wp\/v2\/product_brand?post=841"},{"taxonomy":"product_cat","embeddable":true,"href":"https:\/\/chilimag.hu\/webshop\/wp-json\/wp\/v2\/product_cat?post=841"},{"taxonomy":"product_tag","embeddable":true,"href":"https:\/\/chilimag.hu\/webshop\/wp-json\/wp\/v2\/product_tag?post=841"}],"curies":[{"name":"wp","href":"https:\/\/api.w.org\/{rel}","templated":true}]}}