{"id":708,"date":"2014-11-11T09:34:41","date_gmt":"2014-11-11T09:34:41","guid":{"rendered":"https:\/\/chilimag.hu\/webshop\/?post_type=product&#038;p=708"},"modified":"2026-01-16T11:24:16","modified_gmt":"2026-01-16T11:24:16","slug":"scotch-bonnet-brown","status":"publish","type":"product","link":"https:\/\/chilimag.hu\/webshop\/termek\/scotch-bonnet-brown\/","title":{"rendered":"Scotch Bonnet Brown"},"content":{"rendered":"","protected":false},"excerpt":{"rendered":"<p><img decoding=\"async\" src=\"https:\/\/chilimag.hu\/webshop\/wp-content\/uploads\/2014\/11\/chilimag-logo-2-150x150.jpg\" \/><\/p>\n<p>&nbsp;<\/p>\n<p>Le\u00edr\u00e1s<\/p>\n<p>A Scotch Bonnet Brown egy csokol\u00e1d\u00e9barna \u00e9r\u00e9s\u0171 Scotch Bonnet \u00e9s ritkas\u00e1g. A h\u00fcvelyek kiss\u00e9 megny\u00falt alak\u00faak, mint az eredeti fajt\u00e1\u00e9. A sk\u00f3t motorh\u00e1ztet\u0151 a vil\u00e1g egyik legforr\u00f3bb chilije, \u00e9s a habanero chili karibi megfelel\u0151je. S\u0151t, kiv\u00e9telesen tr\u00f3pusi-gy\u00fcm\u00f6lcs\u00f6s \u00edz\u00e9vel is kit\u0171nik, \u00e9s gazdag, sokoldal\u00fa \u00edzvil\u00e1got fejleszt ki, ami egyesek szerint a s\u00e1rgabarackra eml\u00e9keztet. Sajnos ez a k\u00fcl\u00f6nleges \u00edz gyakran elveszik, amikor a paprika felmelegszik vagy kisz\u00e1rad.<\/p>\n<p>Ez a chili sok naps\u00fct\u00e9st \u00e9s meleget ig\u00e9nyel, ez\u00e9rt itt nem \u00e9ri el azokat az ar\u00e1nyokat, mint \u0151shonos karibi szigetein, ahol a helyi konyha elengedhetetlen \u00f6sszetev\u0151je, sz\u00e1mos \u00e9telhez haszn\u00e1lj\u00e1k, bele\u00e9rtve a mang\u00f3- vagy a papaya sals\u00e1t. , grillezett sert\u00e9s vagy hal. Mivel a gy\u00fcm\u00f6lcs\u00f6k nagyon v\u00e9kony k\u00fcls\u0151 fal\u00faak, k\u00fcl\u00f6n\u00f6sen alkalmasak a sz\u00e1r\u00edt\u00e1sra.<\/p>\n<p>Gondoz\u00e1s: A cs\u00edr\u00e1z\u00e1si h\u0151m\u00e9rs\u00e9klet 22\u00b0C \u00e9s 28\u00b0C k\u00f6z\u00f6tt van (cs\u00edr\u00e1z\u00e1si id\u0151: 12-21 nap); ez\u00e9rt \u00fcvegh\u00e1z \u00e9s f\u0171t\u0151sz\u0151nyeg haszn\u00e1lata javasolt. A n\u00f6v\u00e9nyeknek friss, j\u00f3l tr\u00e1gy\u00e1zott, v\u00edz\u00e1tereszt\u0151 talajra van sz\u00fcks\u00e9g\u00fck, nem t\u0171rik a bevizesed\u00e9st. Napos, v\u00e9dett helyre kell helyezni, ahol legal\u00e1bb 6 \u00f3ra napf\u00e9ny \u2013 lehet\u0151leg t\u00f6bb. Mivel a n\u00f6v\u00e9nyeknek k\u00fcl\u00f6n\u00f6sen hossz\u00fa az \u00e9r\u00e9si ideje, \u00e9rdemes cser\u00e9pben termeszteni \u0151ket, \u00edgy a napk\u00f6zbeni h\u0151m\u00e9rs\u00e9klet 12\u00b0C al\u00e1 s\u00fcllyed\u00e9sekor k\u00f6nnyen be lehet vinni a n\u00f6v\u00e9nyeket, \u00edgy minden gy\u00fcm\u00f6lcs be\u00e9rik. Ahhoz, hogy a n\u00f6v\u00e9nyt t\u00e9len is meg\u0151rizze, betakar\u00edt\u00e1s ut\u00e1n v\u00e1gja vissza 20 cm-rel, \u00e9s tegye vil\u00e1gos helyre, ahol legal\u00e1bb 15\u00b0C h\u0151m\u00e9rs\u00e9klet\u0171.<\/p>\n<p>T\u00edpus Capsicum chinense<br \/>\nF\u0171szerfok 10<br \/>\nScoville 100 000 &#8211; 350 000 SHU<br \/>\nOptim\u00e1lis cs\u00edr\u00e1z\u00e1si h\u0151m\u00e9rs\u00e9klet 22 &#8211; 28 \u00b0C<br \/>\nVet\u00e9s jan-\u00e1pr<br \/>\nFeh\u00e9r vir\u00e1gok (m\u00e1jus-augusztus)<br \/>\nN\u00f6veked\u00e9si szok\u00e1sa Bokros, 60-120 cm magas<br \/>\n\u00c9rlel\u00e9s Z\u00f6ldt\u0151l barn\u00e1ig<br \/>\nGy\u00fcm\u00f6lcs megjelen\u00e9se Kerek, r\u00e1ncos, f\u00e9nyes fel\u00fclet, kb. 6 x 4 cm<br \/>\n\u00c9rlel\u00e9si id\u0151 85-100 nap<br \/>\nSz\u00e1rmaz\u00e1si hely \u00a0Karib-t\u00e9rs\u00e9g<\/p>\n<p>A csomag 10 szem magot tartalmaz<\/p>\n","protected":false},"featured_media":33225,"comment_status":"open","ping_status":"closed","template":"","meta":[],"product_brand":[],"product_cat":[8],"product_tag":[],"class_list":{"0":"post-708","1":"product","2":"type-product","3":"status-publish","4":"has-post-thumbnail","6":"product_cat-paprika","8":"first","9":"outofstock","10":"taxable","11":"shipping-taxable","12":"purchasable","13":"product-type-simple"},"_links":{"self":[{"href":"https:\/\/chilimag.hu\/webshop\/wp-json\/wp\/v2\/product\/708","targetHints":{"allow":["GET"]}}],"collection":[{"href":"https:\/\/chilimag.hu\/webshop\/wp-json\/wp\/v2\/product"}],"about":[{"href":"https:\/\/chilimag.hu\/webshop\/wp-json\/wp\/v2\/types\/product"}],"replies":[{"embeddable":true,"href":"https:\/\/chilimag.hu\/webshop\/wp-json\/wp\/v2\/comments?post=708"}],"wp:featuredmedia":[{"embeddable":true,"href":"https:\/\/chilimag.hu\/webshop\/wp-json\/wp\/v2\/media\/33225"}],"wp:attachment":[{"href":"https:\/\/chilimag.hu\/webshop\/wp-json\/wp\/v2\/media?parent=708"}],"wp:term":[{"taxonomy":"product_brand","embeddable":true,"href":"https:\/\/chilimag.hu\/webshop\/wp-json\/wp\/v2\/product_brand?post=708"},{"taxonomy":"product_cat","embeddable":true,"href":"https:\/\/chilimag.hu\/webshop\/wp-json\/wp\/v2\/product_cat?post=708"},{"taxonomy":"product_tag","embeddable":true,"href":"https:\/\/chilimag.hu\/webshop\/wp-json\/wp\/v2\/product_tag?post=708"}],"curies":[{"name":"wp","href":"https:\/\/api.w.org\/{rel}","templated":true}]}}