{"id":7041,"date":"2018-03-10T06:59:26","date_gmt":"2018-03-10T06:59:26","guid":{"rendered":"https:\/\/chilimag.hu\/webshop\/?post_type=product&#038;p=7041"},"modified":"2026-03-10T08:14:04","modified_gmt":"2026-03-10T08:14:04","slug":"gardeners-delight","status":"publish","type":"product","link":"https:\/\/chilimag.hu\/webshop\/termek\/gardeners-delight\/","title":{"rendered":"Gardener&#8217;s Delight B-S Paradicsom"},"content":{"rendered":"","protected":false},"excerpt":{"rendered":"<p><img decoding=\"async\" src=\"https:\/\/chilimag.hu\/webshop\/wp-content\/uploads\/2022\/10\/bobby-seeds-test-logo-150x150.png\" \/><\/p>\n<p>&nbsp;<\/p>\n<p>Le\u00edr\u00e1s<\/p>\n<p>A Gardeners Delight paradicsom n\u00e9pszer\u0171, rendk\u00edv\u00fcl \u00e9des \u00e9s nagyon finom kokt\u00e9lparadicsom, amely sok apr\u00f3, piros gy\u00fcm\u00f6lcs\u00f6t terem. \u00c9des-savany\u00fa \u00edz\u0171ek, sal\u00e1t\u00e1khoz \u00e9s nassolnival\u00f3khoz is alkalmasak. A h\u00e9ja reped\u00e9s\u00e1ll\u00f3, \u00edgy a paradicsom k\u00f6nnyen t\u00e1rolhat\u00f3. A n\u00f6v\u00e9nyek el\u00e9rhetik a 180 cm-es magass\u00e1got is, kar\u00f3n kell nevelni, \u00e9s rendszeresen le kell csipkedni.<\/p>\n<p>Gondoz\u00e1s: A Gardeners Delight paradicsomot h\u00e1zban, \u00fcvegh\u00e1zban vagy a szabadban termesztheti. Az optim\u00e1lis cs\u00edr\u00e1z\u00e1si h\u0151m\u00e9rs\u00e9klet 20 \u00e9s 25\u00b0C k\u00f6z\u00f6tt van, a cs\u00edr\u00e1z\u00e1s 8-14 nap ut\u00e1n k\u00f6vetkezik be. Felgyors\u00edthatja a cs\u00edr\u00e1z\u00e1si folyamatot, ha a magokat egy \u00e9jszak\u00e1n \u00e1t nedves ruh\u00e1ban hagyja \u00e1zni. V\u00e1rjon az utols\u00f3 fagy ut\u00e1n a kiv\u00e1lasztott n\u00f6v\u00e9nyek \u00fcltet\u00e9s\u00e9vel.<\/p>\n<p>A paradicsomnak friss, j\u00f3l tr\u00e1gy\u00e1zott, v\u00edz\u00e1tereszt\u0151 talajra van sz\u00fcks\u00e9ge, amelyet nedvesen (de nem nedvesen!) kell tartani. Napos, v\u00e9dett helyre \u00fcltess\u00fck, ahol legal\u00e1bb 6 \u00f3ra \u2013 lehet\u0151leg t\u00f6bb \u2013 napf\u00e9ny \u00e9ri.<\/p>\n<p>T\u00edpus Gardeners Delight Tomato<br \/>\nOptim\u00e1lis cs\u00edr\u00e1z\u00e1si h\u0151m\u00e9rs\u00e9klet 20 &#8211; 25 \u00b0C<br \/>\nVet\u00e9s febru\u00e1r-\u00e1prilis<br \/>\nCs\u00edr\u00e1z\u00e1si id\u0151 8-14 nap<br \/>\nN\u00f6v\u00e9nyn\u00f6veked\u00e9si szok\u00e1s kb. 150-180 cm magas, kar\u00f3s paradicsom<br \/>\nGy\u00fcm\u00f6lcs megjelen\u00e9se \u00e9l\u00e9nkpiros, nagyon kicsi, kerek, kokt\u00e9lparadicsom<br \/>\n\u00cdze \u00edzletes, \u00e9des<br \/>\nBetakar\u00edt\u00e1s j\u00falius k\u00f6zep\u00e9t\u0151l okt\u00f3berig<br \/>\nSz\u00e1rmaz\u00e1si Anglia<\/p>\n<p>&nbsp;<\/p>\n<p>A csomag 10 szem magot tartalmaz<\/p>\n","protected":false},"featured_media":7042,"comment_status":"closed","ping_status":"closed","template":"","meta":[],"product_brand":[],"product_cat":[10],"product_tag":[],"class_list":{"0":"post-7041","1":"product","2":"type-product","3":"status-publish","4":"has-post-thumbnail","6":"product_cat-paradicsom","8":"first","9":"instock","10":"taxable","11":"shipping-taxable","12":"purchasable","13":"product-type-simple"},"_links":{"self":[{"href":"https:\/\/chilimag.hu\/webshop\/wp-json\/wp\/v2\/product\/7041","targetHints":{"allow":["GET"]}}],"collection":[{"href":"https:\/\/chilimag.hu\/webshop\/wp-json\/wp\/v2\/product"}],"about":[{"href":"https:\/\/chilimag.hu\/webshop\/wp-json\/wp\/v2\/types\/product"}],"replies":[{"embeddable":true,"href":"https:\/\/chilimag.hu\/webshop\/wp-json\/wp\/v2\/comments?post=7041"}],"wp:featuredmedia":[{"embeddable":true,"href":"https:\/\/chilimag.hu\/webshop\/wp-json\/wp\/v2\/media\/7042"}],"wp:attachment":[{"href":"https:\/\/chilimag.hu\/webshop\/wp-json\/wp\/v2\/media?parent=7041"}],"wp:term":[{"taxonomy":"product_brand","embeddable":true,"href":"https:\/\/chilimag.hu\/webshop\/wp-json\/wp\/v2\/product_brand?post=7041"},{"taxonomy":"product_cat","embeddable":true,"href":"https:\/\/chilimag.hu\/webshop\/wp-json\/wp\/v2\/product_cat?post=7041"},{"taxonomy":"product_tag","embeddable":true,"href":"https:\/\/chilimag.hu\/webshop\/wp-json\/wp\/v2\/product_tag?post=7041"}],"curies":[{"name":"wp","href":"https:\/\/api.w.org\/{rel}","templated":true}]}}