{"id":704,"date":"2014-11-11T09:33:48","date_gmt":"2014-11-11T09:33:48","guid":{"rendered":"https:\/\/chilimag.hu\/webshop\/?post_type=product&#038;p=704"},"modified":"2026-02-19T11:06:08","modified_gmt":"2026-02-19T11:06:08","slug":"peter-pepper-yellow","status":"publish","type":"product","link":"https:\/\/chilimag.hu\/webshop\/termek\/peter-pepper-yellow\/","title":{"rendered":"Peter Pepper Yellow"},"content":{"rendered":"","protected":false},"excerpt":{"rendered":"<p><img decoding=\"async\" src=\"https:\/\/chilimag.hu\/webshop\/wp-content\/uploads\/2014\/11\/chilimag-logo-2-150x150.jpg\" \/><\/p>\n<p>Le\u00edr\u00e1s<\/p>\n<p>A Peter Pepper Yellow Chili (m\u00e1s n\u00e9ven Penis Chili) az USA-b\u00f3l sz\u00e1rmazik, \u00e9s egy szokatlan fajta, nagyon eredeti megjelen\u00e9ssel. A cs\u00edp\u0151s paprika igazi szemet gy\u00f6ny\u00f6rk\u00f6dtet\u0151 a t\u00e1ny\u00e9ron. A p\u00e1link\u00e1ba vagy ecetes savany\u00fas\u00e1g kedvelt fajt\u00e1ja, \u00e9s form\u00e1juk mindig meglepett megjelen\u00e9st k\u00f6lcs\u00f6n\u00f6z.<\/p>\n<p>Az \u00f6sszet\u00e9veszthetetlen gy\u00fcm\u00f6lcs\u00f6k (egyesek nyilv\u00e1nval\u00f3bbak, mint m\u00e1sok) z\u00f6ldt\u0151l s\u00e1rg\u00e1ig \u00e9rnek, \u00e9s el\u00e9rik a kb. 2,5 x 10 &#8211; 15 cm. A chili n\u00f6v\u00e9nyeknek sok \u00e1ga van \u00e9s bokrosak. \u00cdz\u00e9ben gy\u00fcm\u00f6lcs\u00f6s, borsos jegy, intenz\u00edv f\u0171szeress\u00e9ggel. Mindenf\u00e9le f\u0171szeres \u00e9telhez alkalmasak.<\/p>\n<p>Gondoz\u00e1sa: A cs\u00edr\u00e1z\u00e1si h\u0151m\u00e9rs\u00e9klet 22 \u00e9s 28\u00b0C k\u00f6z\u00f6tt van (8-20 napos cs\u00edr\u00e1z\u00e1si id\u0151), ez\u00e9rt \u00fcvegh\u00e1z \u00e9s f\u0171t\u0151sz\u0151nyeg haszn\u00e1lata javasolt. A n\u00f6v\u00e9nyeknek friss, j\u00f3l tr\u00e1gy\u00e1zott, v\u00edz\u00e1tereszt\u0151 talajra van sz\u00fcks\u00e9g\u00fck, nem t\u0171rik a bevizesed\u00e9st. Napos, v\u00e9dett helyre kell \u00fcltetni, ahol legal\u00e1bb 6 \u00f3ra napf\u00e9ny \u2013 lehet\u0151leg t\u00f6bb. Tedd ki a n\u00f6v\u00e9nyeket kb. 2-3 h\u00e9ttel az utols\u00f3 fagy ut\u00e1n.<\/p>\n<p>Capsicum annuum t\u00edpus<br \/>\nF\u0171szeress\u00e9gi fokozat 8-9<br \/>\nScoville 30 000 &#8211; 80 000 SHU<br \/>\noptim\u00e1lis cs\u00edr\u00e1z\u00e1si h\u0151m\u00e9rs\u00e9klet 22 &#8211; 28 \u00b0C<br \/>\nVet\u00e9s jan. &#8211; \u00e1pr.<br \/>\nVir\u00e1gok feh\u00e9rek (m\u00e1jus-j\u00falius)<br \/>\nN\u00f6v\u00e9nyn\u00f6veked\u00e9si szok\u00e1s bokros, kb. 75 cm magas<br \/>\nZ\u00f6ldt\u0151l s\u00e1rg\u00e1ig \u00e9rik<br \/>\nGy\u00fcm\u00f6lcs megjelen\u00e9se p\u00e9nisz alak\u00fa, v\u00e1ltoz\u00f3, kb. 3 x 11 cm<br \/>\n\u00c9r\u00e9si id\u0151 80-90 nap<br \/>\nSz\u00e1rmaz\u00e1sa USA<\/p>\n<p>A csomag 10 szem magot tartalmaz<\/p>\n","protected":false},"featured_media":8435,"comment_status":"open","ping_status":"closed","template":"","meta":[],"product_brand":[],"product_cat":[8],"product_tag":[],"class_list":{"0":"post-704","1":"product","2":"type-product","3":"status-publish","4":"has-post-thumbnail","6":"product_cat-paprika","8":"first","9":"outofstock","10":"taxable","11":"shipping-taxable","12":"purchasable","13":"product-type-simple"},"_links":{"self":[{"href":"https:\/\/chilimag.hu\/webshop\/wp-json\/wp\/v2\/product\/704","targetHints":{"allow":["GET"]}}],"collection":[{"href":"https:\/\/chilimag.hu\/webshop\/wp-json\/wp\/v2\/product"}],"about":[{"href":"https:\/\/chilimag.hu\/webshop\/wp-json\/wp\/v2\/types\/product"}],"replies":[{"embeddable":true,"href":"https:\/\/chilimag.hu\/webshop\/wp-json\/wp\/v2\/comments?post=704"}],"wp:featuredmedia":[{"embeddable":true,"href":"https:\/\/chilimag.hu\/webshop\/wp-json\/wp\/v2\/media\/8435"}],"wp:attachment":[{"href":"https:\/\/chilimag.hu\/webshop\/wp-json\/wp\/v2\/media?parent=704"}],"wp:term":[{"taxonomy":"product_brand","embeddable":true,"href":"https:\/\/chilimag.hu\/webshop\/wp-json\/wp\/v2\/product_brand?post=704"},{"taxonomy":"product_cat","embeddable":true,"href":"https:\/\/chilimag.hu\/webshop\/wp-json\/wp\/v2\/product_cat?post=704"},{"taxonomy":"product_tag","embeddable":true,"href":"https:\/\/chilimag.hu\/webshop\/wp-json\/wp\/v2\/product_tag?post=704"}],"curies":[{"name":"wp","href":"https:\/\/api.w.org\/{rel}","templated":true}]}}