{"id":702,"date":"2014-11-11T09:32:33","date_gmt":"2014-11-11T09:32:33","guid":{"rendered":"https:\/\/chilimag.hu\/webshop\/?post_type=product&#038;p=702"},"modified":"2026-02-25T18:41:35","modified_gmt":"2026-02-25T18:41:35","slug":"bolivian-bumpy","status":"publish","type":"product","link":"https:\/\/chilimag.hu\/webshop\/termek\/bolivian-bumpy\/","title":{"rendered":"Bolivian Bumpy"},"content":{"rendered":"","protected":false},"excerpt":{"rendered":"<p><img decoding=\"async\" src=\"https:\/\/chilimag.hu\/webshop\/wp-content\/uploads\/2014\/11\/chilimag-logo-2-150x150.jpg\" \/><\/p>\n<p>Le\u00edr\u00e1s<\/p>\n<p>A bol\u00edviai g\u00f6r\u00f6ngy\u00f6s chili a bol\u00edviai sziv\u00e1rv\u00e1ny \u00e9s a s\u00e1rga g\u00f6r\u00f6ngy\u00f6s keresztez\u0151d\u00e9s eredm\u00e9nye, \u00e9s olyan sz\u00e9p, mint egy k\u00e9p. A h\u00fcvelyek \u00e9l\u00e9nks\u00e1rg\u00e1ra \u00e9rnek, \u00e9s az \u00e9r\u00e9s fel\u00e9 haladva sz\u00e9p lil\u00e1s\/r\u00e9z \u00e1rnyalatokat mutatnak be. A h\u00fcvelynek a k\u00ednai fajt\u00e1kra jellemz\u0151, nagyon gy\u00fcm\u00f6lcs\u00f6s \u00edze \u00e9s t\u00fczes melege van. A n\u00f6v\u00e9nyek nagyon t\u00f6m\u00f6rek \u00e9s bokrosak, \u00e9s m\u00e9g egy kis cser\u00e9pben is j\u00f3l illeszkednek.<\/p>\n<p>Gondoz\u00e1s: A cs\u00edr\u00e1z\u00e1si h\u0151m\u00e9rs\u00e9klet 22\u00b0C \u00e9s 28\u00b0C k\u00f6z\u00f6tt van (cs\u00edr\u00e1z\u00e1si id\u0151: 8-21 nap); ez\u00e9rt \u00fcvegh\u00e1z \u00e9s f\u0171t\u0151sz\u0151nyeg haszn\u00e1lata javasolt. A n\u00f6v\u00e9nyeknek friss, j\u00f3l tr\u00e1gy\u00e1zott, v\u00edz\u00e1tereszt\u0151 talajra van sz\u00fcks\u00e9g\u00fck, nem t\u0171rik a bevizesed\u00e9st. Napos, v\u00e9dett helyre \u00fcltess\u00fck, ahol legal\u00e1bb 6 \u00f3ra \u2013 lehet\u0151leg t\u00f6bb \u2013 napf\u00e9ny \u00e9ri. Tedd ki a n\u00f6v\u00e9nyeket kb. 2-3 h\u00e9ttel az utols\u00f3 fagy ut\u00e1n. Mivel a n\u00f6v\u00e9nyeknek k\u00fcl\u00f6n\u00f6sen hossz\u00fa az \u00e9r\u00e9si ideje, \u00e9rdemes cser\u00e9pben termeszteni \u0151ket, \u00edgy a napk\u00f6zbeni h\u0151m\u00e9rs\u00e9klet 12\u00b0C al\u00e1 s\u00fcllyed\u00e9sekor k\u00f6nnyen be lehet vinni a n\u00f6v\u00e9nyt, \u00edgy minden gy\u00fcm\u00f6lcs be\u00e9rik. Ahhoz, hogy a n\u00f6v\u00e9nyt t\u00e9len is meg\u0151rizze, betakar\u00edt\u00e1s ut\u00e1n v\u00e1gja vissza 20 cm-rel, \u00e9s tegye vil\u00e1gos helyre, ahol legal\u00e1bb 15\u00b0C h\u0151m\u00e9rs\u00e9klet\u0171.<\/p>\n<p>T\u00edpus: Capsicum chinense<br \/>\nF\u0171szerszint 9<br \/>\nScoville 100 000 SHU<br \/>\nOptim\u00e1lis cs\u00edr\u00e1z\u00e1si h\u0151m\u00e9rs\u00e9klet 22 &#8211; 28 \u00b0C<br \/>\nVet\u00e9s jan-\u00e1pr<br \/>\nFeh\u00e9r vir\u00e1gok (j\u00fanius-aug.)<br \/>\nN\u00f6veked\u00e9si szok\u00e1s bokros, kb. 80-100 cm magas<br \/>\n\u00c9rlel\u00e9s z\u00f6ldr\u0151l s\u00e1rg\u00e1ra lil\u00e1s\/r\u00e9z t\u00f3nusokkal<br \/>\nGy\u00fcm\u00f6lcs megjelen\u00e9se L\u00e1mp\u00e1s alak\u00fa, 3 x 4 cm<br \/>\n\u00c9rlel\u00e9si id\u0151 100 nap<br \/>\nSz\u00e1rmaz\u00e1si hely Bol\u00edvia<\/p>\n<p>A csomag 10 szem magot tartalmaz<\/p>\n","protected":false},"featured_media":703,"comment_status":"open","ping_status":"closed","template":"","meta":[],"product_brand":[],"product_cat":[8],"product_tag":[],"class_list":{"0":"post-702","1":"product","2":"type-product","3":"status-publish","4":"has-post-thumbnail","6":"product_cat-paprika","8":"first","9":"instock","10":"taxable","11":"shipping-taxable","12":"purchasable","13":"product-type-simple"},"_links":{"self":[{"href":"https:\/\/chilimag.hu\/webshop\/wp-json\/wp\/v2\/product\/702","targetHints":{"allow":["GET"]}}],"collection":[{"href":"https:\/\/chilimag.hu\/webshop\/wp-json\/wp\/v2\/product"}],"about":[{"href":"https:\/\/chilimag.hu\/webshop\/wp-json\/wp\/v2\/types\/product"}],"replies":[{"embeddable":true,"href":"https:\/\/chilimag.hu\/webshop\/wp-json\/wp\/v2\/comments?post=702"}],"wp:featuredmedia":[{"embeddable":true,"href":"https:\/\/chilimag.hu\/webshop\/wp-json\/wp\/v2\/media\/703"}],"wp:attachment":[{"href":"https:\/\/chilimag.hu\/webshop\/wp-json\/wp\/v2\/media?parent=702"}],"wp:term":[{"taxonomy":"product_brand","embeddable":true,"href":"https:\/\/chilimag.hu\/webshop\/wp-json\/wp\/v2\/product_brand?post=702"},{"taxonomy":"product_cat","embeddable":true,"href":"https:\/\/chilimag.hu\/webshop\/wp-json\/wp\/v2\/product_cat?post=702"},{"taxonomy":"product_tag","embeddable":true,"href":"https:\/\/chilimag.hu\/webshop\/wp-json\/wp\/v2\/product_tag?post=702"}],"curies":[{"name":"wp","href":"https:\/\/api.w.org\/{rel}","templated":true}]}}