{"id":6033,"date":"2017-11-09T09:11:52","date_gmt":"2017-11-09T09:11:52","guid":{"rendered":"https:\/\/chilimag.hu\/webshop\/?post_type=product&#038;p=6033"},"modified":"2023-02-04T09:56:12","modified_gmt":"2023-02-04T09:56:12","slug":"gardena-cs-vagogereblye-36cm","status":"publish","type":"product","link":"https:\/\/chilimag.hu\/webshop\/termek\/gardena-cs-vagogereblye-36cm\/","title":{"rendered":"GARDENA CS-V\u00e1g\u00f3gereblye 36cm"},"content":{"rendered":"<div class=\"quantity\"><\/div>\n<div class=\"stock-container\"><\/div>\n<div class=\"product-description\">\n<p>A sokoldal\u00fa GARDENA combisystem v\u00e1g\u00f3gereblye k\u00e9t k\u00fcl\u00f6nb\u00f6z\u0151 fogaz\u00e1s\u00e1nak k\u00f6sz\u00f6nhet\u0151en k\u00e9t szersz\u00e1mmal is fel\u00e9r. Az egyik oldal\u00e1n tal\u00e1lhat\u00f3 hegyes fogakkal n\u00e9h\u00e1ny millim\u00e9ternyire a talajba hatolva 35 cm munkasz\u00e9less\u00e9gben k\u00e9pes elt\u00e1vol\u00edtani a moh\u00e1t \u00e9s az elfilcesedett f\u00fcvet. A gerebly\u00e9t megford\u00edtva, a lekerek\u00edtett, s\u0171r\u0171 fogazat levelek, szem\u00e9t \u00e9s k\u00f6vek \u00f6sszegerebly\u00e9z\u00e9s\u00e9hez haszn\u00e1lhat\u00f3. A sajtolt, horganyzott fogak korr\u00f3zi\u00f3\u00e1ll\u00f3ak. A v\u00e1g\u00f3gereblye b\u00e1rmely GARDENA combisystem ny\u00e9lre felhelyezhet\u0151; a GARDENA a 180 cm-es nyelet javasolja, testmagass\u00e1gt\u00f3l f\u00fcgg\u0151en. A garanciaid\u0151 25 \u00e9v.<\/p>\n<p>&nbsp;<\/p>\n<p>Munkasz\u00e9less\u00e9g 35 cm \/ 13,78 coll<\/p>\n<\/div>\n","protected":false},"excerpt":{"rendered":"<div class=\"weight\">Term\u00e9k s\u00falya: 0.98 kg<\/div>\n<div class=\"stock-container\">\n<div class=\"topstock\"><\/div>\n<div class=\"stock-info\">\n<div class=\"green\">Sz\u00e1ll\u00edt\u00e1si id\u0151: 48 \u00f3r\u00e1n bel\u00fcl<\/div>\n<\/div>\n<\/div>\n","protected":false},"featured_media":6034,"comment_status":"closed","ping_status":"closed","template":"","meta":[],"product_brand":[],"product_cat":[343],"product_tag":[],"class_list":{"0":"post-6033","1":"product","2":"type-product","3":"status-publish","4":"has-post-thumbnail","6":"product_cat-akciok","8":"first","9":"instock","10":"sale","11":"taxable","12":"shipping-taxable","13":"purchasable","14":"product-type-simple"},"_links":{"self":[{"href":"https:\/\/chilimag.hu\/webshop\/wp-json\/wp\/v2\/product\/6033","targetHints":{"allow":["GET"]}}],"collection":[{"href":"https:\/\/chilimag.hu\/webshop\/wp-json\/wp\/v2\/product"}],"about":[{"href":"https:\/\/chilimag.hu\/webshop\/wp-json\/wp\/v2\/types\/product"}],"replies":[{"embeddable":true,"href":"https:\/\/chilimag.hu\/webshop\/wp-json\/wp\/v2\/comments?post=6033"}],"wp:featuredmedia":[{"embeddable":true,"href":"https:\/\/chilimag.hu\/webshop\/wp-json\/wp\/v2\/media\/6034"}],"wp:attachment":[{"href":"https:\/\/chilimag.hu\/webshop\/wp-json\/wp\/v2\/media?parent=6033"}],"wp:term":[{"taxonomy":"product_brand","embeddable":true,"href":"https:\/\/chilimag.hu\/webshop\/wp-json\/wp\/v2\/product_brand?post=6033"},{"taxonomy":"product_cat","embeddable":true,"href":"https:\/\/chilimag.hu\/webshop\/wp-json\/wp\/v2\/product_cat?post=6033"},{"taxonomy":"product_tag","embeddable":true,"href":"https:\/\/chilimag.hu\/webshop\/wp-json\/wp\/v2\/product_tag?post=6033"}],"curies":[{"name":"wp","href":"https:\/\/api.w.org\/{rel}","templated":true}]}}