{"id":5981,"date":"2017-11-09T08:42:34","date_gmt":"2017-11-09T08:42:34","guid":{"rendered":"https:\/\/chilimag.hu\/webshop\/?post_type=product&#038;p=5981"},"modified":"2023-01-29T11:23:54","modified_gmt":"2023-01-29T11:23:54","slug":"gardena-cs-ereszcsatorna-tisztito","status":"publish","type":"product","link":"https:\/\/chilimag.hu\/webshop\/termek\/gardena-cs-ereszcsatorna-tisztito\/","title":{"rendered":"GARDENA CS-Ereszcsatorna Tiszt\u00edt\u00f3"},"content":{"rendered":"<div class=\"stock-container\"><\/div>\n<div class=\"product-description\">\n<p>A GARDENA combisystem ereszcsatorna-tiszt\u00edt\u00f3 seg\u00edts\u00e9g\u00e9vel k\u00f6nnyen tiszt\u00edthat\u00f3k \u00e9s \u00fcr\u00edthet\u0151k ki az ereszcsatorn\u00e1k. Az egyik oldal\u00e1n er\u0151s s\u00f6rt\u00e9zettel, a m\u00e1sikon min\u0151s\u00e9gi m\u0171anyagb\u00f3l k\u00e9sz\u00fclt kapar\u00f3val rendelkez\u0151 eszk\u00f6zzel hat\u00e9kony munka v\u00e9gezhet\u0151 optim\u00e1lis tiszt\u00edt\u00e1si eredm\u00e9nnyel. Az ereszcsatorna k\u00e9nyelmes hozz\u00e1f\u00e9r\u00e9se \u00e9rdek\u00e9ben a fokozatmentesen \u00e1ll\u00edthat\u00f3 csukl\u00f3s k\u00f6zdarab seg\u00edts\u00e9g\u00e9vel m\u00f3dos\u00edthat\u00f3 az eszk\u00f6z munkasz\u00f6ge. Az ereszcsatorna-tiszt\u00edt\u00f3 valamennyi GARDENA combisystem ny\u00e9lre felhelyezhet\u0151; a GARDENA a combisystem teleszk\u00f3prudak haszn\u00e1lat\u00e1t javasolja 5 m\u00e9ter k\u00f6r\u00fcli magass\u00e1gig. A garanciaid\u0151 25 \u00e9v.<\/p>\n<\/div>\n","protected":false},"excerpt":{"rendered":"<div class=\"quantity\"><\/div>\n<div class=\"weight\">Term\u00e9k s\u00falya: 0.36 kg<\/div>\n<div class=\"stock-container\">\n<div class=\"topstock\"><\/div>\n<div class=\"stock-info\">\n<div class=\"green\">Sz\u00e1ll\u00edt\u00e1si id\u0151: 48 \u00f3r\u00e1n bel\u00fcl<\/div>\n<\/div>\n<\/div>\n","protected":false},"featured_media":5982,"comment_status":"closed","ping_status":"closed","template":"","meta":[],"product_brand":[],"product_cat":[343],"product_tag":[],"class_list":{"0":"post-5981","1":"product","2":"type-product","3":"status-publish","4":"has-post-thumbnail","6":"product_cat-akciok","8":"first","9":"instock","10":"sale","11":"taxable","12":"shipping-taxable","13":"purchasable","14":"product-type-simple"},"_links":{"self":[{"href":"https:\/\/chilimag.hu\/webshop\/wp-json\/wp\/v2\/product\/5981","targetHints":{"allow":["GET"]}}],"collection":[{"href":"https:\/\/chilimag.hu\/webshop\/wp-json\/wp\/v2\/product"}],"about":[{"href":"https:\/\/chilimag.hu\/webshop\/wp-json\/wp\/v2\/types\/product"}],"replies":[{"embeddable":true,"href":"https:\/\/chilimag.hu\/webshop\/wp-json\/wp\/v2\/comments?post=5981"}],"wp:featuredmedia":[{"embeddable":true,"href":"https:\/\/chilimag.hu\/webshop\/wp-json\/wp\/v2\/media\/5982"}],"wp:attachment":[{"href":"https:\/\/chilimag.hu\/webshop\/wp-json\/wp\/v2\/media?parent=5981"}],"wp:term":[{"taxonomy":"product_brand","embeddable":true,"href":"https:\/\/chilimag.hu\/webshop\/wp-json\/wp\/v2\/product_brand?post=5981"},{"taxonomy":"product_cat","embeddable":true,"href":"https:\/\/chilimag.hu\/webshop\/wp-json\/wp\/v2\/product_cat?post=5981"},{"taxonomy":"product_tag","embeddable":true,"href":"https:\/\/chilimag.hu\/webshop\/wp-json\/wp\/v2\/product_tag?post=5981"}],"curies":[{"name":"wp","href":"https:\/\/api.w.org\/{rel}","templated":true}]}}