{"id":5917,"date":"2017-11-08T09:02:26","date_gmt":"2017-11-08T09:02:26","guid":{"rendered":"https:\/\/chilimag.hu\/webshop\/?post_type=product&#038;p=5917"},"modified":"2025-10-11T14:02:11","modified_gmt":"2025-10-11T14:02:11","slug":"gardena-cs-keretes-furesz","status":"publish","type":"product","link":"https:\/\/chilimag.hu\/webshop\/termek\/gardena-cs-keretes-furesz\/","title":{"rendered":"GARDENA CS-Keretes F\u0171r\u00e9sz"},"content":{"rendered":"<div class=\"quantity\"><\/div>\n<div class=\"stock-container\"><\/div>\n<div class=\"product-description\">\n<p>A GARDENA combisystem keretes f\u0171r\u00e9sz hagyom\u00e1nyos k\u00e9zi f\u0171r\u00e9szk\u00e9nt, illetve combisystem ny\u00e9llel meghosszabb\u00edtva is haszn\u00e1lhat\u00f3. K\u00f6nnyed\u00e9n f\u0171r\u00e9szelhet vele kb. 5 m\u00e9teres magass\u00e1gig. A f\u0171r\u00e9szlap 360\u00b0-kal elford\u00edthat\u00f3, kellemess\u00e9 t\u00e9ve a munk\u00e1t. A f\u0171r\u00e9szlap elfordul\u00e1s\u00e1t megakad\u00e1lyoz\u00f3 z\u00e1r a keretes f\u0171r\u00e9sz biztons\u00e1gos haszn\u00e1lat\u00e1t teszi lehet\u0151v\u00e9. Az edzett ac\u00e9lb\u00f3l k\u00e9sz\u00fcl\u0151, prec\u00edzi\u00f3s fogazattal ell\u00e1tott f\u0171r\u00e9szlap hossza 350 mm. A lap feszess\u00e9ge k\u00f6nnyed\u00e9n \u00e1ll\u00edthat\u00f3, az erre szolg\u00e1l\u00f3 alkatr\u00e9szek rozsda\u00e1ll\u00f3 anyagb\u00f3l k\u00e9sz\u00fclnek, ak\u00e1rcsak a f\u0171r\u00e9sz kerete. A garanciaid\u0151 25 \u00e9v.<\/p>\n<p>&nbsp;<\/p>\n<p>&nbsp;<\/p>\n<table>\n<tbody>\n<tr>\n<th scope=\"row\">K\u00e9s hossza<\/th>\n<td>\u00a0350 mm \/ 13,78 coll<\/td>\n<\/tr>\n<tr>\n<th scope=\"row\">Fogazat<\/th>\n<td>\u00a0Keresztfogaz\u00e1s\u00fa, Roncsol\u00e1smentes v\u00e1g\u00e1st biztos\u00edt\u00f3 fogazat<\/td>\n<\/tr>\n<\/tbody>\n<\/table>\n<\/div>\n","protected":false},"excerpt":{"rendered":"<div class=\"weight\">Term\u00e9k s\u00falya: 0.93 kg<\/div>\n<div class=\"stock-container\">\n<div class=\"topstock\"><\/div>\n<div class=\"stock-info\">\n<div class=\"green\">Sz\u00e1ll\u00edt\u00e1si id\u0151: 48 \u00f3r\u00e1n bel\u00fcl<\/div>\n<\/div>\n<\/div>\n","protected":false},"featured_media":5918,"comment_status":"closed","ping_status":"closed","template":"","meta":[],"product_brand":[],"product_cat":[343],"product_tag":[],"class_list":{"0":"post-5917","1":"product","2":"type-product","3":"status-publish","4":"has-post-thumbnail","6":"product_cat-akciok","8":"first","9":"instock","10":"sale","11":"taxable","12":"shipping-taxable","13":"purchasable","14":"product-type-simple"},"_links":{"self":[{"href":"https:\/\/chilimag.hu\/webshop\/wp-json\/wp\/v2\/product\/5917","targetHints":{"allow":["GET"]}}],"collection":[{"href":"https:\/\/chilimag.hu\/webshop\/wp-json\/wp\/v2\/product"}],"about":[{"href":"https:\/\/chilimag.hu\/webshop\/wp-json\/wp\/v2\/types\/product"}],"replies":[{"embeddable":true,"href":"https:\/\/chilimag.hu\/webshop\/wp-json\/wp\/v2\/comments?post=5917"}],"wp:featuredmedia":[{"embeddable":true,"href":"https:\/\/chilimag.hu\/webshop\/wp-json\/wp\/v2\/media\/5918"}],"wp:attachment":[{"href":"https:\/\/chilimag.hu\/webshop\/wp-json\/wp\/v2\/media?parent=5917"}],"wp:term":[{"taxonomy":"product_brand","embeddable":true,"href":"https:\/\/chilimag.hu\/webshop\/wp-json\/wp\/v2\/product_brand?post=5917"},{"taxonomy":"product_cat","embeddable":true,"href":"https:\/\/chilimag.hu\/webshop\/wp-json\/wp\/v2\/product_cat?post=5917"},{"taxonomy":"product_tag","embeddable":true,"href":"https:\/\/chilimag.hu\/webshop\/wp-json\/wp\/v2\/product_tag?post=5917"}],"curies":[{"name":"wp","href":"https:\/\/api.w.org\/{rel}","templated":true}]}}