{"id":5135,"date":"2017-10-28T14:46:17","date_gmt":"2017-10-28T14:46:17","guid":{"rendered":"https:\/\/chilimag.hu\/webshop\/?post_type=product&#038;p=5135"},"modified":"2023-02-04T07:17:25","modified_gmt":"2023-02-04T07:17:25","slug":"gardena-classic-suhano-funyiro-400","status":"publish","type":"product","link":"https:\/\/chilimag.hu\/webshop\/termek\/gardena-classic-suhano-funyiro-400\/","title":{"rendered":"GARDENA Classic suhan\u00f3 f\u0171ny\u00edr\u00f3 400"},"content":{"rendered":"","protected":false},"excerpt":{"rendered":"<div class=\"weight\">Term\u00e9k s\u00falya: 10.09 kg<\/div>\n<div class=\"stock-container\">\n<div class=\"topstock\"><\/div>\n<div class=\"stock-info\">\n<div class=\"green\">Sz\u00e1ll\u00edt\u00e1si id\u0151: 48 \u00f3r\u00e1n bel\u00fcl<\/div>\n<div><\/div>\n<\/div>\n<\/div>\n<div class=\"product-description\">\n<p>A k\u00f6rnyezetbar\u00e1t GARDENA 400 suhan\u00f3 f\u0171ny\u00edr\u00f3 elektromos energia n\u00e9lk\u00fcl m\u0171k\u00f6dik. Az alapelv egyszer\u0171: mik\u00f6zben tolja, a k\u00e9shenger \u00e9s az als\u00f3 k\u00e9s egym\u00e1s \u00e9rint\u00e9se n\u00e9lk\u00fcl mozog. Mintha csak oll\u00f3t haszn\u00e1lna: a f\u0171ny\u00edr\u00f3 felemeli a f\u0171sz\u00e1lat, majd elv\u00e1gja azt. Mivel a k\u00e9shenger \u00e9s az als\u00f3 k\u00e9s nem \u00e9rnek egym\u00e1shoz, a f\u0171ny\u00edr\u00f3 k\u00f6nnyen tolhat\u00f3, a munka kellemes \u00e9s csaknem zajmentes. A nemesac\u00e9lb\u00f3l k\u00e9sz\u00fclt edzett, tapad\u00e1smentes k\u00e9shenger \u00e9s a csiszolt als\u00f3k\u00e9s tiszta, pontos v\u00e1g\u00e1st biztos\u00edt. A speci\u00e1lis bord\u00e1zat\u00fa, nagy kerekek j\u00f3volt\u00e1b\u00f3l egyszer\u0171bb a f\u0171ny\u00edr\u00f3 ir\u00e1ny\u00edt\u00e1sa, \u00e9s jobb a tapad\u00e1s a f\u00fcv\u00f6n. A k\u00edv\u00e1nt v\u00e1g\u00e1si magass\u00e1g 4 fokozatban k\u00f6nnyen be\u00e1ll\u00edthat\u00f3. A sk\u00e1la a g\u00e9p mindk\u00e9t oldal\u00e1n j\u00f3l olvashat\u00f3. A helytakar\u00e9kos t\u00e1rol\u00e1s \u00e9s az egyszer\u0171 sz\u00e1ll\u00edt\u00e1s \u00e9rdek\u00e9ben a tol\u00f3kengyel sz\u00e9tszedhet\u0151.<\/p>\n<p>&nbsp;<\/p>\n<p><strong>Kapacit\u00e1s<\/strong><\/p>\n<table>\n<tbody>\n<tr>\n<th class=\"techdata-group\" colspan=\"2\"><\/th>\n<\/tr>\n<tr>\n<th scope=\"row\">V\u00e1g\u00e1si sz\u00e9less\u00e9g<\/th>\n<td>\u00a040 cm \/ 15,75 coll<\/td>\n<\/tr>\n<tr>\n<th scope=\"row\">V\u00e1g\u00e1si magass\u00e1g, min-max<\/th>\n<td>\u00a012 &#8211; 42 mm \/ 0,47 &#8211; 1,65 coll<\/td>\n<\/tr>\n<tr>\n<th scope=\"row\">Maxim\u00e1lis munkater\u00fclet<\/th>\n<td>\u00a0200 m\u00b2 +\/-20% \/ 0,05 hold +\/-20%<\/td>\n<\/tr>\n<tr>\n<th class=\"techdata-group\" colspan=\"2\">&nbsp;<\/p>\n<p>M\u00e9retek<\/th>\n<\/tr>\n<tr>\n<th scope=\"row\">S\u00faly<\/th>\n<td>\u00a08,9 kg \/ 19,62 font<\/td>\n<\/tr>\n<\/tbody>\n<\/table>\n<\/div>\n","protected":false},"featured_media":5136,"comment_status":"closed","ping_status":"closed","template":"","meta":[],"product_brand":[],"product_cat":[343],"product_tag":[],"class_list":{"0":"post-5135","1":"product","2":"type-product","3":"status-publish","4":"has-post-thumbnail","6":"product_cat-akciok","8":"first","9":"instock","10":"sale","11":"taxable","12":"shipping-taxable","13":"purchasable","14":"product-type-simple"},"_links":{"self":[{"href":"https:\/\/chilimag.hu\/webshop\/wp-json\/wp\/v2\/product\/5135","targetHints":{"allow":["GET"]}}],"collection":[{"href":"https:\/\/chilimag.hu\/webshop\/wp-json\/wp\/v2\/product"}],"about":[{"href":"https:\/\/chilimag.hu\/webshop\/wp-json\/wp\/v2\/types\/product"}],"replies":[{"embeddable":true,"href":"https:\/\/chilimag.hu\/webshop\/wp-json\/wp\/v2\/comments?post=5135"}],"wp:featuredmedia":[{"embeddable":true,"href":"https:\/\/chilimag.hu\/webshop\/wp-json\/wp\/v2\/media\/5136"}],"wp:attachment":[{"href":"https:\/\/chilimag.hu\/webshop\/wp-json\/wp\/v2\/media?parent=5135"}],"wp:term":[{"taxonomy":"product_brand","embeddable":true,"href":"https:\/\/chilimag.hu\/webshop\/wp-json\/wp\/v2\/product_brand?post=5135"},{"taxonomy":"product_cat","embeddable":true,"href":"https:\/\/chilimag.hu\/webshop\/wp-json\/wp\/v2\/product_cat?post=5135"},{"taxonomy":"product_tag","embeddable":true,"href":"https:\/\/chilimag.hu\/webshop\/wp-json\/wp\/v2\/product_tag?post=5135"}],"curies":[{"name":"wp","href":"https:\/\/api.w.org\/{rel}","templated":true}]}}