{"id":41442,"date":"2026-04-30T05:43:11","date_gmt":"2026-04-30T05:43:11","guid":{"rendered":"https:\/\/chilimag.hu\/webshop\/?post_type=product&#038;p=41442"},"modified":"2026-04-30T05:43:11","modified_gmt":"2026-04-30T05:43:11","slug":"kompost-activator-1l-ow-sl","status":"publish","type":"product","link":"https:\/\/chilimag.hu\/webshop\/termek\/kompost-activator-1l-ow-sl\/","title":{"rendered":"Kompost Activ\u00e1tor 1L OW SL"},"content":{"rendered":"","protected":false},"excerpt":{"rendered":"<p><img decoding=\"async\" class=\"\" src=\"https:\/\/b2b.seklos.lt\/img\/m\/53-medium_default.jpg\" alt=\"\" width=\"150\" height=\"150\" \/><\/p>\n<h3>Term\u00e9kle\u00edr\u00e1s<\/h3>\n<p>KOMPOSZTAKTIV\u00c1TOR<br \/>\nC\u00e9lja. Koncentr\u00e1lt mikrobiol\u00f3giai term\u00e9k n\u00f6v\u00e9nyi eredet\u0171 anyagok feldolgoz\u00e1s\u00e1ra \u00e9s a boml\u00e1si, valamint komposzt\u00e1l\u00e1si folyamat felgyors\u00edt\u00e1s\u00e1ra. A term\u00e9k ak\u00e1r t\u00edzszeres\u00e9re is felgyors\u00edtja a komposzt\u00e1l\u00e1si folyamatot, megsz\u00fcnteti a komposzthalom kellemetlen szag\u00e1t, \u00e9s seg\u00edt kiv\u00e1l\u00f3 min\u0151s\u00e9g\u0171 szerves tr\u00e1gy\u00e1k el\u0151\u00e1ll\u00edt\u00e1s\u00e1ban a gazdas\u00e1g sz\u00e1m\u00e1ra. A term\u00e9k szabadalmaztatott mikroorganizmusokb\u00f3l k\u00e9sz\u00fcl, \u00e9s \u00f6kol\u00f3giai tan\u00fas\u00edtv\u00e1nnyal rendelkezik. Haszn\u00e1lat. Haszn\u00e1ljon 150 ml komposztaktiv\u00e1tort minden 1 m3 friss n\u00f6v\u00e9nyi t\u00f6meghez. Egyenletesen ter\u00edtse el \u00e9s \u00f6nt\u00f6zze meg. Tartsa a komposzthalomot folyamatosan nedvesen. Az \u00faj n\u00f6v\u00e9nyi t\u00f6meg hozz\u00e1ad\u00e1sa ut\u00e1n a folyamatot meg kell ism\u00e9telni. \u00c1ssa ki vagy ragassza le a komposzthalomot, hogy a leveg\u0151 bejuthasson. A legmagasabb komposztmin\u0151s\u00e9get a f\u00e1s \u00e1gak \u00e9s a puha z\u00f6ld t\u00f6meg 1:5 ar\u00e1ny\u00fa \u00f6sszekever\u00e9s\u00e9vel \u00e9rheti el. Javasoljuk, hogy a komposzthalomot letakarja, hogy megakad\u00e1lyozza a v\u00edz elp\u00e1rolg\u00e1s\u00e1t \u00e9s fenntartsa a halom term\u00e9szetes magas h\u0151m\u00e9rs\u00e9klet\u00e9t. \u00d6sszet\u00e9tel. Pir\u00edtott kukorica, kukoricacs\u0151, szepiolit, b\u00fazakorpa, pir\u00edtott sz\u00f3ja, Lactobacillus Farciminis CNCM-I-3699 \u00e9s Lactobacillus Rhamnosus CNCM-I-3698 bakt\u00e9riumok. Az \u00e1llati mell\u00e9kterm\u00e9kek nem alkalmasak komposzt el\u0151\u00e1ll\u00edt\u00e1s\u00e1ra! A term\u00e9k alkalmas \u00f6kol\u00f3giai termel\u00e9sben val\u00f3 felhaszn\u00e1l\u00e1sra a 834\/2007\/EK tan\u00e1csi rendelet \u00e9s a 889\/2008\/EK bizotts\u00e1gi rendelet k\u00f6vetelm\u00e9nyeivel \u00f6sszhangban. \u00d3vint\u00e9zked\u00e9sekre vonatkoz\u00f3 mondatok. A term\u00e9kkel val\u00f3 munka sor\u00e1n k\u00f6vesse az \u00e1ltal\u00e1nos higi\u00e9niai k\u00f6vetelm\u00e9nyeket. Gyermekekt\u0151l elz\u00e1rva tartand\u00f3. +5 \u00e9s +25 \u00b0C k\u00f6z\u00f6tt t\u00e1roland\u00f3. Szembe vagy b\u0151rre ker\u00fcl\u00e9s eset\u00e9n alaposan \u00f6bl\u00edtse ki v\u00edzzel. Lenyel\u00e9s eset\u00e9n \u00f6bl\u00edtse ki a sz\u00e1j\u00e1t, ha rosszul \u00e9rzi mag\u00e1t, forduljon orvoshoz. Az \u00fcres csomagol\u00e1st \u00e9s a term\u00e9kmaradv\u00e1nyokat a helyi el\u0151\u00edr\u00e1soknak megfelel\u0151en \u00e1rtalmatlan\u00edtsa. T\u00e9rfogat: 1 l.<\/p>\n<p>\u0170rtartalom: 1 l<br \/>\nM\u0171tr\u00e1gya t\u00edpusa: Foly\u00e9kony<br \/>\nM\u0171tr\u00e1gya szezonalit\u00e1sa: \u0150szi tr\u00e1gy\u00e1z\u00e1s, Ny\u00e1ri tr\u00e1gy\u00e1z\u00e1s<\/p>\n<p>Kiszerel\u00e9s 1L<\/p>\n<p>&nbsp;<\/p>\n","protected":false},"featured_media":41443,"comment_status":"closed","ping_status":"closed","template":"","meta":[],"product_brand":[],"product_cat":[387],"product_tag":[],"class_list":{"0":"post-41442","1":"product","2":"type-product","3":"status-publish","4":"has-post-thumbnail","6":"product_cat-organic-way-tapoldatok-es-noveny-apolok","8":"first","9":"instock","10":"taxable","11":"shipping-taxable","12":"purchasable","13":"product-type-simple"},"_links":{"self":[{"href":"https:\/\/chilimag.hu\/webshop\/wp-json\/wp\/v2\/product\/41442","targetHints":{"allow":["GET"]}}],"collection":[{"href":"https:\/\/chilimag.hu\/webshop\/wp-json\/wp\/v2\/product"}],"about":[{"href":"https:\/\/chilimag.hu\/webshop\/wp-json\/wp\/v2\/types\/product"}],"replies":[{"embeddable":true,"href":"https:\/\/chilimag.hu\/webshop\/wp-json\/wp\/v2\/comments?post=41442"}],"wp:featuredmedia":[{"embeddable":true,"href":"https:\/\/chilimag.hu\/webshop\/wp-json\/wp\/v2\/media\/41443"}],"wp:attachment":[{"href":"https:\/\/chilimag.hu\/webshop\/wp-json\/wp\/v2\/media?parent=41442"}],"wp:term":[{"taxonomy":"product_brand","embeddable":true,"href":"https:\/\/chilimag.hu\/webshop\/wp-json\/wp\/v2\/product_brand?post=41442"},{"taxonomy":"product_cat","embeddable":true,"href":"https:\/\/chilimag.hu\/webshop\/wp-json\/wp\/v2\/product_cat?post=41442"},{"taxonomy":"product_tag","embeddable":true,"href":"https:\/\/chilimag.hu\/webshop\/wp-json\/wp\/v2\/product_tag?post=41442"}],"curies":[{"name":"wp","href":"https:\/\/api.w.org\/{rel}","templated":true}]}}