{"id":41245,"date":"2026-04-11T15:57:17","date_gmt":"2026-04-11T15:57:17","guid":{"rendered":"https:\/\/chilimag.hu\/webshop\/?post_type=product&#038;p=41245"},"modified":"2026-04-11T15:57:17","modified_gmt":"2026-04-11T15:57:17","slug":"cipotisztito-es-szennyfogo-talca-60-x-40-cm-rb188","status":"publish","type":"product","link":"https:\/\/chilimag.hu\/webshop\/termek\/cipotisztito-es-szennyfogo-talca-60-x-40-cm-rb188\/","title":{"rendered":"Cip\u0151tiszt\u00edt\u00f3 \u00e9s szennyfog\u00f3 t\u00e1lca, 60 x 40 cm (RB188)"},"content":{"rendered":"","protected":false},"excerpt":{"rendered":"<p>Gumib\u00f3l \u00e9s k\u00f3kuszrostb\u00f3l k\u00e9sz\u00fclt cip\u0151tiszt\u00edt\u00f3 \u00e9s szennyfog\u00f3 t\u00e1lca egyben.<\/p>\n<p>M\u00e9rete: vastags\u00e1g: 4 cm, sz\u00e9less\u00e9g. 60 cm, m\u00e9lys\u00e9g: 40 cm<\/p>\n","protected":false},"featured_media":41246,"comment_status":"closed","ping_status":"closed","template":"","meta":[],"product_brand":[],"product_cat":[342],"product_tag":[],"class_list":{"0":"post-41245","1":"product","2":"type-product","3":"status-publish","4":"has-post-thumbnail","6":"product_cat-egyeb-kerti-termekek","8":"first","9":"instock","10":"taxable","11":"shipping-taxable","12":"purchasable","13":"product-type-simple"},"_links":{"self":[{"href":"https:\/\/chilimag.hu\/webshop\/wp-json\/wp\/v2\/product\/41245","targetHints":{"allow":["GET"]}}],"collection":[{"href":"https:\/\/chilimag.hu\/webshop\/wp-json\/wp\/v2\/product"}],"about":[{"href":"https:\/\/chilimag.hu\/webshop\/wp-json\/wp\/v2\/types\/product"}],"replies":[{"embeddable":true,"href":"https:\/\/chilimag.hu\/webshop\/wp-json\/wp\/v2\/comments?post=41245"}],"wp:featuredmedia":[{"embeddable":true,"href":"https:\/\/chilimag.hu\/webshop\/wp-json\/wp\/v2\/media\/41246"}],"wp:attachment":[{"href":"https:\/\/chilimag.hu\/webshop\/wp-json\/wp\/v2\/media?parent=41245"}],"wp:term":[{"taxonomy":"product_brand","embeddable":true,"href":"https:\/\/chilimag.hu\/webshop\/wp-json\/wp\/v2\/product_brand?post=41245"},{"taxonomy":"product_cat","embeddable":true,"href":"https:\/\/chilimag.hu\/webshop\/wp-json\/wp\/v2\/product_cat?post=41245"},{"taxonomy":"product_tag","embeddable":true,"href":"https:\/\/chilimag.hu\/webshop\/wp-json\/wp\/v2\/product_tag?post=41245"}],"curies":[{"name":"wp","href":"https:\/\/api.w.org\/{rel}","templated":true}]}}