{"id":41106,"date":"2026-03-25T11:48:20","date_gmt":"2026-03-25T11:48:20","guid":{"rendered":"https:\/\/chilimag.hu\/webshop\/?post_type=product&#038;p=41106"},"modified":"2026-03-25T11:48:20","modified_gmt":"2026-03-25T11:48:20","slug":"florimo-tapoldat-fenyo-es-orokzold-1000ml","status":"publish","type":"product","link":"https:\/\/chilimag.hu\/webshop\/termek\/florimo-tapoldat-fenyo-es-orokzold-1000ml\/","title":{"rendered":"Florimo t\u00e1poldat feny\u0151 \u00e9s \u00f6r\u00f6kz\u00f6ld 1000ml"},"content":{"rendered":"","protected":false},"excerpt":{"rendered":"<h3><img decoding=\"async\" class=\"sFlh5c FyHeAf iPVvYb\" src=\"https:\/\/florimo.hu\/wp-content\/uploads\/2022\/06\/florimo-1024x377.png\" alt=\"F\u0151oldal - Florimo vir\u00e1gf\u00f6ld, t\u00e1poldat, kert\" width=\"152\" height=\"56\" \/><\/h3>\n<h3>Term\u00e9kle\u00edr\u00e1s<\/h3>\n<p>Adagol\u00e1s<br \/>\nAz \u00f6nt\u00f6z\u0151v\u00edzhez adagolva haszn\u00e1lhat\u00f3 tavaszt\u00f3l \u0151szig hetente, t\u00e9len 3 hetente, 1 kupak (35 ml)\/3 liter \u00f6nt\u00f6z\u0151v\u00edz t\u00f6m\u00e9nys\u00e9gben. Ker\u00fclj\u00fck a t\u00faladagol\u00e1st! A t\u00f6m\u00e9ny oldat a n\u00f6v\u00e9nyen perzsel\u00e9st okozhat.<\/p>\n<p>Felhaszn\u00e1l\u00e1s<br \/>\nFeny\u0151f\u00e9l\u00e9k, tiszaf\u00e1k, tuj\u00e1k, bor\u00f3k\u00e1k, fagyalok, rhododendronok, az\u00e1le\u00e1k t\u00e1panyag ut\u00e1np\u00f3tl\u00e1s\u00e1ra. Tartalmazza a n\u00f6v\u00e9nyek saj\u00e1tos von\u00e1sainak meg\u0151rz\u00e9s\u00e9hez sz\u00fcks\u00e9ges t\u00e1panyagokat kiegyenl\u00edtett form\u00e1ban.<\/p>\n<p>Hat\u00f3anyagok<br \/>\nN: 3,2% P2O5: 1,4% K2O: 1,7% + vas + mikroelemek + magn\u00e9zium hozz\u00e1ad\u00e1s\u00e1val.<br \/>\n1000 ml<\/p>\n<p>&nbsp;<\/p>\n","protected":false},"featured_media":41107,"comment_status":"closed","ping_status":"closed","template":"","meta":[],"product_brand":[],"product_cat":[390],"product_tag":[],"class_list":{"0":"post-41106","1":"product","2":"type-product","3":"status-publish","4":"has-post-thumbnail","6":"product_cat-florimo","8":"first","9":"instock","10":"taxable","11":"shipping-taxable","12":"purchasable","13":"product-type-simple"},"_links":{"self":[{"href":"https:\/\/chilimag.hu\/webshop\/wp-json\/wp\/v2\/product\/41106","targetHints":{"allow":["GET"]}}],"collection":[{"href":"https:\/\/chilimag.hu\/webshop\/wp-json\/wp\/v2\/product"}],"about":[{"href":"https:\/\/chilimag.hu\/webshop\/wp-json\/wp\/v2\/types\/product"}],"replies":[{"embeddable":true,"href":"https:\/\/chilimag.hu\/webshop\/wp-json\/wp\/v2\/comments?post=41106"}],"wp:featuredmedia":[{"embeddable":true,"href":"https:\/\/chilimag.hu\/webshop\/wp-json\/wp\/v2\/media\/41107"}],"wp:attachment":[{"href":"https:\/\/chilimag.hu\/webshop\/wp-json\/wp\/v2\/media?parent=41106"}],"wp:term":[{"taxonomy":"product_brand","embeddable":true,"href":"https:\/\/chilimag.hu\/webshop\/wp-json\/wp\/v2\/product_brand?post=41106"},{"taxonomy":"product_cat","embeddable":true,"href":"https:\/\/chilimag.hu\/webshop\/wp-json\/wp\/v2\/product_cat?post=41106"},{"taxonomy":"product_tag","embeddable":true,"href":"https:\/\/chilimag.hu\/webshop\/wp-json\/wp\/v2\/product_tag?post=41106"}],"curies":[{"name":"wp","href":"https:\/\/api.w.org\/{rel}","templated":true}]}}