{"id":41076,"date":"2026-03-22T17:34:28","date_gmt":"2026-03-22T17:34:28","guid":{"rendered":"https:\/\/chilimag.hu\/webshop\/?post_type=product&#038;p=41076"},"modified":"2026-04-22T21:05:59","modified_gmt":"2026-04-22T21:05:59","slug":"citromsav-100-gr-rk","status":"publish","type":"product","link":"https:\/\/chilimag.hu\/webshop\/termek\/citromsav-100-gr-rk\/","title":{"rendered":"Citromsav 100 gr RK"},"content":{"rendered":"","protected":false},"excerpt":{"rendered":"<h3>Term\u00e9kle\u00edr\u00e1s<\/h3>\n<p>&nbsp;<\/p>\n<p>\u00c9lelmiszerek tart\u00f3s\u00edt\u00e1s\u00e1ra alkalmas.<\/p>\n<p>\u00c9s a kert\u00e9szetben a f\u00f6ld savany\u00edt\u00e1s\u00e1ra alkalmas. \u00c1fony\u00e1k, rododendronok, az\u00e1le\u00e1k, hortenzi\u00e1k f\u00f6ld savany\u00edt\u00e1s\u00e1ra alkalmazhat\u00f3.<\/p>\n","protected":false},"featured_media":41077,"comment_status":"closed","ping_status":"closed","template":"","meta":[],"product_brand":[],"product_cat":[391],"product_tag":[],"class_list":{"0":"post-41076","1":"product","2":"type-product","3":"status-publish","4":"has-post-thumbnail","6":"product_cat-egyeb-tapoldatok","8":"first","9":"instock","10":"taxable","11":"shipping-taxable","12":"purchasable","13":"product-type-simple"},"_links":{"self":[{"href":"https:\/\/chilimag.hu\/webshop\/wp-json\/wp\/v2\/product\/41076","targetHints":{"allow":["GET"]}}],"collection":[{"href":"https:\/\/chilimag.hu\/webshop\/wp-json\/wp\/v2\/product"}],"about":[{"href":"https:\/\/chilimag.hu\/webshop\/wp-json\/wp\/v2\/types\/product"}],"replies":[{"embeddable":true,"href":"https:\/\/chilimag.hu\/webshop\/wp-json\/wp\/v2\/comments?post=41076"}],"wp:featuredmedia":[{"embeddable":true,"href":"https:\/\/chilimag.hu\/webshop\/wp-json\/wp\/v2\/media\/41077"}],"wp:attachment":[{"href":"https:\/\/chilimag.hu\/webshop\/wp-json\/wp\/v2\/media?parent=41076"}],"wp:term":[{"taxonomy":"product_brand","embeddable":true,"href":"https:\/\/chilimag.hu\/webshop\/wp-json\/wp\/v2\/product_brand?post=41076"},{"taxonomy":"product_cat","embeddable":true,"href":"https:\/\/chilimag.hu\/webshop\/wp-json\/wp\/v2\/product_cat?post=41076"},{"taxonomy":"product_tag","embeddable":true,"href":"https:\/\/chilimag.hu\/webshop\/wp-json\/wp\/v2\/product_tag?post=41076"}],"curies":[{"name":"wp","href":"https:\/\/api.w.org\/{rel}","templated":true}]}}