{"id":41049,"date":"2026-03-20T14:36:08","date_gmt":"2026-03-20T14:36:08","guid":{"rendered":"https:\/\/chilimag.hu\/webshop\/?post_type=product&#038;p=41049"},"modified":"2026-03-29T16:16:35","modified_gmt":"2026-03-29T16:16:35","slug":"sarkantyuka-kuszo-rk","status":"publish","type":"product","link":"https:\/\/chilimag.hu\/webshop\/termek\/sarkantyuka-kuszo-rk\/","title":{"rendered":"Sarkanty\u00faka k\u00fasz\u00f3 RK"},"content":{"rendered":"","protected":false},"excerpt":{"rendered":"<h4><img decoding=\"async\" class=\"\" src=\"https:\/\/partner.kertimag.com\/images\/km-logo.png\" width=\"151\" height=\"90\" data-v-8c3931b3=\"\" \/><\/h4>\n<h4>Term\u00e9kle\u00edr\u00e1s<\/h4>\n<p>\u00c9l\u00e9nk sz\u00edn\u0171, sarkanty\u00fas vir\u00e1gai mellett saj\u00e1ts\u00e1gos, pajzs alak\u00fa levelei is felt\u0171nnek. K\u00fasz\u00f3 sz\u00e1ron hozza hossz\u00fa, csavarodott lev\u00e9lnyel\u00e9t, levele kerekded, matt sz\u00edn\u0171. Vir\u00e1gai 4-6 cm \u00e1tm\u00e9r\u0151j\u0171ek, s\u00e1rga &#8211; bord\u00f3 sz\u00ednben ny\u00edlnak, enyh\u00e9n illatosak. Legszebben f\u00e9l\u00e1rny\u00e9kos, p\u00e1r\u00e1s, v\u00e9dett helyen fejl\u0151dik. Napos fekv\u00e9sben rendszeres \u00f6nt\u00f6z\u00e9st k\u00edv\u00e1n. T\u00e1maszt\u00e9kot ig\u00e9nyel.<\/p>\n<p>&nbsp;<\/p>\n","protected":false},"featured_media":41050,"comment_status":"closed","ping_status":"closed","template":"","meta":[],"product_brand":[],"product_cat":[433],"product_tag":[],"class_list":{"0":"post-41049","1":"product","2":"type-product","3":"status-publish","4":"has-post-thumbnail","6":"product_cat-virag-vetomagok","8":"first","9":"instock","10":"taxable","11":"shipping-taxable","12":"purchasable","13":"product-type-simple"},"_links":{"self":[{"href":"https:\/\/chilimag.hu\/webshop\/wp-json\/wp\/v2\/product\/41049","targetHints":{"allow":["GET"]}}],"collection":[{"href":"https:\/\/chilimag.hu\/webshop\/wp-json\/wp\/v2\/product"}],"about":[{"href":"https:\/\/chilimag.hu\/webshop\/wp-json\/wp\/v2\/types\/product"}],"replies":[{"embeddable":true,"href":"https:\/\/chilimag.hu\/webshop\/wp-json\/wp\/v2\/comments?post=41049"}],"wp:featuredmedia":[{"embeddable":true,"href":"https:\/\/chilimag.hu\/webshop\/wp-json\/wp\/v2\/media\/41050"}],"wp:attachment":[{"href":"https:\/\/chilimag.hu\/webshop\/wp-json\/wp\/v2\/media?parent=41049"}],"wp:term":[{"taxonomy":"product_brand","embeddable":true,"href":"https:\/\/chilimag.hu\/webshop\/wp-json\/wp\/v2\/product_brand?post=41049"},{"taxonomy":"product_cat","embeddable":true,"href":"https:\/\/chilimag.hu\/webshop\/wp-json\/wp\/v2\/product_cat?post=41049"},{"taxonomy":"product_tag","embeddable":true,"href":"https:\/\/chilimag.hu\/webshop\/wp-json\/wp\/v2\/product_tag?post=41049"}],"curies":[{"name":"wp","href":"https:\/\/api.w.org\/{rel}","templated":true}]}}