{"id":40964,"date":"2026-03-14T18:48:36","date_gmt":"2026-03-14T18:48:36","guid":{"rendered":"https:\/\/chilimag.hu\/webshop\/?post_type=product&#038;p=40964"},"modified":"2026-03-14T18:48:36","modified_gmt":"2026-03-14T18:48:36","slug":"voroskaposzta-rufus-zki-4","status":"publish","type":"product","link":"https:\/\/chilimag.hu\/webshop\/termek\/voroskaposzta-rufus-zki-4\/","title":{"rendered":"V\u00f6r\u00f6sk\u00e1poszta Rufus ZKI 4"},"content":{"rendered":"","protected":false},"excerpt":{"rendered":"<p><img decoding=\"async\" class=\"sFlh5c FyHeAf iPVvYb\" src=\"https:\/\/www.inputcsoport.hu\/images\/termekek\/ZKI-Tasakos-vm-ZKI-5-arkat-120731688554428631351.webp\" alt=\"ZKI Tasakos vm. ZKI 5. \u00e1rkat.\" width=\"150\" height=\"113\" \/><\/p>\n<h4>Term\u00e9kle\u00edr\u00e1s<\/h4>\n<p>K\u00f6z\u00e9pkorai, teny\u00e9szideje 100-120 nap.<br \/>\nA fej s\u00f6t\u00e9tlila, megny\u00falt g\u00f6mb- alak\u00fa, \u00e1tlagos s\u00falya 1,3-2 kg.<br \/>\nTerm\u0151k\u00e9pess\u00e9ge j\u00f3 \u00e9s a term\u00e9sek egy\u00f6ntet\u0171ek.<br \/>\nFriss fogyaszt\u00e1sra \u00e9s t\u00e1rol\u00e1sra egyar\u00e1nt alkalmas.<\/p>\n<p>&nbsp;<\/p>\n","protected":false},"featured_media":40965,"comment_status":"closed","ping_status":"closed","template":"","meta":[],"product_brand":[],"product_cat":[300],"product_tag":[],"class_list":{"0":"post-40964","1":"product","2":"type-product","3":"status-publish","4":"has-post-thumbnail","6":"product_cat-zki-kaposzta-karfiol-brokkoli-vetomagok","8":"first","9":"instock","10":"taxable","11":"shipping-taxable","12":"purchasable","13":"product-type-simple"},"_links":{"self":[{"href":"https:\/\/chilimag.hu\/webshop\/wp-json\/wp\/v2\/product\/40964","targetHints":{"allow":["GET"]}}],"collection":[{"href":"https:\/\/chilimag.hu\/webshop\/wp-json\/wp\/v2\/product"}],"about":[{"href":"https:\/\/chilimag.hu\/webshop\/wp-json\/wp\/v2\/types\/product"}],"replies":[{"embeddable":true,"href":"https:\/\/chilimag.hu\/webshop\/wp-json\/wp\/v2\/comments?post=40964"}],"wp:featuredmedia":[{"embeddable":true,"href":"https:\/\/chilimag.hu\/webshop\/wp-json\/wp\/v2\/media\/40965"}],"wp:attachment":[{"href":"https:\/\/chilimag.hu\/webshop\/wp-json\/wp\/v2\/media?parent=40964"}],"wp:term":[{"taxonomy":"product_brand","embeddable":true,"href":"https:\/\/chilimag.hu\/webshop\/wp-json\/wp\/v2\/product_brand?post=40964"},{"taxonomy":"product_cat","embeddable":true,"href":"https:\/\/chilimag.hu\/webshop\/wp-json\/wp\/v2\/product_cat?post=40964"},{"taxonomy":"product_tag","embeddable":true,"href":"https:\/\/chilimag.hu\/webshop\/wp-json\/wp\/v2\/product_tag?post=40964"}],"curies":[{"name":"wp","href":"https:\/\/api.w.org\/{rel}","templated":true}]}}