{"id":40954,"date":"2026-03-14T18:19:12","date_gmt":"2026-03-14T18:19:12","guid":{"rendered":"https:\/\/chilimag.hu\/webshop\/?post_type=product&#038;p=40954"},"modified":"2026-03-14T18:19:12","modified_gmt":"2026-03-14T18:19:12","slug":"hagyma-long-red-florence-zki-4","status":"publish","type":"product","link":"https:\/\/chilimag.hu\/webshop\/termek\/hagyma-long-red-florence-zki-4\/","title":{"rendered":"Hagyma Long Red Florence ZKI 4"},"content":{"rendered":"","protected":false},"excerpt":{"rendered":"<p><img decoding=\"async\" class=\"sFlh5c FyHeAf iPVvYb\" src=\"https:\/\/www.inputcsoport.hu\/images\/termekek\/ZKI-Tasakos-vm-ZKI-5-arkat-120731688554428631351.webp\" alt=\"ZKI Tasakos vm. ZKI 5. \u00e1rkat.\" width=\"150\" height=\"113\" \/><\/p>\n<h4>Term\u00e9kle\u00edr\u00e1s<\/h4>\n<p>&nbsp;<\/p>\n<h5><big>Hengeres hagymatest\u0171, lila h\u00e9jsz\u00edn\u0171 sal\u00e1tahagyma.R\u00f3zsasz\u00edn h\u00fas\u00fa, enyh\u00e9n cs\u00edp\u0151s \u00edz\u0171.Er\u0151teljes fejl\u0151d\u00e9s\u0171, nehezen megy magsz\u00e1rba.Friss fogyaszt\u00e1s mellett t\u00e1rol\u00e1sra is alkalmas.(A tasak kb. 450-500 szem vet\u0151magot tartalmaz<\/big><\/h5>\n<p>&nbsp;<\/p>\n","protected":false},"featured_media":40955,"comment_status":"closed","ping_status":"closed","template":"","meta":[],"product_brand":[],"product_cat":[313],"product_tag":[],"class_list":{"0":"post-40954","1":"product","2":"type-product","3":"status-publish","4":"has-post-thumbnail","6":"product_cat-zki-hagyma-vetomagok","8":"first","9":"instock","10":"taxable","11":"shipping-taxable","12":"purchasable","13":"product-type-simple"},"_links":{"self":[{"href":"https:\/\/chilimag.hu\/webshop\/wp-json\/wp\/v2\/product\/40954","targetHints":{"allow":["GET"]}}],"collection":[{"href":"https:\/\/chilimag.hu\/webshop\/wp-json\/wp\/v2\/product"}],"about":[{"href":"https:\/\/chilimag.hu\/webshop\/wp-json\/wp\/v2\/types\/product"}],"replies":[{"embeddable":true,"href":"https:\/\/chilimag.hu\/webshop\/wp-json\/wp\/v2\/comments?post=40954"}],"wp:featuredmedia":[{"embeddable":true,"href":"https:\/\/chilimag.hu\/webshop\/wp-json\/wp\/v2\/media\/40955"}],"wp:attachment":[{"href":"https:\/\/chilimag.hu\/webshop\/wp-json\/wp\/v2\/media?parent=40954"}],"wp:term":[{"taxonomy":"product_brand","embeddable":true,"href":"https:\/\/chilimag.hu\/webshop\/wp-json\/wp\/v2\/product_brand?post=40954"},{"taxonomy":"product_cat","embeddable":true,"href":"https:\/\/chilimag.hu\/webshop\/wp-json\/wp\/v2\/product_cat?post=40954"},{"taxonomy":"product_tag","embeddable":true,"href":"https:\/\/chilimag.hu\/webshop\/wp-json\/wp\/v2\/product_tag?post=40954"}],"curies":[{"name":"wp","href":"https:\/\/api.w.org\/{rel}","templated":true}]}}