{"id":40304,"date":"2026-02-19T18:40:22","date_gmt":"2026-02-19T18:40:22","guid":{"rendered":"https:\/\/chilimag.hu\/webshop\/?post_type=product&#038;p=40304"},"modified":"2026-02-19T18:40:22","modified_gmt":"2026-02-19T18:40:22","slug":"viragkeverek-szunyog-es-kullancsriaszto-magkeverek-z-s-sl","status":"publish","type":"product","link":"https:\/\/chilimag.hu\/webshop\/termek\/viragkeverek-szunyog-es-kullancsriaszto-magkeverek-z-s-sl\/","title":{"rendered":"Vir\u00e1gkever\u00e9k  Sz\u00fanyog \u00e9s kullancsriaszt\u00f3  magkever\u00e9k Z.S SL"},"content":{"rendered":"","protected":false},"excerpt":{"rendered":"<p><img decoding=\"async\" class=\"sFlh5c FyHeAf\" src=\"https:\/\/encrypted-tbn0.gstatic.com\/images?q=tbn:ANd9GcSe3GiFpNk9Y7iYKvThN0eqSC89fSsWCj3MAw&amp;s\" alt=\"Parduotuv\u0117s | Zaliastotele.lt\" width=\"150\" height=\"51\" data-ilt=\"1771263544238\" \/><\/p>\n<p><strong>Term\u00e9kle\u00edr\u00e1s<\/strong><\/p>\n<p>Vir\u00e1gmagkever\u00e9k | Sz\u00fanyog- \u00e9s kullancsriaszt\u00f3 kever\u00e9k<br \/>\nSz\u00fanyogok \u00e9s kullancsok t\u00e1vol tart\u00e1s\u00e1ra kifejlesztett kever\u00e9k, amely alkalmas erk\u00e9lyekre, teraszokra \u00e9s vir\u00e1g\u00e1gy\u00e1sokba \u00fcltet\u00e9sre. A kever\u00e9k 22 vir\u00e1gfajta magj\u00e1t tartalmazza. Ezek a vir\u00e1gok gy\u00f6ny\u00f6r\u0171en kieg\u00e9sz\u00edtik egym\u00e1st, vir\u00e1gz\u00e1skor vad r\u00e9t benyom\u00e1s\u00e1t keltve. A vir\u00e1gok nem egyszerre vir\u00e1goznak, \u00edgy a vir\u00e1gz\u00e1st az eg\u00e9sz szezonban \u00e9lvezheti. A n\u00f6v\u00e9nyek nem ig\u00e9nyelnek speci\u00e1lis talajviszonyokat, a magokat k\u00f6zvetlen\u00fcl a vir\u00e1g\u00e1gy\u00e1sba is el lehet vetni &#8211; fontos, hogy a talaj nedves legyen, mert ez seg\u00edt a magok gyorsabb \u00e9s egyenletesebb cs\u00edr\u00e1z\u00e1s\u00e1ban. Ha hagyja, hogy a vir\u00e1gok magot hozhassanak \u00e9s sz\u00e9tter\u00edts\u00e9k a magjaikat, j\u00f6v\u0151re ugyanazon a helyen \u00fajra \u00e9lvezheti a vir\u00e1gz\u00e1st.<\/p>\n<p>Vet\u00e9si id\u0151 a talajban IV-V<br \/>\nT\u00e1vols\u00e1gok, cm 10&#215;15<br \/>\nVir\u00e1gz\u00e1si id\u0151szak VI-IX<br \/>\nN\u00f6v\u00e9nymagass\u00e1g, cm 100<br \/>\nTermel\u00e9si hely T\u00e1bla<br \/>\nM\u00e1rka \u017dalia stotel\u0117<br \/>\nSz\u00edn Vegyes<br \/>\nCsomagol\u00e1s 2 g<br \/>\nVeget\u00e1ci\u00f3 Egyny\u00e1ri<br \/>\nKl\u00edma R\u00e9szleges \u00e1rny\u00e9k<br \/>\nA csomagol\u00e1son felt\u00fcntetett nyelvek EN, DE, LT, LV, EE<\/p>\n<p>&nbsp;<\/p>\n","protected":false},"featured_media":40305,"comment_status":"closed","ping_status":"closed","template":"","meta":[],"product_brand":[],"product_cat":[363],"product_tag":[],"class_list":{"0":"post-40304","1":"product","2":"type-product","3":"status-publish","4":"has-post-thumbnail","6":"product_cat-virag-vetomagok-zalia-stotele","8":"first","9":"instock","10":"taxable","11":"shipping-taxable","12":"purchasable","13":"product-type-simple"},"_links":{"self":[{"href":"https:\/\/chilimag.hu\/webshop\/wp-json\/wp\/v2\/product\/40304","targetHints":{"allow":["GET"]}}],"collection":[{"href":"https:\/\/chilimag.hu\/webshop\/wp-json\/wp\/v2\/product"}],"about":[{"href":"https:\/\/chilimag.hu\/webshop\/wp-json\/wp\/v2\/types\/product"}],"replies":[{"embeddable":true,"href":"https:\/\/chilimag.hu\/webshop\/wp-json\/wp\/v2\/comments?post=40304"}],"wp:featuredmedia":[{"embeddable":true,"href":"https:\/\/chilimag.hu\/webshop\/wp-json\/wp\/v2\/media\/40305"}],"wp:attachment":[{"href":"https:\/\/chilimag.hu\/webshop\/wp-json\/wp\/v2\/media?parent=40304"}],"wp:term":[{"taxonomy":"product_brand","embeddable":true,"href":"https:\/\/chilimag.hu\/webshop\/wp-json\/wp\/v2\/product_brand?post=40304"},{"taxonomy":"product_cat","embeddable":true,"href":"https:\/\/chilimag.hu\/webshop\/wp-json\/wp\/v2\/product_cat?post=40304"},{"taxonomy":"product_tag","embeddable":true,"href":"https:\/\/chilimag.hu\/webshop\/wp-json\/wp\/v2\/product_tag?post=40304"}],"curies":[{"name":"wp","href":"https:\/\/api.w.org\/{rel}","templated":true}]}}