{"id":40282,"date":"2026-02-19T17:49:51","date_gmt":"2026-02-19T17:49:51","guid":{"rendered":"https:\/\/chilimag.hu\/webshop\/?post_type=product&#038;p=40282"},"modified":"2026-03-31T22:31:41","modified_gmt":"2026-03-31T22:31:41","slug":"paradicsom-orange-queen-z-s-sl","status":"publish","type":"product","link":"https:\/\/chilimag.hu\/webshop\/termek\/paradicsom-orange-queen-z-s-sl\/","title":{"rendered":"Paradicsom Orange Queen Z.S SL"},"content":{"rendered":"","protected":false},"excerpt":{"rendered":"<p><img decoding=\"async\" class=\"sFlh5c FyHeAf\" src=\"https:\/\/encrypted-tbn0.gstatic.com\/images?q=tbn:ANd9GcSe3GiFpNk9Y7iYKvThN0eqSC89fSsWCj3MAw&amp;s\" alt=\"Parduotuv\u0117s | Zaliastotele.lt\" width=\"150\" height=\"51\" data-ilt=\"1771263544238\" \/><\/p>\n<p><strong>Term\u00e9kle\u00edr\u00e1s<\/strong><\/p>\n<p>Botanikai n\u00e9v: Solanum Lycopersicum<\/p>\n<p>K\u00e9s\u0151i, b\u0151 hozam\u00fa, magas fajta. A gy\u00fcm\u00f6lcs \u00e9l\u00e9nk narancss\u00e1rga, kerek, k\u00f6r\u00fclbel\u00fcl 150-220 g s\u00faly\u00fa, nagyon \u00edzletes, l\u00e9d\u00fas, v\u00e9kony h\u00e9j\u00fa \u00e9s kev\u00e9s magot tartalmaz. Friss fogyaszt\u00e1sra, gy\u00fcm\u00f6lcsl\u00e9k k\u00e9sz\u00edt\u00e9s\u00e9re \u00e9s sz\u00f3szok k\u00e9sz\u00edt\u00e9s\u00e9re alkalmas. \u00dcvegh\u00e1zban termesztve. Legjobban 22-24 \u00b0C h\u0151m\u00e9rs\u00e9kleten fejl\u0151dik.<\/p>\n<p>A fajta korais\u00e1ga: K\u00e9s\u0151i<br \/>\nMagok sz\u00e1ma grammonk\u00e9nt: 200-300<br \/>\nVet\u00e9si id\u0151 pal\u00e1nt\u00e1khoz: III-IV<br \/>\nT\u00e1p\u00e9rt\u00e9k, cm: 90&#215;40<br \/>\nN\u00f6v\u00e9nymagass\u00e1g: Magas<br \/>\nSz\u00fcret: VIII-X<br \/>\nTermesztet\u0151 helye: \u00dcvegh\u00e1zban<br \/>\nM\u00e1rka: \u017dalia stotel\u0117<br \/>\nSz\u00edn: Narancss\u00e1rga<br \/>\nCsomagol\u00e1s: 0,1 g<br \/>\nKl\u00edma: Napos<\/p>\n<p>&nbsp;<\/p>\n","protected":false},"featured_media":40283,"comment_status":"closed","ping_status":"closed","template":"","meta":[],"product_brand":[],"product_cat":[413],"product_tag":[],"class_list":{"0":"post-40282","1":"product","2":"type-product","3":"status-publish","4":"has-post-thumbnail","6":"product_cat-paradicsom-vetomagok-zalia-stotele","8":"first","9":"instock","10":"taxable","11":"shipping-taxable","12":"purchasable","13":"product-type-simple"},"_links":{"self":[{"href":"https:\/\/chilimag.hu\/webshop\/wp-json\/wp\/v2\/product\/40282","targetHints":{"allow":["GET"]}}],"collection":[{"href":"https:\/\/chilimag.hu\/webshop\/wp-json\/wp\/v2\/product"}],"about":[{"href":"https:\/\/chilimag.hu\/webshop\/wp-json\/wp\/v2\/types\/product"}],"replies":[{"embeddable":true,"href":"https:\/\/chilimag.hu\/webshop\/wp-json\/wp\/v2\/comments?post=40282"}],"wp:featuredmedia":[{"embeddable":true,"href":"https:\/\/chilimag.hu\/webshop\/wp-json\/wp\/v2\/media\/40283"}],"wp:attachment":[{"href":"https:\/\/chilimag.hu\/webshop\/wp-json\/wp\/v2\/media?parent=40282"}],"wp:term":[{"taxonomy":"product_brand","embeddable":true,"href":"https:\/\/chilimag.hu\/webshop\/wp-json\/wp\/v2\/product_brand?post=40282"},{"taxonomy":"product_cat","embeddable":true,"href":"https:\/\/chilimag.hu\/webshop\/wp-json\/wp\/v2\/product_cat?post=40282"},{"taxonomy":"product_tag","embeddable":true,"href":"https:\/\/chilimag.hu\/webshop\/wp-json\/wp\/v2\/product_tag?post=40282"}],"curies":[{"name":"wp","href":"https:\/\/api.w.org\/{rel}","templated":true}]}}