{"id":40263,"date":"2026-02-19T12:18:40","date_gmt":"2026-02-19T12:18:40","guid":{"rendered":"https:\/\/chilimag.hu\/webshop\/?post_type=product&#038;p=40263"},"modified":"2026-03-31T22:31:41","modified_gmt":"2026-03-31T22:31:41","slug":"paradicsom-covadonga-hibrid-z-s-sl","status":"publish","type":"product","link":"https:\/\/chilimag.hu\/webshop\/termek\/paradicsom-covadonga-hibrid-z-s-sl\/","title":{"rendered":"Paradicsom COVADONGA Hibrid Z.S SL"},"content":{"rendered":"","protected":false},"excerpt":{"rendered":"<p><img decoding=\"async\" class=\"sFlh5c FyHeAf\" src=\"https:\/\/encrypted-tbn0.gstatic.com\/images?q=tbn:ANd9GcSe3GiFpNk9Y7iYKvThN0eqSC89fSsWCj3MAw&amp;s\" alt=\"Parduotuv\u0117s | Zaliastotele.lt\" width=\"150\" height=\"51\" data-ilt=\"1771263544238\" \/><\/p>\n<p><strong>Term\u00e9kle\u00edr\u00e1s<\/strong><\/p>\n<p>&nbsp;<\/p>\n<p>Botanikai n\u00e9v: Solanum Lycopersicum<\/p>\n<p>K\u00f6zepesen korai, magas n\u00f6v\u00e9s\u0171 hibrid fajta. Gy\u00fcm\u00f6lcsei kerekek, bord\u00e1zottak, nagyok, 400-450 g s\u00faly\u00faak, nagyon \u00edzletesek \u00e9s h\u00fasosak. Szokatlan, jellegzetes sz\u00edn\u00fck &#8211; z\u00f6ldes \u00e9s v\u00f6r\u00f6s k\u00f6z\u00f6tt. F\u0171tetlen \u00fcvegh\u00e1zakban \u00e9s szabadban termeszthet\u0151. Szabadt\u00e9ri termeszt\u00e9s eset\u00e9n t\u00e1mszerkezetekre van sz\u00fcks\u00e9g, \u00e9s v\u00e9dett, napos \u00e9s meleg helyet kell v\u00e1lasztani.<\/p>\n<p>A fajta korais\u00e1ga K\u00f6zepesen korai<\/p>\n<p>Pal\u00e1nta\u00fcltet\u00e9s vet\u00e9sideje III-IV<\/p>\n<p>T\u00e1pt\u00e1vols\u00e1g, cm: 90&#215;40<\/p>\n<p>N\u00f6v\u00e9nymagass\u00e1g: Magas<\/p>\n<p>Sz\u00fcret: VII-IX<\/p>\n<p>Termeszhelye: Szabadf\u00f6ld, \u00dcvegh\u00e1z<\/p>\n<p>M\u00e1rka: \u017dalia stotel\u0117<\/p>\n<p>Sz\u00edn: Piros<\/p>\n<p>Csomagol\u00e1s: 10 mp<br \/>\nKl\u00edma: Napos<\/p>\n<p>&nbsp;<\/p>\n","protected":false},"featured_media":40264,"comment_status":"closed","ping_status":"closed","template":"","meta":[],"product_brand":[],"product_cat":[413],"product_tag":[],"class_list":{"0":"post-40263","1":"product","2":"type-product","3":"status-publish","4":"has-post-thumbnail","6":"product_cat-paradicsom-vetomagok-zalia-stotele","8":"first","9":"instock","10":"taxable","11":"shipping-taxable","12":"purchasable","13":"product-type-simple"},"_links":{"self":[{"href":"https:\/\/chilimag.hu\/webshop\/wp-json\/wp\/v2\/product\/40263","targetHints":{"allow":["GET"]}}],"collection":[{"href":"https:\/\/chilimag.hu\/webshop\/wp-json\/wp\/v2\/product"}],"about":[{"href":"https:\/\/chilimag.hu\/webshop\/wp-json\/wp\/v2\/types\/product"}],"replies":[{"embeddable":true,"href":"https:\/\/chilimag.hu\/webshop\/wp-json\/wp\/v2\/comments?post=40263"}],"wp:featuredmedia":[{"embeddable":true,"href":"https:\/\/chilimag.hu\/webshop\/wp-json\/wp\/v2\/media\/40264"}],"wp:attachment":[{"href":"https:\/\/chilimag.hu\/webshop\/wp-json\/wp\/v2\/media?parent=40263"}],"wp:term":[{"taxonomy":"product_brand","embeddable":true,"href":"https:\/\/chilimag.hu\/webshop\/wp-json\/wp\/v2\/product_brand?post=40263"},{"taxonomy":"product_cat","embeddable":true,"href":"https:\/\/chilimag.hu\/webshop\/wp-json\/wp\/v2\/product_cat?post=40263"},{"taxonomy":"product_tag","embeddable":true,"href":"https:\/\/chilimag.hu\/webshop\/wp-json\/wp\/v2\/product_tag?post=40263"}],"curies":[{"name":"wp","href":"https:\/\/api.w.org\/{rel}","templated":true}]}}