{"id":40252,"date":"2026-02-19T11:56:00","date_gmt":"2026-02-19T11:56:00","guid":{"rendered":"https:\/\/chilimag.hu\/webshop\/?post_type=product&#038;p=40252"},"modified":"2026-03-31T22:31:41","modified_gmt":"2026-03-31T22:31:41","slug":"paradicsom-rotkappchen-agr-sl","status":"publish","type":"product","link":"https:\/\/chilimag.hu\/webshop\/termek\/paradicsom-rotkappchen-agr-sl\/","title":{"rendered":"Paradicsom ROTKAPPCHEN AGR SL"},"content":{"rendered":"","protected":false},"excerpt":{"rendered":"<p><img decoding=\"async\" class=\"attachment-medium_large \" src=\"https:\/\/chilimag.hu\/webshop\/wp-content\/uploads\/2023\/10\/IMG_5171.png\" alt=\"\" width=\"152\" height=\"86\" \/><\/p>\n<p><strong>Term\u00e9kle\u00edr\u00e1s<\/strong><\/p>\n<p>K\u00f6zepesen korai, b\u0151term\u0151, t\u00f6rpe fajta. A term\u00e9sek kicsik, lapos-g\u00f6mb\u00f6lydedek, arom\u00e1sak, s\u00falyuk k\u00f6r\u00fclbel\u00fcl 50 g. Cser\u00e9pben, szabadf\u00f6ld\u00f6n \u00e9s \u00fcvegh\u00e1zban termeszthet\u0151. Frissen fogyaszthat\u00f3 vagy konzerv\u00e1l\u00e1sra felhaszn\u00e1lhat\u00f3.<\/p>\n<p>A fajta korais\u00e1ga K\u00f6zepesen korai<\/p>\n<p>Magok sz\u00e1ma grammonk\u00e9nt 200-300<\/p>\n<p>Pal\u00e1nta\u00fcltet\u00e9si id\u0151 III-IV<\/p>\n<p>T\u00e1p\u00e9rt\u00e9k, cm: 60&#215;40<\/p>\n<p>N\u00f6v\u00e9nymagass\u00e1g T\u00f6rpe<\/p>\n<p>Sz\u00fcret VII-VIII<\/p>\n<p>Termesztet\u00e9si hely: Szabadf\u00f6ld, \u00dcvegh\u00e1z, Cser\u00e9p<\/p>\n<p>M\u00e1rka: AGRONOM<br \/>\nSz\u00edn: Piros<br \/>\nCsomagol\u00e1s: 0,1 g<br \/>\nKl\u00edma: Napos<\/p>\n<p>A csomagol\u00e1son felt\u00fcntetett nyelvek: EN, DE, LT, LV, EE, SE, FIN<\/p>\n<p>&nbsp;<\/p>\n","protected":false},"featured_media":40253,"comment_status":"closed","ping_status":"closed","template":"","meta":[],"product_brand":[],"product_cat":[402],"product_tag":[],"class_list":{"0":"post-40252","1":"product","2":"type-product","3":"status-publish","4":"has-post-thumbnail","6":"product_cat-paradicsom-vetomagok-agronom","8":"first","9":"instock","10":"taxable","11":"shipping-taxable","12":"purchasable","13":"product-type-simple"},"_links":{"self":[{"href":"https:\/\/chilimag.hu\/webshop\/wp-json\/wp\/v2\/product\/40252","targetHints":{"allow":["GET"]}}],"collection":[{"href":"https:\/\/chilimag.hu\/webshop\/wp-json\/wp\/v2\/product"}],"about":[{"href":"https:\/\/chilimag.hu\/webshop\/wp-json\/wp\/v2\/types\/product"}],"replies":[{"embeddable":true,"href":"https:\/\/chilimag.hu\/webshop\/wp-json\/wp\/v2\/comments?post=40252"}],"wp:featuredmedia":[{"embeddable":true,"href":"https:\/\/chilimag.hu\/webshop\/wp-json\/wp\/v2\/media\/40253"}],"wp:attachment":[{"href":"https:\/\/chilimag.hu\/webshop\/wp-json\/wp\/v2\/media?parent=40252"}],"wp:term":[{"taxonomy":"product_brand","embeddable":true,"href":"https:\/\/chilimag.hu\/webshop\/wp-json\/wp\/v2\/product_brand?post=40252"},{"taxonomy":"product_cat","embeddable":true,"href":"https:\/\/chilimag.hu\/webshop\/wp-json\/wp\/v2\/product_cat?post=40252"},{"taxonomy":"product_tag","embeddable":true,"href":"https:\/\/chilimag.hu\/webshop\/wp-json\/wp\/v2\/product_tag?post=40252"}],"curies":[{"name":"wp","href":"https:\/\/api.w.org\/{rel}","templated":true}]}}