{"id":40227,"date":"2026-02-18T20:41:21","date_gmt":"2026-02-18T20:41:21","guid":{"rendered":"https:\/\/chilimag.hu\/webshop\/?post_type=product&#038;p=40227"},"modified":"2026-02-18T20:41:21","modified_gmt":"2026-02-18T20:41:21","slug":"szagos-bukkony-grandiflora-matucana-z-s-sl","status":"publish","type":"product","link":"https:\/\/chilimag.hu\/webshop\/termek\/szagos-bukkony-grandiflora-matucana-z-s-sl\/","title":{"rendered":"Szagos b\u00fckk\u00f6ny GRANDIFLORA MATUCANA Z.S SL"},"content":{"rendered":"","protected":false},"excerpt":{"rendered":"<p><img decoding=\"async\" class=\"sFlh5c FyHeAf\" src=\"https:\/\/encrypted-tbn0.gstatic.com\/images?q=tbn:ANd9GcSe3GiFpNk9Y7iYKvThN0eqSC89fSsWCj3MAw&amp;s\" alt=\"Parduotuv\u0117s | Zaliastotele.lt\" width=\"150\" height=\"51\" data-ilt=\"1771263544238\" \/><\/p>\n<p><strong>Term\u00e9kle\u00edr\u00e1s<\/strong><\/p>\n<p>Botanikai n\u00e9v:Lathyrus odoratus L.<\/p>\n<p>Bors\u00f3vir\u00e1g\u00a0| Grandiflora Matucana<br \/>\nEzek egyny\u00e1ri fut\u00f3vir\u00e1gok, amelyek 2\u20132,5 m\u00e9ter magasra n\u0151nek. Mivel ez a fajta az egyik legdekorat\u00edvabb, sz\u00e1mos d\u00edjat kapott. Vir\u00e1gai hull\u00e1mosak, nagyon sz\u00e9pek \u00e9s kellemes illat\u00faak. Ez a n\u00f6v\u00e9ny napos, sz\u00e9lv\u00e9dett helyen, humuszos talajban \u00e9rzi j\u00f3l mag\u00e1t. Aj\u00e1nlott a magokat cs\u00edr\u00e1ztatni, majd nedves talajba vetni. 3-5 magos csoportokban kell vetni \u0151ket a t\u00e1mfalak k\u00f6zel\u00e9ben. Az \u00e9desbors\u00f3val illatos vir\u00e1gfalat lehet l\u00e9trehozni a ny\u00e1rra. Ezek a vir\u00e1gok csokrokban is remek\u00fcl mutatnak.<\/p>\n<p>Magok sz\u00e1ma grammonk\u00e9nt 10-11<br \/>\nVet\u00e9si id\u0151 a talajban IV-V<br \/>\nVir\u00e1gz\u00e1si id\u0151szak VI-VIII<br \/>\nN\u00f6v\u00e9nymagass\u00e1g, cm 200-250<br \/>\nN\u00f6veked\u00e9si hely Sz\u00e1nd\u00e9k<br \/>\nM\u00e1rka: \u017dalia stotel\u0117<br \/>\nPal\u00e1nta\u00fcltet\u00e9s: V<br \/>\nLila sz\u00edn<br \/>\nCsomagol\u00e1s: 2 g<br \/>\nVeget\u00e1ci\u00f3: Egyny\u00e1ri<br \/>\nKl\u00edma: Napos, R\u00e9szleges \u00e1rny\u00e9k<\/p>\n<p>&nbsp;<\/p>\n<p>&nbsp;<\/p>\n","protected":false},"featured_media":40228,"comment_status":"closed","ping_status":"closed","template":"","meta":[],"product_brand":[],"product_cat":[363],"product_tag":[],"class_list":{"0":"post-40227","1":"product","2":"type-product","3":"status-publish","4":"has-post-thumbnail","6":"product_cat-virag-vetomagok-zalia-stotele","8":"first","9":"instock","10":"taxable","11":"shipping-taxable","12":"purchasable","13":"product-type-simple"},"_links":{"self":[{"href":"https:\/\/chilimag.hu\/webshop\/wp-json\/wp\/v2\/product\/40227","targetHints":{"allow":["GET"]}}],"collection":[{"href":"https:\/\/chilimag.hu\/webshop\/wp-json\/wp\/v2\/product"}],"about":[{"href":"https:\/\/chilimag.hu\/webshop\/wp-json\/wp\/v2\/types\/product"}],"replies":[{"embeddable":true,"href":"https:\/\/chilimag.hu\/webshop\/wp-json\/wp\/v2\/comments?post=40227"}],"wp:featuredmedia":[{"embeddable":true,"href":"https:\/\/chilimag.hu\/webshop\/wp-json\/wp\/v2\/media\/40228"}],"wp:attachment":[{"href":"https:\/\/chilimag.hu\/webshop\/wp-json\/wp\/v2\/media?parent=40227"}],"wp:term":[{"taxonomy":"product_brand","embeddable":true,"href":"https:\/\/chilimag.hu\/webshop\/wp-json\/wp\/v2\/product_brand?post=40227"},{"taxonomy":"product_cat","embeddable":true,"href":"https:\/\/chilimag.hu\/webshop\/wp-json\/wp\/v2\/product_cat?post=40227"},{"taxonomy":"product_tag","embeddable":true,"href":"https:\/\/chilimag.hu\/webshop\/wp-json\/wp\/v2\/product_tag?post=40227"}],"curies":[{"name":"wp","href":"https:\/\/api.w.org\/{rel}","templated":true}]}}