{"id":40206,"date":"2026-02-18T12:38:38","date_gmt":"2026-02-18T12:38:38","guid":{"rendered":"https:\/\/chilimag.hu\/webshop\/?post_type=product&#038;p=40206"},"modified":"2026-02-18T12:39:50","modified_gmt":"2026-02-18T12:39:50","slug":"mustar-mag-1-kg-agr-sl","status":"publish","type":"product","link":"https:\/\/chilimag.hu\/webshop\/termek\/mustar-mag-1-kg-agr-sl\/","title":{"rendered":"Must\u00e1r mag 1 kg AGR SL"},"content":{"rendered":"","protected":false},"excerpt":{"rendered":"<p><img decoding=\"async\" class=\"attachment-medium_large \" src=\"https:\/\/chilimag.hu\/webshop\/wp-content\/uploads\/2023\/10\/IMG_5171.png\" alt=\"\" width=\"152\" height=\"86\" \/><\/p>\n<p><strong>Term\u00e9kle\u00edr\u00e1s<\/strong><\/p>\n<p>A feh\u00e9r must\u00e1rt szider\u00e1lis n\u00f6v\u00e9nyk\u00e9nt szabadf\u00f6ld\u00f6n \u00e9s \u00fcvegh\u00e1zakban is termesztik burgonya, z\u00f6lds\u00e9gek vagy egyny\u00e1ri n\u00f6v\u00e9nyek betakar\u00edt\u00e1sa ut\u00e1n. A must\u00e1rt eg\u00e9sz szezonban lehet vetni, \u00e9s magjai rendk\u00edv\u00fcl gyorsan cs\u00edr\u00e1znak. \u00cdgy m\u00e9g k\u00e9s\u0151i betakar\u00edt\u00e1s ut\u00e1n is lehet\u0151s\u00e9g van a talaj jav\u00edt\u00e1s\u00e1ra. Ill\u00f3olajai t\u00f6k\u00e9letesen fert\u0151tlen\u00edtik a talajt. A z\u00f6ldtr\u00e1gya vet\u00e9si mennyis\u00e9ge 20-25 kg hekt\u00e1ronk\u00e9nt.<\/p>\n<p>M\u00e1rka: AGRONOM<br \/>\nCsomagol\u00e1s: 1 kg<br \/>\nA csomagol\u00e1son felt\u00fcntetett nyelvek: LT, LV, EE, RU<\/p>\n<p>&nbsp;<\/p>\n","protected":false},"featured_media":40207,"comment_status":"closed","ping_status":"closed","template":"","meta":[],"product_brand":[],"product_cat":[471,396],"product_tag":[],"class_list":{"0":"post-40206","1":"product","2":"type-product","3":"status-publish","4":"has-post-thumbnail","6":"product_cat-fu-es-mezogazdasagi-vetomagok","7":"product_cat-fuszer-es-gyogynovenyek","9":"first","10":"instock","11":"taxable","12":"shipping-taxable","13":"purchasable","14":"product-type-simple"},"_links":{"self":[{"href":"https:\/\/chilimag.hu\/webshop\/wp-json\/wp\/v2\/product\/40206","targetHints":{"allow":["GET"]}}],"collection":[{"href":"https:\/\/chilimag.hu\/webshop\/wp-json\/wp\/v2\/product"}],"about":[{"href":"https:\/\/chilimag.hu\/webshop\/wp-json\/wp\/v2\/types\/product"}],"replies":[{"embeddable":true,"href":"https:\/\/chilimag.hu\/webshop\/wp-json\/wp\/v2\/comments?post=40206"}],"wp:featuredmedia":[{"embeddable":true,"href":"https:\/\/chilimag.hu\/webshop\/wp-json\/wp\/v2\/media\/40207"}],"wp:attachment":[{"href":"https:\/\/chilimag.hu\/webshop\/wp-json\/wp\/v2\/media?parent=40206"}],"wp:term":[{"taxonomy":"product_brand","embeddable":true,"href":"https:\/\/chilimag.hu\/webshop\/wp-json\/wp\/v2\/product_brand?post=40206"},{"taxonomy":"product_cat","embeddable":true,"href":"https:\/\/chilimag.hu\/webshop\/wp-json\/wp\/v2\/product_cat?post=40206"},{"taxonomy":"product_tag","embeddable":true,"href":"https:\/\/chilimag.hu\/webshop\/wp-json\/wp\/v2\/product_tag?post=40206"}],"curies":[{"name":"wp","href":"https:\/\/api.w.org\/{rel}","templated":true}]}}