{"id":40148,"date":"2026-02-16T17:51:06","date_gmt":"2026-02-16T17:51:06","guid":{"rendered":"https:\/\/chilimag.hu\/webshop\/?post_type=product&#038;p=40148"},"modified":"2026-02-16T17:52:46","modified_gmt":"2026-02-16T17:52:46","slug":"szagos-bukkony-pink-pearl-z-s-sl","status":"publish","type":"product","link":"https:\/\/chilimag.hu\/webshop\/termek\/szagos-bukkony-pink-pearl-z-s-sl\/","title":{"rendered":"Szagos b\u00fckk\u00f6ny Pink Pearl Z.S SL"},"content":{"rendered":"","protected":false},"excerpt":{"rendered":"<p><img decoding=\"async\" class=\"sFlh5c FyHeAf\" src=\"https:\/\/encrypted-tbn0.gstatic.com\/images?q=tbn:ANd9GcSe3GiFpNk9Y7iYKvThN0eqSC89fSsWCj3MAw&amp;s\" alt=\"Parduotuv\u0117s | Zaliastotele.lt\" width=\"150\" height=\"51\" data-ilt=\"1771263544238\" \/><\/p>\n<p><strong>Term\u00e9kle\u00edr\u00e1s<\/strong><\/p>\n<p>Bors\u00f3 vir\u00e1g \u00c9vel\u0151 k\u00fasz\u00f3n\u00f6v\u00e9ny, ak\u00e1r 2 m magasra is megn\u0151het. Alkalmas f\u00fcgg\u0151leges tereprendez\u00e9shez, cserepes \u00fcltet\u00e9shez. Napos helyet \u00e9s term\u00e9keny talajt kell v\u00e1lasztani a termeszt\u00e9shez. A n\u00f6v\u00e9nyek b\u0151s\u00e9gesebb vir\u00e1gz\u00e1sa \u00e9rdek\u00e9ben aj\u00e1nlott az elny\u00edlt vir\u00e1gokat elt\u00e1vol\u00edtani (\u00edgy a magok nem tudnak be\u00e9rni). T\u00e9l el\u0151tt aj\u00e1nlott a sz\u00e1rat lemetszeni, \u00edgy a n\u00f6v\u00e9nyek j\u00f6v\u0151re \u00faj sz\u00e1rat hoznak. A cserepes n\u00f6v\u00e9nyeket v\u00e9deni kell a t\u00e9li fagyokt\u00f3l. Hossz\u00fa cs\u00edr\u00e1z\u00e1si id\u0151.<\/p>\n<p>Vet\u00e9si id\u0151 a f\u00f6ldben IV-V<br \/>\nT\u00e1vols\u00e1gok, cm 30&#215;40<br \/>\nVir\u00e1gz\u00e1si id\u0151szak VI-VIII<br \/>\nN\u00f6v\u00e9nymagass\u00e1g, cm 40<br \/>\nN\u00f6veked\u00e9si hely T\u00e1bla<br \/>\nM\u00e1rka: \u017dalia stotel\u0117<br \/>\nMagass\u00e1g 200 cm<br \/>\n\u00dcltet\u00e9s VII<br \/>\nSz\u00edn: R\u00f3zsasz\u00edn<br \/>\nCsomagol\u00e1s: 1 g<br \/>\nVeget\u00e1ci\u00f3: \u00c9vel\u0151<br \/>\nKl\u00edma: Napos<br \/>\nA csomagol\u00e1son felt\u00fcntetett nyelvek: EN, DE, LT, LV, EE<\/p>\n<p>&nbsp;<\/p>\n","protected":false},"featured_media":40149,"comment_status":"closed","ping_status":"closed","template":"","meta":[],"product_brand":[],"product_cat":[363],"product_tag":[],"class_list":{"0":"post-40148","1":"product","2":"type-product","3":"status-publish","4":"has-post-thumbnail","6":"product_cat-virag-vetomagok-zalia-stotele","8":"first","9":"instock","10":"taxable","11":"shipping-taxable","12":"purchasable","13":"product-type-simple"},"_links":{"self":[{"href":"https:\/\/chilimag.hu\/webshop\/wp-json\/wp\/v2\/product\/40148","targetHints":{"allow":["GET"]}}],"collection":[{"href":"https:\/\/chilimag.hu\/webshop\/wp-json\/wp\/v2\/product"}],"about":[{"href":"https:\/\/chilimag.hu\/webshop\/wp-json\/wp\/v2\/types\/product"}],"replies":[{"embeddable":true,"href":"https:\/\/chilimag.hu\/webshop\/wp-json\/wp\/v2\/comments?post=40148"}],"wp:featuredmedia":[{"embeddable":true,"href":"https:\/\/chilimag.hu\/webshop\/wp-json\/wp\/v2\/media\/40149"}],"wp:attachment":[{"href":"https:\/\/chilimag.hu\/webshop\/wp-json\/wp\/v2\/media?parent=40148"}],"wp:term":[{"taxonomy":"product_brand","embeddable":true,"href":"https:\/\/chilimag.hu\/webshop\/wp-json\/wp\/v2\/product_brand?post=40148"},{"taxonomy":"product_cat","embeddable":true,"href":"https:\/\/chilimag.hu\/webshop\/wp-json\/wp\/v2\/product_cat?post=40148"},{"taxonomy":"product_tag","embeddable":true,"href":"https:\/\/chilimag.hu\/webshop\/wp-json\/wp\/v2\/product_tag?post=40148"}],"curies":[{"name":"wp","href":"https:\/\/api.w.org\/{rel}","templated":true}]}}