{"id":40077,"date":"2026-02-14T14:02:57","date_gmt":"2026-02-14T14:02:57","guid":{"rendered":"https:\/\/chilimag.hu\/webshop\/?post_type=product&#038;p=40077"},"modified":"2026-04-12T06:13:53","modified_gmt":"2026-04-12T06:13:53","slug":"vetoburgonya-desiree-1-kg-bz-h","status":"publish","type":"product","link":"https:\/\/chilimag.hu\/webshop\/termek\/vetoburgonya-desiree-1-kg-bz-h\/","title":{"rendered":".Vet\u0151burgonya Desiree 1 Kg Bz H"},"content":{"rendered":"","protected":false},"excerpt":{"rendered":"<p><img decoding=\"async\" class=\"attachment-medium \" src=\"https:\/\/purchasingpowerplus.com\/wp-content\/uploads\/2021\/05\/Buzzy-Logo-300x239.jpg\" sizes=\"(max-width: 300px) 100vw, 300px\" srcset=\"https:\/\/purchasingpowerplus.com\/wp-content\/uploads\/2021\/05\/Buzzy-Logo-300x239.jpg 300w, https:\/\/purchasingpowerplus.com\/wp-content\/uploads\/2021\/05\/Buzzy-Logo-768x612.jpg 768w, https:\/\/purchasingpowerplus.com\/wp-content\/uploads\/2021\/05\/Buzzy-Logo-1024x816.jpg 1024w, https:\/\/purchasingpowerplus.com\/wp-content\/uploads\/2021\/05\/Buzzy-Logo.jpg 1500w\" alt=\"\" width=\"149\" height=\"119\" \/><\/p>\n<p><strong>Term\u00e9kle\u00edr\u00e1s<\/strong><\/p>\n<div data-subtree=\"aimfl\" data-complete=\"true\"><\/div>\n<p><strong><strong class=\"Yjhzub\" data-complete=\"true\">A Desiree<\/strong> (vagy Desir\u00e9e) Magyarorsz\u00e1g egyik legn\u00e9pszer\u0171bb \u00e9s legismertebb k\u00f6z\u00e9p\u00e9r\u00e9s\u0171 burgonyafajt\u00e1ja. Hollandi\u00e1b\u00f3l sz\u00e1rmazik (1962), \u00e9s kiv\u00e1l\u00f3 alkalmazkod\u00f3k\u00e9pess\u00e9ge miatt a kiskertesek \u00e9s a nagy\u00fczemi termel\u0151k k\u00f6r\u00e9ben egyar\u00e1nt kedvelt.<\/strong><\/p>\n<ul class=\"KsbFXc U6u95\" data-complete=\"true\" data-processed=\"true\">\n<li data-hveid=\"CAUQAA\" data-complete=\"true\" data-sae=\"\"><span class=\"T286Pc\" data-sfc-cp=\"\" data-complete=\"true\"><strong class=\"Yjhzub\" data-complete=\"true\">K\u00fcllem:<\/strong> R\u00f3zsasz\u00edn\u0171\/pirosas h\u00e9j\u00fa, vil\u00e1goss\u00e1rga h\u00fas\u00fa, hossz\u00fak\u00e1s-ov\u00e1lis form\u00e1j\u00fa nagy gum\u00f3kat fejleszt.<\/span><\/li>\n<li data-hveid=\"CAUQAQ\" data-complete=\"true\" data-sae=\"\"><span class=\"T286Pc\" data-sfc-cp=\"\" data-complete=\"true\"><strong class=\"Yjhzub\" data-complete=\"true\">F\u0151z\u00e9si t\u00edpus:<\/strong> <strong class=\"Yjhzub\" data-complete=\"true\">&#8222;B&#8221; t\u00edpus\u00fa<\/strong> (\u00e9tkez\u00e9si), azaz t\u00falnyom\u00f3an nem sz\u00e9tf\u0151v\u0151, k\u00f6zepesen lisztes \u00e1llag\u00fa.<\/span><\/li>\n<li data-hveid=\"CAUQAg\" data-complete=\"true\" data-sae=\"\"><span class=\"T286Pc\" data-sfc-cp=\"\" data-complete=\"true\"><strong class=\"Yjhzub\" data-complete=\"true\">Felhaszn\u00e1l\u00e1s:<\/strong> Rendk\u00edv\u00fcl sokoldal\u00fa; alkalmas f\u0151z\u00e9sre (sal\u00e1t\u00e1khoz, k\u00f6r\u00edt\u00e9snek), s\u00fct\u00e9sre (has\u00e1bburgony\u00e1nak) \u00e9s p\u00fcr\u00e9s\u00edt\u00e9sre is.<\/span><\/li>\n<li data-hveid=\"CAUQAw\" data-complete=\"true\" data-sae=\"\"><span class=\"T286Pc\" data-sfc-cp=\"\" data-complete=\"true\"><strong class=\"Yjhzub\" data-complete=\"true\">Termeszt\u00e9si el\u0151ny\u00f6k:<\/strong><\/span>\n<ul class=\"KsbFXc U6u95\" data-complete=\"true\">\n<li data-hveid=\"CAUQBA\" data-complete=\"true\" data-sae=\"\"><span class=\"T286Pc\" data-sfc-cp=\"\" data-complete=\"true\">J\u00f3l t\u0171ri a sz\u00e1razs\u00e1got \u00e9s a h\u0151s\u00e9get.<\/span><\/li>\n<li data-hveid=\"CAUQBQ\" data-complete=\"true\" data-sae=\"\"><span class=\"T286Pc\" data-sfc-cp=\"\" data-complete=\"true\">Ellen\u00e1ll\u00f3 a burgonya Y-v\u00edrussal \u00e9s a gum\u00f3rothad\u00e1ssal szemben.<\/span><\/li>\n<li data-hveid=\"CAUQBg\" data-complete=\"true\" data-sae=\"\"><span class=\"T286Pc\" data-sfc-cp=\"\" data-complete=\"true\" aria-owns=\"action-menu-parent-container\">Hossz\u00fa ideig, j\u00f3l t\u00e1rolhat\u00f3 fajta.<\/span><\/li>\n<\/ul>\n<\/li>\n<\/ul>\n<p>&nbsp;<\/p>\n","protected":false},"featured_media":40078,"comment_status":"closed","ping_status":"closed","template":"","meta":[],"product_brand":[],"product_cat":[439,472],"product_tag":[],"class_list":{"0":"post-40077","1":"product","2":"type-product","3":"status-publish","4":"has-post-thumbnail","6":"product_cat-buzzy","7":"product_cat-mycelium-es-szezonalis-termekek","9":"first","10":"outofstock","11":"taxable","12":"shipping-taxable","13":"purchasable","14":"product-type-simple"},"_links":{"self":[{"href":"https:\/\/chilimag.hu\/webshop\/wp-json\/wp\/v2\/product\/40077","targetHints":{"allow":["GET"]}}],"collection":[{"href":"https:\/\/chilimag.hu\/webshop\/wp-json\/wp\/v2\/product"}],"about":[{"href":"https:\/\/chilimag.hu\/webshop\/wp-json\/wp\/v2\/types\/product"}],"replies":[{"embeddable":true,"href":"https:\/\/chilimag.hu\/webshop\/wp-json\/wp\/v2\/comments?post=40077"}],"wp:featuredmedia":[{"embeddable":true,"href":"https:\/\/chilimag.hu\/webshop\/wp-json\/wp\/v2\/media\/40078"}],"wp:attachment":[{"href":"https:\/\/chilimag.hu\/webshop\/wp-json\/wp\/v2\/media?parent=40077"}],"wp:term":[{"taxonomy":"product_brand","embeddable":true,"href":"https:\/\/chilimag.hu\/webshop\/wp-json\/wp\/v2\/product_brand?post=40077"},{"taxonomy":"product_cat","embeddable":true,"href":"https:\/\/chilimag.hu\/webshop\/wp-json\/wp\/v2\/product_cat?post=40077"},{"taxonomy":"product_tag","embeddable":true,"href":"https:\/\/chilimag.hu\/webshop\/wp-json\/wp\/v2\/product_tag?post=40077"}],"curies":[{"name":"wp","href":"https:\/\/api.w.org\/{rel}","templated":true}]}}