{"id":40074,"date":"2026-02-14T13:58:36","date_gmt":"2026-02-14T13:58:36","guid":{"rendered":"https:\/\/chilimag.hu\/webshop\/?post_type=product&#038;p=40074"},"modified":"2026-04-12T10:21:48","modified_gmt":"2026-04-12T10:21:48","slug":"vetoburgonya-eigenheimer-1-kg-bz-h","status":"publish","type":"product","link":"https:\/\/chilimag.hu\/webshop\/termek\/vetoburgonya-eigenheimer-1-kg-bz-h\/","title":{"rendered":".Vet\u0151burgonya Eigenheimer 1 Kg Bz H"},"content":{"rendered":"","protected":false},"excerpt":{"rendered":"<p><img decoding=\"async\" class=\"attachment-medium \" src=\"https:\/\/purchasingpowerplus.com\/wp-content\/uploads\/2021\/05\/Buzzy-Logo-300x239.jpg\" sizes=\"(max-width: 300px) 100vw, 300px\" srcset=\"https:\/\/purchasingpowerplus.com\/wp-content\/uploads\/2021\/05\/Buzzy-Logo-300x239.jpg 300w, https:\/\/purchasingpowerplus.com\/wp-content\/uploads\/2021\/05\/Buzzy-Logo-768x612.jpg 768w, https:\/\/purchasingpowerplus.com\/wp-content\/uploads\/2021\/05\/Buzzy-Logo-1024x816.jpg 1024w, https:\/\/purchasingpowerplus.com\/wp-content\/uploads\/2021\/05\/Buzzy-Logo.jpg 1500w\" alt=\"\" width=\"149\" height=\"119\" \/><\/p>\n<p><strong>Term\u00e9kle\u00edr\u00e1s<\/strong><\/p>\n<p>&nbsp;<\/p>\n<p>Az Eigenheimer egy klasszikus, tradicion\u00e1lis holland burgonyafajta, amely kiv\u00e1l\u00f3 \u00edze \u00e9s jellegzetes text\u00far\u00e1ja miatt \u00e9vtizedek \u00f3ta n\u00e9pszer\u0171 a termeszt\u0151k \u00e9s a konyham\u0171v\u00e9szek kedvel\u0151i k\u00f6r\u00e9ben.<\/p>\n<p><span class=\"T286Pc\" data-sfc-cp=\"\" data-complete=\"true\"><strong class=\"Yjhzub\" data-complete=\"true\">T\u00edpus:<\/strong> K\u00f6z\u00e9pkorai \u00e9r\u00e9s\u0171 fajta, amely m\u00e1r viszonylag kor\u00e1n betakar\u00edthat\u00f3.<\/span><\/p>\n<ul class=\"KsbFXc U6u95\" data-complete=\"true\" data-processed=\"true\">\n<li data-hveid=\"CAQQAQ\" data-complete=\"true\" data-sae=\"\"><span class=\"T286Pc\" data-sfc-cp=\"\" data-complete=\"true\"><strong class=\"Yjhzub\" data-complete=\"true\">Megjelen\u00e9s:<\/strong> A gum\u00f3k ov\u00e1lis alak\u00faak, h\u00e9juk \u00e9s h\u00fasuk egyar\u00e1nt s\u00e1rga sz\u00edn\u0171.<\/span><\/li>\n<li data-hveid=\"CAQQAg\" data-complete=\"true\" data-sae=\"\"><span class=\"T286Pc\" data-sfc-cp=\"\" data-complete=\"true\"><strong class=\"Yjhzub\" data-complete=\"true\">Text\u00fara:<\/strong> Kifejezetten <strong class=\"Yjhzub\" data-complete=\"true\">lisztes<\/strong> (C-t\u00edpus\u00fahoz k\u00f6zeli) burgonya, ami azt jelenti, hogy f\u0151z\u00e9s k\u00f6zben k\u00f6nnyen sz\u00e9tesik.<\/span><\/li>\n<li data-hveid=\"CAQQAw\" data-complete=\"true\" data-sae=\"\"><span class=\"T286Pc\" data-sfc-cp=\"\" data-complete=\"true\" aria-owns=\"action-menu-parent-container\"><span class=\"T286Pc\" data-sfc-cp=\"\" data-complete=\"true\" aria-owns=\"action-menu-parent-container\"><strong class=\"Yjhzub\" data-complete=\"true\">Tiszt\u00edt\u00e1s:<\/strong> M\u00e9lyen fekv\u0151 r\u00fcgyei (szemei) miatt a tiszt\u00edt\u00e1sa valamivel id\u0151ig\u00e9nyesebb, mint a sima h\u00e9j\u00fa modern fajt\u00e1k\u00e9.<\/span><\/span>\n<div class=\"Y3BBE\" data-sfc-cp=\"\" data-hveid=\"CAYQAA\" data-complete=\"true\" data-processed=\"true\">Mivel magas a kem\u00e9ny\u00edt\u0151tartalma \u00e9s lisztes \u00e1llag\u00fa, az Eigenheimer a k\u00f6vetkez\u0151 \u00e9telekhez a legide\u00e1lisabb:<button class=\"rBl3me\" tabindex=\"0\" data-amic=\"true\" data-icl-uuid=\"763bbe69-6b2e-431b-8493-b331173fbb46\" aria-label=\"Kapcsol\u00f3d\u00f3 linkek megjelen\u00edt\u00e9se\" data-wiz-attrbind=\"disabled=H5ZeWd_1h\/C5gNJc;aria-label=H5ZeWd_1h\/bOjMyf;class=H5ZeWd_1h\/UpSNec\" data-ved=\"2ahUKEwjolPKgkdmSAxV6wAIHHV4zBRAQye0OegQIBhAB\"><\/button><\/div>\n<ol class=\"IaGLZe VimKh\" data-complete=\"true\" data-processed=\"true\">\n<li data-hveid=\"CAcQAA\" data-complete=\"true\" data-sae=\"\"><span class=\"T286Pc\" data-sfc-cp=\"\" data-complete=\"true\"><strong class=\"Yjhzub\" data-complete=\"true\">Burgonyap\u00fcr\u00e9:<\/strong> K\u00f6nnyen t\u00f6rhet\u0151, kr\u00e9mes \u00e1llagot ad.<\/span><\/li>\n<li data-hveid=\"CAcQAQ\" data-complete=\"true\" data-sae=\"\"><span class=\"T286Pc\" data-sfc-cp=\"\" data-complete=\"true\"><strong class=\"Yjhzub\" data-complete=\"true\">Egyt\u00e1l\u00e9telek:<\/strong> Kiv\u00e1l\u00f3an alkalmas s\u0171r\u0171bb levesekhez \u00e9s ragukhoz.<\/span><\/li>\n<li data-hveid=\"CAcQAg\" data-complete=\"true\" data-sae=\"\"><span class=\"T286Pc\" data-sfc-cp=\"\" data-complete=\"true\" aria-owns=\"action-menu-parent-container\"><strong class=\"Yjhzub\" data-complete=\"true\">F\u0151tt krumpli:<\/strong> Azoknak aj\u00e1nlott, akik szeretik, ha a burgonya \u201esz\u00e9tny\u00edlik\u201d a t\u00e1ny\u00e9ron \u00e9s j\u00f3l felsz\u00edvja a szaftokat.S\u00fct\u00e9shez (pl. has\u00e1bburgony\u00e1nak) kev\u00e9sb\u00e9 optim\u00e1lis, mert lisztess\u00e9ge miatt hamarabb meg\u00e9ghet vagy sz\u00e9teshet, de egyesek szerint pont ez adja k\u00fcl\u00f6nleges karakter\u00e9t bizonyos s\u00fclt \u00e9telekben.<\/span><\/li>\n<\/ol>\n<\/li>\n<\/ul>\n<p>&nbsp;<\/p>\n<p>&nbsp;<\/p>\n","protected":false},"featured_media":40075,"comment_status":"closed","ping_status":"closed","template":"","meta":[],"product_brand":[],"product_cat":[439,343,472],"product_tag":[],"class_list":{"0":"post-40074","1":"product","2":"type-product","3":"status-publish","4":"has-post-thumbnail","6":"product_cat-buzzy","7":"product_cat-akciok","8":"product_cat-mycelium-es-szezonalis-termekek","10":"first","11":"instock","12":"taxable","13":"shipping-taxable","14":"purchasable","15":"product-type-simple"},"_links":{"self":[{"href":"https:\/\/chilimag.hu\/webshop\/wp-json\/wp\/v2\/product\/40074","targetHints":{"allow":["GET"]}}],"collection":[{"href":"https:\/\/chilimag.hu\/webshop\/wp-json\/wp\/v2\/product"}],"about":[{"href":"https:\/\/chilimag.hu\/webshop\/wp-json\/wp\/v2\/types\/product"}],"replies":[{"embeddable":true,"href":"https:\/\/chilimag.hu\/webshop\/wp-json\/wp\/v2\/comments?post=40074"}],"wp:featuredmedia":[{"embeddable":true,"href":"https:\/\/chilimag.hu\/webshop\/wp-json\/wp\/v2\/media\/40075"}],"wp:attachment":[{"href":"https:\/\/chilimag.hu\/webshop\/wp-json\/wp\/v2\/media?parent=40074"}],"wp:term":[{"taxonomy":"product_brand","embeddable":true,"href":"https:\/\/chilimag.hu\/webshop\/wp-json\/wp\/v2\/product_brand?post=40074"},{"taxonomy":"product_cat","embeddable":true,"href":"https:\/\/chilimag.hu\/webshop\/wp-json\/wp\/v2\/product_cat?post=40074"},{"taxonomy":"product_tag","embeddable":true,"href":"https:\/\/chilimag.hu\/webshop\/wp-json\/wp\/v2\/product_tag?post=40074"}],"curies":[{"name":"wp","href":"https:\/\/api.w.org\/{rel}","templated":true}]}}