{"id":40062,"date":"2026-02-14T13:33:29","date_gmt":"2026-02-14T13:33:29","guid":{"rendered":"https:\/\/chilimag.hu\/webshop\/?post_type=product&#038;p=40062"},"modified":"2026-04-10T10:37:06","modified_gmt":"2026-04-10T10:37:06","slug":"vetoburgonya-berber-1-kg-bz-h","status":"publish","type":"product","link":"https:\/\/chilimag.hu\/webshop\/termek\/vetoburgonya-berber-1-kg-bz-h\/","title":{"rendered":".Vet\u0151burgonya Berber 1 Kg Bz H"},"content":{"rendered":"","protected":false},"excerpt":{"rendered":"<p><img decoding=\"async\" class=\"attachment-medium \" src=\"https:\/\/purchasingpowerplus.com\/wp-content\/uploads\/2021\/05\/Buzzy-Logo-300x239.jpg\" sizes=\"(max-width: 300px) 100vw, 300px\" srcset=\"https:\/\/purchasingpowerplus.com\/wp-content\/uploads\/2021\/05\/Buzzy-Logo-300x239.jpg 300w, https:\/\/purchasingpowerplus.com\/wp-content\/uploads\/2021\/05\/Buzzy-Logo-768x612.jpg 768w, https:\/\/purchasingpowerplus.com\/wp-content\/uploads\/2021\/05\/Buzzy-Logo-1024x816.jpg 1024w, https:\/\/purchasingpowerplus.com\/wp-content\/uploads\/2021\/05\/Buzzy-Logo.jpg 1500w\" alt=\"\" width=\"149\" height=\"119\" \/><\/p>\n<p><strong>Term\u00e9kle\u00edr\u00e1s<\/strong><\/p>\n<div data-subtree=\"aimfl\" data-complete=\"true\"><\/div>\n<p><strong><strong class=\"Yjhzub\" data-complete=\"true\">A Berber<\/strong> egy Hollandi\u00e1b\u00f3l sz\u00e1rmaz\u00f3, <strong class=\"Yjhzub\" data-complete=\"true\">igen korai<\/strong> \u00e9r\u00e9s\u0171 \u00e9tkez\u00e9si burgonyafajta, amely kiv\u00e1l\u00f3 min\u0151s\u00e9g\u0171 \u00e9s stabil hozamokat produk\u00e1l.<\/strong><\/p>\n<ul class=\"KsbFXc U6u95\" data-complete=\"true\" data-processed=\"true\">\n<li data-hveid=\"CAQQAA\" data-complete=\"true\" data-sae=\"\"><span class=\"T286Pc\" data-sfc-cp=\"\" data-complete=\"true\"><strong class=\"Yjhzub\" data-complete=\"true\">K\u00fcls\u0151 megjelen\u00e9s:<\/strong> Gum\u00f3i nagyok, ov\u00e1lis vagy hossz\u00fak\u00e1s alak\u00faak. H\u00e9ja \u00e9s h\u00fasa egyar\u00e1nt <strong class=\"Yjhzub\" data-complete=\"true\">vil\u00e1goss\u00e1rga<\/strong> vagy kr\u00e9msz\u00edn\u0171.<\/span><\/li>\n<li data-hveid=\"CAQQAQ\" data-complete=\"true\" data-sae=\"\"><span class=\"T286Pc\" data-sfc-cp=\"\" data-complete=\"true\"><strong class=\"Yjhzub\" data-complete=\"true\">F\u0151z\u00e9si t\u00edpus:<\/strong> <strong class=\"Yjhzub\" data-complete=\"true\">&#8222;B&#8221; t\u00edpus\u00fa<\/strong> (enyh\u00e9n sz\u00e9tf\u0151v\u0151), ami azt jelenti, hogy \u00e1ltal\u00e1nos konyhai felhaszn\u00e1l\u00e1sra ide\u00e1lis.<\/span><\/li>\n<li data-hveid=\"CAQQAg\" data-complete=\"true\" data-sae=\"\"><span class=\"T286Pc\" data-sfc-cp=\"\" data-complete=\"true\"><strong class=\"Yjhzub\" data-complete=\"true\">Felhaszn\u00e1l\u00e1s:<\/strong> Kiv\u00e1l\u00f3an alkalmas <strong class=\"Yjhzub\" data-complete=\"true\">s\u00fclt krumplinak<\/strong>, has\u00e1bburgony\u00e1nak, chipsnek, de sal\u00e1t\u00e1khoz is j\u00f3l haszn\u00e1lhat\u00f3, mivel f\u0151z\u00e9s ut\u00e1n is viszonylag stabil marad az \u00e1llaga.<\/span><\/li>\n<li data-hveid=\"CAQQAw\" data-complete=\"true\" data-sae=\"\"><span class=\"T286Pc\" data-sfc-cp=\"\" data-complete=\"true\" aria-owns=\"action-menu-parent-container\"><strong class=\"Yjhzub\" data-complete=\"true\">Termeszt\u00e9s:<\/strong> K\u00f6zepes m\u00e9ret\u0171 lombozatot n\u00f6veszt, \u00e9s k\u00f6zepes vagy nagy sz\u00e1mban hoz vir\u00e1gokat. J\u00f3 t\u00e1rolhat\u00f3s\u00e1g jellemzi.<\/span><\/li>\n<li data-hveid=\"CAYQAA\" data-complete=\"true\" data-sae=\"\"><span class=\"T286Pc\" data-sfc-cp=\"\" data-complete=\"true\"><strong class=\"Yjhzub\" data-complete=\"true\">Gyors fejl\u0151d\u00e9s:<\/strong> Igen korai fajtak\u00e9nt hamar betakar\u00edthat\u00f3.<\/span><\/li>\n<li data-hveid=\"CAYQAQ\" data-complete=\"true\" data-sae=\"\"><span class=\"T286Pc\" data-sfc-cp=\"\" data-complete=\"true\"><strong class=\"Yjhzub\" data-complete=\"true\">\u00cdzvil\u00e1g:<\/strong> Er\u0151teljes, karakteres burgonya\u00edzzel rendelkezik.<\/span><\/li>\n<li data-hveid=\"CAYQAg\" data-complete=\"true\" data-sae=\"\"><span class=\"T286Pc\" data-sfc-cp=\"\" data-complete=\"true\" aria-owns=\"action-menu-parent-container\"><strong class=\"Yjhzub\" data-complete=\"true\">Ellen\u00e1ll\u00f3s\u00e1g:<\/strong> J\u00f3 rezisztenci\u00e1val b\u00edr a legt\u00f6bb gyakori burgonyabetegs\u00e9ggel szembe.<\/span><\/li>\n<li data-hveid=\"CAYQAg\" data-complete=\"true\" data-sae=\"\"><span class=\"T286Pc\" data-sfc-cp=\"\" data-complete=\"true\" aria-owns=\"action-menu-parent-container\"><strong class=\"Yjhzub\" data-complete=\"true\">Tipp:<\/strong> Ha kifejezetten korai burgony\u00e1t keresel, ami nem f\u0151 sz\u00e9t azonnal, a Berber az egyik legjobb v\u00e1laszt\u00e1s a piacon.<\/span><\/li>\n<\/ul>\n<p>&nbsp;<\/p>\n","protected":false},"featured_media":40064,"comment_status":"closed","ping_status":"closed","template":"","meta":[],"product_brand":[],"product_cat":[439,472],"product_tag":[],"class_list":{"0":"post-40062","1":"product","2":"type-product","3":"status-publish","4":"has-post-thumbnail","6":"product_cat-buzzy","7":"product_cat-mycelium-es-szezonalis-termekek","9":"first","10":"outofstock","11":"taxable","12":"shipping-taxable","13":"purchasable","14":"product-type-simple"},"_links":{"self":[{"href":"https:\/\/chilimag.hu\/webshop\/wp-json\/wp\/v2\/product\/40062","targetHints":{"allow":["GET"]}}],"collection":[{"href":"https:\/\/chilimag.hu\/webshop\/wp-json\/wp\/v2\/product"}],"about":[{"href":"https:\/\/chilimag.hu\/webshop\/wp-json\/wp\/v2\/types\/product"}],"replies":[{"embeddable":true,"href":"https:\/\/chilimag.hu\/webshop\/wp-json\/wp\/v2\/comments?post=40062"}],"wp:featuredmedia":[{"embeddable":true,"href":"https:\/\/chilimag.hu\/webshop\/wp-json\/wp\/v2\/media\/40064"}],"wp:attachment":[{"href":"https:\/\/chilimag.hu\/webshop\/wp-json\/wp\/v2\/media?parent=40062"}],"wp:term":[{"taxonomy":"product_brand","embeddable":true,"href":"https:\/\/chilimag.hu\/webshop\/wp-json\/wp\/v2\/product_brand?post=40062"},{"taxonomy":"product_cat","embeddable":true,"href":"https:\/\/chilimag.hu\/webshop\/wp-json\/wp\/v2\/product_cat?post=40062"},{"taxonomy":"product_tag","embeddable":true,"href":"https:\/\/chilimag.hu\/webshop\/wp-json\/wp\/v2\/product_tag?post=40062"}],"curies":[{"name":"wp","href":"https:\/\/api.w.org\/{rel}","templated":true}]}}