{"id":40057,"date":"2026-02-14T12:38:26","date_gmt":"2026-02-14T12:38:26","guid":{"rendered":"https:\/\/chilimag.hu\/webshop\/?post_type=product&#038;p=40057"},"modified":"2026-04-09T07:40:18","modified_gmt":"2026-04-09T07:40:18","slug":"fokhagyma-flavor-350-gr-bz-h","status":"publish","type":"product","link":"https:\/\/chilimag.hu\/webshop\/termek\/fokhagyma-flavor-350-gr-bz-h\/","title":{"rendered":".Fokhagyma Flavor 350 gr Bz H"},"content":{"rendered":"","protected":false},"excerpt":{"rendered":"<p><img decoding=\"async\" class=\"attachment-medium \" src=\"https:\/\/purchasingpowerplus.com\/wp-content\/uploads\/2021\/05\/Buzzy-Logo-300x239.jpg\" sizes=\"(max-width: 300px) 100vw, 300px\" srcset=\"https:\/\/purchasingpowerplus.com\/wp-content\/uploads\/2021\/05\/Buzzy-Logo-300x239.jpg 300w, https:\/\/purchasingpowerplus.com\/wp-content\/uploads\/2021\/05\/Buzzy-Logo-768x612.jpg 768w, https:\/\/purchasingpowerplus.com\/wp-content\/uploads\/2021\/05\/Buzzy-Logo-1024x816.jpg 1024w, https:\/\/purchasingpowerplus.com\/wp-content\/uploads\/2021\/05\/Buzzy-Logo.jpg 1500w\" alt=\"\" width=\"149\" height=\"119\" \/><\/p>\n<p><strong><em>Term\u00e9kle\u00edr\u00e1s<\/em><\/strong><\/p>\n<p>A Flavor \u00c9szak-Olaszorsz\u00e1gb\u00f3l sz\u00e1rmazik, \u00e9s a legismertebb fajta, amely \u0151sszel \u00e9s tavasszal is \u00fcltethet\u0151. A Flavor kerek, feh\u00e9r sz\u00edn\u0171 \u00e9s er\u0151s h\u00e9j\u00fa hagym\u00e1kat hoz. Minden hagyma k\u00f6r\u00fclbel\u00fcl 12-15 lila sz\u00edn\u0171 gerezdet tartalmaz. A fajta b\u00e1rmilyen talajt\u00edpuson termeszthet\u0151, \u00e9s r\u00f6vid t\u00e1v\u00fa t\u00e1rol\u00e1sra alkalmas.<\/p>\n<p>A fokhagyma legjobb \u00fcltet\u00e9si ideje \u00e1prilis. A betakar\u00edt\u00e1si id\u0151 j\u00falius-augusztus. Hagyja alaposan megsz\u00e1radni a kertben, miel\u0151tt beviszi \u0151ket a h\u00e1zba.<\/p>\n<p>&nbsp;<\/p>\n<p>&nbsp;<\/p>\n","protected":false},"featured_media":40059,"comment_status":"closed","ping_status":"closed","template":"","meta":[],"product_brand":[],"product_cat":[439,472],"product_tag":[],"class_list":{"0":"post-40057","1":"product","2":"type-product","3":"status-publish","4":"has-post-thumbnail","6":"product_cat-buzzy","7":"product_cat-mycelium-es-szezonalis-termekek","9":"first","10":"outofstock","11":"taxable","12":"shipping-taxable","13":"purchasable","14":"product-type-simple"},"_links":{"self":[{"href":"https:\/\/chilimag.hu\/webshop\/wp-json\/wp\/v2\/product\/40057","targetHints":{"allow":["GET"]}}],"collection":[{"href":"https:\/\/chilimag.hu\/webshop\/wp-json\/wp\/v2\/product"}],"about":[{"href":"https:\/\/chilimag.hu\/webshop\/wp-json\/wp\/v2\/types\/product"}],"replies":[{"embeddable":true,"href":"https:\/\/chilimag.hu\/webshop\/wp-json\/wp\/v2\/comments?post=40057"}],"wp:featuredmedia":[{"embeddable":true,"href":"https:\/\/chilimag.hu\/webshop\/wp-json\/wp\/v2\/media\/40059"}],"wp:attachment":[{"href":"https:\/\/chilimag.hu\/webshop\/wp-json\/wp\/v2\/media?parent=40057"}],"wp:term":[{"taxonomy":"product_brand","embeddable":true,"href":"https:\/\/chilimag.hu\/webshop\/wp-json\/wp\/v2\/product_brand?post=40057"},{"taxonomy":"product_cat","embeddable":true,"href":"https:\/\/chilimag.hu\/webshop\/wp-json\/wp\/v2\/product_cat?post=40057"},{"taxonomy":"product_tag","embeddable":true,"href":"https:\/\/chilimag.hu\/webshop\/wp-json\/wp\/v2\/product_tag?post=40057"}],"curies":[{"name":"wp","href":"https:\/\/api.w.org\/{rel}","templated":true}]}}