{"id":40053,"date":"2026-02-14T12:29:46","date_gmt":"2026-02-14T12:29:46","guid":{"rendered":"https:\/\/chilimag.hu\/webshop\/?post_type=product&#038;p=40053"},"modified":"2026-04-09T07:41:10","modified_gmt":"2026-04-09T07:41:10","slug":"dughagyma-shallots-biztro-250-gr-bz-h","status":"publish","type":"product","link":"https:\/\/chilimag.hu\/webshop\/termek\/dughagyma-shallots-biztro-250-gr-bz-h\/","title":{"rendered":".Dughagyma Shallots Biztro 250 gr Bz H"},"content":{"rendered":"","protected":false},"excerpt":{"rendered":"<p><img decoding=\"async\" class=\"attachment-medium \" src=\"https:\/\/purchasingpowerplus.com\/wp-content\/uploads\/2021\/05\/Buzzy-Logo-300x239.jpg\" sizes=\"(max-width: 300px) 100vw, 300px\" srcset=\"https:\/\/purchasingpowerplus.com\/wp-content\/uploads\/2021\/05\/Buzzy-Logo-300x239.jpg 300w, https:\/\/purchasingpowerplus.com\/wp-content\/uploads\/2021\/05\/Buzzy-Logo-768x612.jpg 768w, https:\/\/purchasingpowerplus.com\/wp-content\/uploads\/2021\/05\/Buzzy-Logo-1024x816.jpg 1024w, https:\/\/purchasingpowerplus.com\/wp-content\/uploads\/2021\/05\/Buzzy-Logo.jpg 1500w\" alt=\"\" width=\"149\" height=\"119\" \/><\/p>\n<p><strong>Term\u00e9kle\u00edr\u00e1s<\/strong><\/p>\n<p>A Biztro egy viszonylag \u00faj, korai \u00e9r\u00e9s\u0171 mogyor\u00f3hagymafajta, amely Hollandi\u00e1b\u00f3l sz\u00e1rmazik. M\u00e1s v\u00f6r\u00f6s mogyor\u00f3hagymafajt\u00e1khoz k\u00e9pest a Biztro minden tekintetben kiemelked\u0151. A fajta nagyon egyenletes, kerek mogyor\u00f3hagym\u00e1t terem, nagyon er\u0151s \u00e9s gy\u00f6ny\u00f6r\u0171 v\u00f6r\u00f6s\/barna sz\u00edn\u0171 h\u00e9jjal. A Biztro-t nemes\u00edtett V\u00f6r\u00f6s Napk\u00e9nt is ismerik. Tov\u00e1bb\u00e1, a fajta b\u00e1rmilyen talajt\u00edpuson termeszthet\u0151, \u00e9s hossz\u00fa t\u00e1v\u00fa t\u00e1rol\u00e1sra alkalmas.<\/p>\n<p>M\u00e1rciust\u00f3l \u00e1prilisig \u00fcltess\u00fck, 15 x 20 cm-es t\u0151t\u00e1vols\u00e1ggal. J\u00faliusban-augusztusban sz\u00fcretelj\u00fck. T\u00e1rol\u00e1s el\u0151tt hagyjuk teljesen megsz\u00e1radni.<\/p>\n<p>&nbsp;<\/p>\n","protected":false},"featured_media":40054,"comment_status":"closed","ping_status":"closed","template":"","meta":[],"product_brand":[],"product_cat":[472],"product_tag":[],"class_list":{"0":"post-40053","1":"product","2":"type-product","3":"status-publish","4":"has-post-thumbnail","6":"product_cat-mycelium-es-szezonalis-termekek","8":"first","9":"outofstock","10":"taxable","11":"shipping-taxable","12":"purchasable","13":"product-type-simple"},"_links":{"self":[{"href":"https:\/\/chilimag.hu\/webshop\/wp-json\/wp\/v2\/product\/40053","targetHints":{"allow":["GET"]}}],"collection":[{"href":"https:\/\/chilimag.hu\/webshop\/wp-json\/wp\/v2\/product"}],"about":[{"href":"https:\/\/chilimag.hu\/webshop\/wp-json\/wp\/v2\/types\/product"}],"replies":[{"embeddable":true,"href":"https:\/\/chilimag.hu\/webshop\/wp-json\/wp\/v2\/comments?post=40053"}],"wp:featuredmedia":[{"embeddable":true,"href":"https:\/\/chilimag.hu\/webshop\/wp-json\/wp\/v2\/media\/40054"}],"wp:attachment":[{"href":"https:\/\/chilimag.hu\/webshop\/wp-json\/wp\/v2\/media?parent=40053"}],"wp:term":[{"taxonomy":"product_brand","embeddable":true,"href":"https:\/\/chilimag.hu\/webshop\/wp-json\/wp\/v2\/product_brand?post=40053"},{"taxonomy":"product_cat","embeddable":true,"href":"https:\/\/chilimag.hu\/webshop\/wp-json\/wp\/v2\/product_cat?post=40053"},{"taxonomy":"product_tag","embeddable":true,"href":"https:\/\/chilimag.hu\/webshop\/wp-json\/wp\/v2\/product_tag?post=40053"}],"curies":[{"name":"wp","href":"https:\/\/api.w.org\/{rel}","templated":true}]}}