{"id":39970,"date":"2026-02-14T05:32:38","date_gmt":"2026-02-14T05:32:38","guid":{"rendered":"https:\/\/chilimag.hu\/webshop\/?post_type=product&#038;p=39970"},"modified":"2026-02-14T05:32:38","modified_gmt":"2026-02-14T05:32:38","slug":"borago-micro-greens-bz-h","status":"publish","type":"product","link":"https:\/\/chilimag.hu\/webshop\/termek\/borago-micro-greens-bz-h\/","title":{"rendered":"Bor\u00e1go Micro Greens Bz H"},"content":{"rendered":"","protected":false},"excerpt":{"rendered":"<p><img decoding=\"async\" class=\"attachment-medium \" src=\"https:\/\/purchasingpowerplus.com\/wp-content\/uploads\/2021\/05\/Buzzy-Logo-300x239.jpg\" sizes=\"(max-width: 300px) 100vw, 300px\" srcset=\"https:\/\/purchasingpowerplus.com\/wp-content\/uploads\/2021\/05\/Buzzy-Logo-300x239.jpg 300w, https:\/\/purchasingpowerplus.com\/wp-content\/uploads\/2021\/05\/Buzzy-Logo-768x612.jpg 768w, https:\/\/purchasingpowerplus.com\/wp-content\/uploads\/2021\/05\/Buzzy-Logo-1024x816.jpg 1024w, https:\/\/purchasingpowerplus.com\/wp-content\/uploads\/2021\/05\/Buzzy-Logo.jpg 1500w\" alt=\"\" width=\"151\" height=\"120\" \/><\/p>\n<p><strong>Term\u00e9kle\u00edr\u00e1s<\/strong><\/p>\n<p>Botanikai n\u00e9v: <span class=\"value\">Borago officinalis<\/span><\/p>\n<p>A mikrolevelek k\u00f6r\u00fclbel\u00fcl k\u00e9t h\u00e9t ut\u00e1n betakar\u00edthat\u00f3k. Az uborka \u00edze j\u00f3l illik hal\u00e9telekhez \u00e9s szendvicsekhez.<\/p>\n<p>A mikroz\u00f6ldek olyan z\u00f6lds\u00e9gek \u00e9s f\u0171szern\u00f6v\u00e9nyek, amelyeket kor\u00e1n betakar\u00edtanak \u00e9s nyersen fogyasztanak. K\u00e9t csoportra oszthat\u00f3k.<\/p>\n<p>Mikrolevelek: a maglevelet \u00e9s a hozz\u00e1 kapcsol\u00f3d\u00f3 sz\u00e1rat vagy sz\u00e1rat, a hajt\u00e1st is betakar\u00edtj\u00e1k.<\/p>\n<p>B\u00e9bi levelek: a hajt\u00e1sokat szedik be, \u00e9s a fiatal levelet fogyasztj\u00e1k el.<\/p>\n<p>Vet\u00e9shez: a magokat a f\u00f6ldre sz\u00f3rj\u00e1k, \u00e9s v\u00e9kony r\u00e9teg f\u00f6lddel takarj\u00e1k be, tarts\u00e1k nedvesen.<\/p>\n<p>A csomag 8 gramm magot tartalmaz<\/p>\n<p>&nbsp;<\/p>\n","protected":false},"featured_media":39971,"comment_status":"closed","ping_status":"closed","template":"","meta":[],"product_brand":[],"product_cat":[442],"product_tag":[],"class_list":{"0":"post-39970","1":"product","2":"type-product","3":"status-publish","4":"has-post-thumbnail","6":"product_cat-micro-greens-organic-sprounting","8":"first","9":"instock","10":"taxable","11":"shipping-taxable","12":"purchasable","13":"product-type-simple"},"_links":{"self":[{"href":"https:\/\/chilimag.hu\/webshop\/wp-json\/wp\/v2\/product\/39970","targetHints":{"allow":["GET"]}}],"collection":[{"href":"https:\/\/chilimag.hu\/webshop\/wp-json\/wp\/v2\/product"}],"about":[{"href":"https:\/\/chilimag.hu\/webshop\/wp-json\/wp\/v2\/types\/product"}],"replies":[{"embeddable":true,"href":"https:\/\/chilimag.hu\/webshop\/wp-json\/wp\/v2\/comments?post=39970"}],"wp:featuredmedia":[{"embeddable":true,"href":"https:\/\/chilimag.hu\/webshop\/wp-json\/wp\/v2\/media\/39971"}],"wp:attachment":[{"href":"https:\/\/chilimag.hu\/webshop\/wp-json\/wp\/v2\/media?parent=39970"}],"wp:term":[{"taxonomy":"product_brand","embeddable":true,"href":"https:\/\/chilimag.hu\/webshop\/wp-json\/wp\/v2\/product_brand?post=39970"},{"taxonomy":"product_cat","embeddable":true,"href":"https:\/\/chilimag.hu\/webshop\/wp-json\/wp\/v2\/product_cat?post=39970"},{"taxonomy":"product_tag","embeddable":true,"href":"https:\/\/chilimag.hu\/webshop\/wp-json\/wp\/v2\/product_tag?post=39970"}],"curies":[{"name":"wp","href":"https:\/\/api.w.org\/{rel}","templated":true}]}}