{"id":39935,"date":"2026-02-13T11:16:28","date_gmt":"2026-02-13T11:16:28","guid":{"rendered":"https:\/\/chilimag.hu\/webshop\/?post_type=product&#038;p=39935"},"modified":"2026-05-11T07:56:18","modified_gmt":"2026-05-11T07:56:18","slug":"mezontofu-500-gr-florian-bg","status":"publish","type":"product","link":"https:\/\/chilimag.hu\/webshop\/termek\/mezontofu-500-gr-florian-bg\/","title":{"rendered":"M\u00e9zont\u00f3f\u0171 500 gr Florian Bg"},"content":{"rendered":"","protected":false},"excerpt":{"rendered":"<p><img decoding=\"async\" class=\"\" src=\"https:\/\/c.cdnmp.net\/592978066\/brands\/1000002_logo.png\" alt=\"Florian\" width=\"151\" height=\"79\" \/><\/p>\n<p><strong>Le\u00edr\u00e1s<\/strong><\/p>\n<p>F\u0151k\u00e9nt d\u00edszn\u00f6v\u00e9nyk\u00e9nt ismert. Vil\u00e1gosk\u00e9k vir\u00e1gai nagyon dekorat\u00edvak. A l\u00e1gysz\u00e1r\u00fa n\u00f6v\u00e9nyek k\u00f6z\u00fcl a legjobb nekt\u00e1rtermel\u0151. Nagyon gyorsan jav\u00edtja a m\u00e9zalapot. A z\u00f6ld t\u00f6meg \u00e9s a finom, er\u0151sen el\u00e1gaz\u00f3 gy\u00f6kerek j\u00f3k z\u00f6ldtr\u00e1gyak\u00e9nt. A fac\u00e9lia kult\u00fara cs\u00f6kkenti a fon\u00e1lf\u00e9rgek sz\u00e1m\u00e1t a talajban. Takarm\u00e1nyn\u00f6v\u00e9nyk\u00e9nt is fontos. Hideg, k\u00f6t\u00f6tt, alacsony humusztartalm\u00fa talajba nem vetik.<\/p>\n<p>Vet\u00e9s: m\u00e1rcius \u00e9s szeptember k\u00f6z\u00f6tt. Hideg, k\u00f6t\u00f6tt, alacsony humusztartalm\u00fa talajba nem vetik. A vet\u00e9sm\u00e9lys\u00e9g 2-3 cm, a t\u0151t\u00e1vols\u00e1g 12-24 cm.<\/p>\n<p>&nbsp;<\/p>\n","protected":false},"featured_media":39936,"comment_status":"closed","ping_status":"closed","template":"","meta":[],"product_brand":[],"product_cat":[384,471],"product_tag":[],"class_list":{"0":"post-39935","1":"product","2":"type-product","3":"status-publish","4":"has-post-thumbnail","6":"product_cat-virag-vetomagok-bolgar-florian-vetomagok","7":"product_cat-fu-es-mezogazdasagi-vetomagok","9":"first","10":"outofstock","11":"taxable","12":"shipping-taxable","13":"purchasable","14":"product-type-simple"},"_links":{"self":[{"href":"https:\/\/chilimag.hu\/webshop\/wp-json\/wp\/v2\/product\/39935","targetHints":{"allow":["GET"]}}],"collection":[{"href":"https:\/\/chilimag.hu\/webshop\/wp-json\/wp\/v2\/product"}],"about":[{"href":"https:\/\/chilimag.hu\/webshop\/wp-json\/wp\/v2\/types\/product"}],"replies":[{"embeddable":true,"href":"https:\/\/chilimag.hu\/webshop\/wp-json\/wp\/v2\/comments?post=39935"}],"wp:featuredmedia":[{"embeddable":true,"href":"https:\/\/chilimag.hu\/webshop\/wp-json\/wp\/v2\/media\/39936"}],"wp:attachment":[{"href":"https:\/\/chilimag.hu\/webshop\/wp-json\/wp\/v2\/media?parent=39935"}],"wp:term":[{"taxonomy":"product_brand","embeddable":true,"href":"https:\/\/chilimag.hu\/webshop\/wp-json\/wp\/v2\/product_brand?post=39935"},{"taxonomy":"product_cat","embeddable":true,"href":"https:\/\/chilimag.hu\/webshop\/wp-json\/wp\/v2\/product_cat?post=39935"},{"taxonomy":"product_tag","embeddable":true,"href":"https:\/\/chilimag.hu\/webshop\/wp-json\/wp\/v2\/product_tag?post=39935"}],"curies":[{"name":"wp","href":"https:\/\/api.w.org\/{rel}","templated":true}]}}