{"id":39664,"date":"2026-02-06T18:53:56","date_gmt":"2026-02-06T18:53:56","guid":{"rendered":"https:\/\/chilimag.hu\/webshop\/?post_type=product&#038;p=39664"},"modified":"2026-02-08T08:25:32","modified_gmt":"2026-02-08T08:25:32","slug":"paprika-hungarian-wax-hot-florian-bg","status":"publish","type":"product","link":"https:\/\/chilimag.hu\/webshop\/termek\/paprika-hungarian-wax-hot-florian-bg\/","title":{"rendered":"Paprika Hungarian Wax Hot Florian Bg"},"content":{"rendered":"","protected":false},"excerpt":{"rendered":"<p><img decoding=\"async\" class=\"\" src=\"https:\/\/c.cdnmp.net\/592978066\/brands\/1000002_logo.png\" alt=\"Florian\" width=\"151\" height=\"79\" \/><\/p>\n<p><strong>Le\u00edr\u00e1s<\/strong><\/p>\n<p>Cs\u00edp\u0151s, \u00edzletes, nagy h\u00fcvelyek, amelyek kiv\u00e1l\u00f3ak p\u00e9ld\u00e1ul t\u00f6ltel\u00e9knek \u00e9s sal\u00e1t\u00e1knak.<\/p>\n<p>A n\u00f6v\u00e9ny meglehet\u0151sen kompakt \u00e9s nagyon term\u00e9keny. Ezek a h\u00fcvelyek halv\u00e1nyz\u00f6ld\/s\u00e1rg\u00e1t\u00f3l pirosig \u00e9rnek. A h\u00fcvelyeket az \u00e9retts\u00e9g minden szakasz\u00e1ban \u00e1ltal\u00e1ban haszn\u00e1lj\u00e1k. Nagyszer\u0171 helyettes\u00edt\u0151je a cs\u00edp\u0151s kaliforniai paprik\u00e1nak, ha egy kis felfriss\u00fcl\u00e9sre van sz\u00fcks\u00e9ge az \u00e9let\u00e9ben! Izol\u00e1lt magok.<\/p>\n<p>A csomag 1 gr magot tartalmaz<\/p>\n","protected":false},"featured_media":39681,"comment_status":"closed","ping_status":"closed","template":"","meta":[],"product_brand":[],"product_cat":[380],"product_tag":[],"class_list":{"0":"post-39664","1":"product","2":"type-product","3":"status-publish","4":"has-post-thumbnail","6":"product_cat-paprika-vetomagok-bolgar-florian-vetomagok","8":"first","9":"instock","10":"taxable","11":"shipping-taxable","12":"purchasable","13":"product-type-simple"},"_links":{"self":[{"href":"https:\/\/chilimag.hu\/webshop\/wp-json\/wp\/v2\/product\/39664","targetHints":{"allow":["GET"]}}],"collection":[{"href":"https:\/\/chilimag.hu\/webshop\/wp-json\/wp\/v2\/product"}],"about":[{"href":"https:\/\/chilimag.hu\/webshop\/wp-json\/wp\/v2\/types\/product"}],"replies":[{"embeddable":true,"href":"https:\/\/chilimag.hu\/webshop\/wp-json\/wp\/v2\/comments?post=39664"}],"wp:featuredmedia":[{"embeddable":true,"href":"https:\/\/chilimag.hu\/webshop\/wp-json\/wp\/v2\/media\/39681"}],"wp:attachment":[{"href":"https:\/\/chilimag.hu\/webshop\/wp-json\/wp\/v2\/media?parent=39664"}],"wp:term":[{"taxonomy":"product_brand","embeddable":true,"href":"https:\/\/chilimag.hu\/webshop\/wp-json\/wp\/v2\/product_brand?post=39664"},{"taxonomy":"product_cat","embeddable":true,"href":"https:\/\/chilimag.hu\/webshop\/wp-json\/wp\/v2\/product_cat?post=39664"},{"taxonomy":"product_tag","embeddable":true,"href":"https:\/\/chilimag.hu\/webshop\/wp-json\/wp\/v2\/product_tag?post=39664"}],"curies":[{"name":"wp","href":"https:\/\/api.w.org\/{rel}","templated":true}]}}