{"id":39625,"date":"2026-02-05T19:40:21","date_gmt":"2026-02-05T19:40:21","guid":{"rendered":"https:\/\/chilimag.hu\/webshop\/?post_type=product&#038;p=39625"},"modified":"2026-02-05T19:40:21","modified_gmt":"2026-02-05T19:40:21","slug":"paradicsom-zlatista-geosem-bg","status":"publish","type":"product","link":"https:\/\/chilimag.hu\/webshop\/termek\/paradicsom-zlatista-geosem-bg\/","title":{"rendered":"Paradicsom Zlatista  Geosem Bg"},"content":{"rendered":"","protected":false},"excerpt":{"rendered":"<p><img decoding=\"async\" class=\"sFlh5c pT0Scc iPVvYb\" src=\"https:\/\/www.semplus.ro\/image\/cache\/catalog\/producatori\/logo-producator-geosem-select-500x262h.jpg\" alt=\"Geosem Select\" aria-hidden=\"false\" \/><\/p>\n<p><strong>Le\u00edr\u00e1s<\/strong><\/p>\n<p>A Zlatista egy k\u00f6z\u00e9pkorai paradicsomfajta, amelyet szabadf\u00f6ldi termeszt\u00e9sre sz\u00e1nnak. Napos erk\u00e9lyen, nagy kont\u00e9nerben is termeszthet\u0151. A n\u00f6v\u00e9nyeket 6-7 ciklus ut\u00e1n \u00f6nt\u00f6zz\u00fck. Mozaikv\u00edrussal, doh\u00e1ny Verticilliummal \u00e9s Fusariummal szemben ellen\u00e1ll\u00f3. A gy\u00fcm\u00f6lcs\u00f6k t\u00f6mege el\u00e9ri a 110-120 grammot, sz\u00edn\u00fck s\u00e1rg\u00e1snarancss\u00e1rga, a magjuk citroms\u00e1rga, meglep\u0151 form\u00e1j\u00fa &#8211; toj\u00e1s alak\u00fa, hegyes hegy\u0171 -, \u00edz\u00fck nagyon j\u00f3.<\/p>\n<p>Kiszerel\u00e9s: 30 mag (0,1 gramm)<\/p>\n<p>&nbsp;<\/p>\n","protected":false},"featured_media":39626,"comment_status":"closed","ping_status":"closed","template":"","meta":[],"product_brand":[],"product_cat":[318],"product_tag":[],"class_list":{"0":"post-39625","1":"product","2":"type-product","3":"status-publish","4":"has-post-thumbnail","6":"product_cat-bolgar-geosem-es-egyeb-vetomagok","8":"first","9":"instock","10":"taxable","11":"shipping-taxable","12":"purchasable","13":"product-type-simple"},"_links":{"self":[{"href":"https:\/\/chilimag.hu\/webshop\/wp-json\/wp\/v2\/product\/39625","targetHints":{"allow":["GET"]}}],"collection":[{"href":"https:\/\/chilimag.hu\/webshop\/wp-json\/wp\/v2\/product"}],"about":[{"href":"https:\/\/chilimag.hu\/webshop\/wp-json\/wp\/v2\/types\/product"}],"replies":[{"embeddable":true,"href":"https:\/\/chilimag.hu\/webshop\/wp-json\/wp\/v2\/comments?post=39625"}],"wp:featuredmedia":[{"embeddable":true,"href":"https:\/\/chilimag.hu\/webshop\/wp-json\/wp\/v2\/media\/39626"}],"wp:attachment":[{"href":"https:\/\/chilimag.hu\/webshop\/wp-json\/wp\/v2\/media?parent=39625"}],"wp:term":[{"taxonomy":"product_brand","embeddable":true,"href":"https:\/\/chilimag.hu\/webshop\/wp-json\/wp\/v2\/product_brand?post=39625"},{"taxonomy":"product_cat","embeddable":true,"href":"https:\/\/chilimag.hu\/webshop\/wp-json\/wp\/v2\/product_cat?post=39625"},{"taxonomy":"product_tag","embeddable":true,"href":"https:\/\/chilimag.hu\/webshop\/wp-json\/wp\/v2\/product_tag?post=39625"}],"curies":[{"name":"wp","href":"https:\/\/api.w.org\/{rel}","templated":true}]}}