{"id":39318,"date":"2026-01-26T18:42:59","date_gmt":"2026-01-26T18:42:59","guid":{"rendered":"https:\/\/chilimag.hu\/webshop\/?post_type=product&#038;p=39318"},"modified":"2026-01-26T18:42:59","modified_gmt":"2026-01-26T18:42:59","slug":"borso-golden-sweet-cukorborso-b-s","status":"publish","type":"product","link":"https:\/\/chilimag.hu\/webshop\/termek\/borso-golden-sweet-cukorborso-b-s\/","title":{"rendered":"Bors\u00f3 Golden Sweet cukorbors\u00f3 B-S"},"content":{"rendered":"","protected":false},"excerpt":{"rendered":"<p><img decoding=\"async\" src=\"https:\/\/chilimag.hu\/webshop\/wp-content\/uploads\/2022\/10\/bobby-seeds-test-logo-150x150.png\" \/><\/p>\n<p>&nbsp;<\/p>\n<p>Le\u00edr\u00e1s<\/p>\n<p>Botanikai n\u00e9v: Pisum sativum<\/p>\n<p>S\u00e1rga h\u00fcvely\u0171 cukorbors\u00f3<\/p>\n<p>Az egyetlen ismert s\u00e1rga h\u00fcvely\u0171 cukorbors\u00f3, nagyon term\u00e9keny. Lila vir\u00e1gai vannak. A h\u00fcvelyeket a bors\u00f3 kifejl\u0151d\u00e9se el\u0151tt takar\u00edtj\u00e1k be. Mindenf\u00e9le z\u00f6lds\u00e9ges \u00e9telhez kiv\u00e1l\u00f3an alkalmas, bele\u00e9rtve a wokban s\u00fclt \u00e9teleket is. R\u00e9gi fajta Amerik\u00e1b\u00f3l. A n\u00f6v\u00e9nyeket f\u00f6ldbe kell temetni, \u00e9s kar\u00f3zni kell.<\/p>\n<p>Pisum sativum<br \/>\nSz\u00fcreti id\u0151szak: j\u00faniust\u00f3l j\u00faliusig<br \/>\nN\u00f6v\u00e9nymagass\u00e1g: kb. 100 cm<br \/>\nEgy adag kb. 60 n\u00f6v\u00e9nyhez elegend\u0151<br \/>\nA vet\u00e9s m\u00e1rcius k\u00f6zep\u00e9t\u0151l j\u00fanius elej\u00e9ig t\u00f6rt\u00e9nik k\u00f6zvetlen vet\u00e9sk\u00e9nt. T\u00e1pt\u00e1vols\u00e1g: 30-40 cm, soron bel\u00fcl: 3-5 cm, vet\u00e9sm\u00e9lys\u00e9g: 3-5 cm<\/p>\n<p>&nbsp;<\/p>\n","protected":false},"featured_media":39319,"comment_status":"closed","ping_status":"closed","template":"","meta":[],"product_brand":[],"product_cat":[329],"product_tag":[],"class_list":{"0":"post-39318","1":"product","2":"type-product","3":"status-publish","4":"has-post-thumbnail","6":"product_cat-zoldseg-vetomagok-egyeb-es-kulonleges-vetomagok","8":"first","9":"instock","10":"taxable","11":"shipping-taxable","12":"purchasable","13":"product-type-simple"},"_links":{"self":[{"href":"https:\/\/chilimag.hu\/webshop\/wp-json\/wp\/v2\/product\/39318","targetHints":{"allow":["GET"]}}],"collection":[{"href":"https:\/\/chilimag.hu\/webshop\/wp-json\/wp\/v2\/product"}],"about":[{"href":"https:\/\/chilimag.hu\/webshop\/wp-json\/wp\/v2\/types\/product"}],"replies":[{"embeddable":true,"href":"https:\/\/chilimag.hu\/webshop\/wp-json\/wp\/v2\/comments?post=39318"}],"wp:featuredmedia":[{"embeddable":true,"href":"https:\/\/chilimag.hu\/webshop\/wp-json\/wp\/v2\/media\/39319"}],"wp:attachment":[{"href":"https:\/\/chilimag.hu\/webshop\/wp-json\/wp\/v2\/media?parent=39318"}],"wp:term":[{"taxonomy":"product_brand","embeddable":true,"href":"https:\/\/chilimag.hu\/webshop\/wp-json\/wp\/v2\/product_brand?post=39318"},{"taxonomy":"product_cat","embeddable":true,"href":"https:\/\/chilimag.hu\/webshop\/wp-json\/wp\/v2\/product_cat?post=39318"},{"taxonomy":"product_tag","embeddable":true,"href":"https:\/\/chilimag.hu\/webshop\/wp-json\/wp\/v2\/product_tag?post=39318"}],"curies":[{"name":"wp","href":"https:\/\/api.w.org\/{rel}","templated":true}]}}