{"id":38926,"date":"2026-01-09T14:19:30","date_gmt":"2026-01-09T14:19:30","guid":{"rendered":"https:\/\/chilimag.hu\/webshop\/?post_type=product&#038;p=38926"},"modified":"2026-02-02T18:22:42","modified_gmt":"2026-02-02T18:22:42","slug":"zoldborso-korvin-200-gr-zki","status":"publish","type":"product","link":"https:\/\/chilimag.hu\/webshop\/termek\/zoldborso-korvin-200-gr-zki\/","title":{"rendered":"Z\u00f6ldbors\u00f3 Korvin 200 gr ZKI"},"content":{"rendered":"","protected":false},"excerpt":{"rendered":"<p><img decoding=\"async\" class=\"sFlh5c FyHeAf iPVvYb\" src=\"https:\/\/www.inputcsoport.hu\/images\/termekek\/thumb-ZKI-Tasakos-vm-ZKI-1-arkat-99501688554314502576.webp\" alt=\"ZKI Tasakos vm. ZKI 3. \u00e1rkat.\" width=\"151\" height=\"113\" \/><\/p>\n<p>Le\u00edr\u00e1s<\/p>\n<p>Nagyon korai, kimondottan b\u0151term\u0151<br \/>\n\u00e9s nagy szem\u0171 fajta a ZKI Zrt.<br \/>\n\u00faj nemes\u00edt\u00e9si programj\u00e1b\u00f3l. Tompa<br \/>\nh\u00fcvelyben 6-7 s\u00f6t\u00e9tz\u00f6ld 9 mm<br \/>\nnagys\u00e1g\u00fa szemet nevel. Er\u0151teljes<br \/>\nlombozat\u00fa fuz\u00e1rium-ellen\u00e1ll\u00f3 fajta.<\/p>\n<p>&nbsp;<\/p>\n","protected":false},"featured_media":38927,"comment_status":"closed","ping_status":"closed","template":"","meta":[],"product_brand":[],"product_cat":[297],"product_tag":[],"class_list":{"0":"post-38926","1":"product","2":"type-product","3":"status-publish","4":"has-post-thumbnail","6":"product_cat-zki-borso-es-bab-vetomagok","8":"first","9":"instock","10":"taxable","11":"shipping-taxable","12":"purchasable","13":"product-type-simple"},"_links":{"self":[{"href":"https:\/\/chilimag.hu\/webshop\/wp-json\/wp\/v2\/product\/38926","targetHints":{"allow":["GET"]}}],"collection":[{"href":"https:\/\/chilimag.hu\/webshop\/wp-json\/wp\/v2\/product"}],"about":[{"href":"https:\/\/chilimag.hu\/webshop\/wp-json\/wp\/v2\/types\/product"}],"replies":[{"embeddable":true,"href":"https:\/\/chilimag.hu\/webshop\/wp-json\/wp\/v2\/comments?post=38926"}],"wp:featuredmedia":[{"embeddable":true,"href":"https:\/\/chilimag.hu\/webshop\/wp-json\/wp\/v2\/media\/38927"}],"wp:attachment":[{"href":"https:\/\/chilimag.hu\/webshop\/wp-json\/wp\/v2\/media?parent=38926"}],"wp:term":[{"taxonomy":"product_brand","embeddable":true,"href":"https:\/\/chilimag.hu\/webshop\/wp-json\/wp\/v2\/product_brand?post=38926"},{"taxonomy":"product_cat","embeddable":true,"href":"https:\/\/chilimag.hu\/webshop\/wp-json\/wp\/v2\/product_cat?post=38926"},{"taxonomy":"product_tag","embeddable":true,"href":"https:\/\/chilimag.hu\/webshop\/wp-json\/wp\/v2\/product_tag?post=38926"}],"curies":[{"name":"wp","href":"https:\/\/api.w.org\/{rel}","templated":true}]}}