{"id":38924,"date":"2026-01-09T14:16:26","date_gmt":"2026-01-09T14:16:26","guid":{"rendered":"https:\/\/chilimag.hu\/webshop\/?post_type=product&#038;p=38924"},"modified":"2026-02-13T11:01:21","modified_gmt":"2026-02-13T11:01:21","slug":"zoldborso-kelvedon-csodaja-200-gr-zki","status":"publish","type":"product","link":"https:\/\/chilimag.hu\/webshop\/termek\/zoldborso-kelvedon-csodaja-200-gr-zki\/","title":{"rendered":"Z\u00f6ldbors\u00f3 Kelvedon csod\u00e1ja 200 gr ZKI"},"content":{"rendered":"","protected":false},"excerpt":{"rendered":"<p><img decoding=\"async\" class=\"sFlh5c FyHeAf iPVvYb\" src=\"https:\/\/www.inputcsoport.hu\/images\/termekek\/thumb-ZKI-Tasakos-vm-ZKI-1-arkat-99501688554314502576.webp\" alt=\"ZKI Tasakos vm. ZKI 3. \u00e1rkat.\" width=\"148\" height=\"111\" \/><\/p>\n<p>&nbsp;<\/p>\n<p>Le\u00edr\u00e1s<\/p>\n<p>Nagy szem\u0171, k\u00f6z\u00e9pkorai \u00e9r\u00e9s\u0171. Kiv\u00e1l\u00f3<br \/>\nmin\u0151s\u00e9g\u0171, t\u00f6bbsz\u00f6ri szed\u00e9ssel<br \/>\nj\u00f3 term\u00e9seredm\u00e9nyt ad\u00f3 vel\u0151bors\u00f3.<br \/>\nS\u00f6t\u00e9tz\u00f6ld h\u00fcvelyeiben 6-8 szem<br \/>\nfejl\u0151dik. Igen j\u00f3\u00edz\u0171, piacos term\u00e9seit<br \/>\nfriss fogyaszt\u00e1sra \u00e9s feldolgoz\u00e1sra<br \/>\naj\u00e1nljuk.<\/p>\n<p>&nbsp;<\/p>\n<p>&nbsp;<\/p>\n","protected":false},"featured_media":38925,"comment_status":"closed","ping_status":"closed","template":"","meta":[],"product_brand":[],"product_cat":[297],"product_tag":[],"class_list":{"0":"post-38924","1":"product","2":"type-product","3":"status-publish","4":"has-post-thumbnail","6":"product_cat-zki-borso-es-bab-vetomagok","8":"first","9":"instock","10":"taxable","11":"shipping-taxable","12":"purchasable","13":"product-type-simple"},"_links":{"self":[{"href":"https:\/\/chilimag.hu\/webshop\/wp-json\/wp\/v2\/product\/38924","targetHints":{"allow":["GET"]}}],"collection":[{"href":"https:\/\/chilimag.hu\/webshop\/wp-json\/wp\/v2\/product"}],"about":[{"href":"https:\/\/chilimag.hu\/webshop\/wp-json\/wp\/v2\/types\/product"}],"replies":[{"embeddable":true,"href":"https:\/\/chilimag.hu\/webshop\/wp-json\/wp\/v2\/comments?post=38924"}],"wp:featuredmedia":[{"embeddable":true,"href":"https:\/\/chilimag.hu\/webshop\/wp-json\/wp\/v2\/media\/38925"}],"wp:attachment":[{"href":"https:\/\/chilimag.hu\/webshop\/wp-json\/wp\/v2\/media?parent=38924"}],"wp:term":[{"taxonomy":"product_brand","embeddable":true,"href":"https:\/\/chilimag.hu\/webshop\/wp-json\/wp\/v2\/product_brand?post=38924"},{"taxonomy":"product_cat","embeddable":true,"href":"https:\/\/chilimag.hu\/webshop\/wp-json\/wp\/v2\/product_cat?post=38924"},{"taxonomy":"product_tag","embeddable":true,"href":"https:\/\/chilimag.hu\/webshop\/wp-json\/wp\/v2\/product_tag?post=38924"}],"curies":[{"name":"wp","href":"https:\/\/api.w.org\/{rel}","templated":true}]}}