{"id":38916,"date":"2026-01-09T13:49:44","date_gmt":"2026-01-09T13:49:44","guid":{"rendered":"https:\/\/chilimag.hu\/webshop\/?post_type=product&#038;p=38916"},"modified":"2026-03-14T18:30:46","modified_gmt":"2026-03-14T18:30:46","slug":"paradicsom-cherolla-f1-zki-2-2","status":"publish","type":"product","link":"https:\/\/chilimag.hu\/webshop\/termek\/paradicsom-cherolla-f1-zki-2-2\/","title":{"rendered":"Paradicsom Cherolla F1 ZKI 2"},"content":{"rendered":"","protected":false},"excerpt":{"rendered":"<p><img decoding=\"async\" class=\"sFlh5c FyHeAf iPVvYb\" src=\"https:\/\/www.inputcsoport.hu\/images\/termekek\/thumb-ZKI-Tasakos-vm-ZKI-1-arkat-99501688554314502576.webp\" alt=\"ZKI Tasakos vm. ZKI 3. \u00e1rkat.\" width=\"150\" height=\"113\" \/><\/p>\n<p>Le\u00edr\u00e1s<\/p>\n<p>K\u00f6z\u00e9per\u0151s n\u00f6veked\u00e9s\u0171, korai \u00e9r\u00e9s\u0171 kokt\u00e9lparadicsom.<br \/>\nSzabadf\u00f6ld\u00f6n \u00e9s f\u00f3lia alatt egyar\u00e1nt<br \/>\ntermeszthet\u0151. A t\u00f6vek folytonn\u00f6v\u0151k, nyitott lombozat\u00faak.<br \/>\nA bogy\u00f3k \u00e1tlagos t\u00f6mege 15-20 g. Egy<br \/>\nf\u00fcrtben k\u00f6r\u00fclbel\u00fcl 20 bogy\u00f3 terem. Hervad\u00e1sos<br \/>\nbetegs\u00e9geknek ellen\u00e1ll.<\/p>\n<p>&nbsp;<\/p>\n","protected":false},"featured_media":38917,"comment_status":"closed","ping_status":"closed","template":"","meta":[],"product_brand":[],"product_cat":[303],"product_tag":[],"class_list":{"0":"post-38916","1":"product","2":"type-product","3":"status-publish","4":"has-post-thumbnail","6":"product_cat-zki-paradicsom-vetomagok","8":"first","9":"instock","10":"taxable","11":"shipping-taxable","12":"purchasable","13":"product-type-simple"},"_links":{"self":[{"href":"https:\/\/chilimag.hu\/webshop\/wp-json\/wp\/v2\/product\/38916","targetHints":{"allow":["GET"]}}],"collection":[{"href":"https:\/\/chilimag.hu\/webshop\/wp-json\/wp\/v2\/product"}],"about":[{"href":"https:\/\/chilimag.hu\/webshop\/wp-json\/wp\/v2\/types\/product"}],"replies":[{"embeddable":true,"href":"https:\/\/chilimag.hu\/webshop\/wp-json\/wp\/v2\/comments?post=38916"}],"wp:featuredmedia":[{"embeddable":true,"href":"https:\/\/chilimag.hu\/webshop\/wp-json\/wp\/v2\/media\/38917"}],"wp:attachment":[{"href":"https:\/\/chilimag.hu\/webshop\/wp-json\/wp\/v2\/media?parent=38916"}],"wp:term":[{"taxonomy":"product_brand","embeddable":true,"href":"https:\/\/chilimag.hu\/webshop\/wp-json\/wp\/v2\/product_brand?post=38916"},{"taxonomy":"product_cat","embeddable":true,"href":"https:\/\/chilimag.hu\/webshop\/wp-json\/wp\/v2\/product_cat?post=38916"},{"taxonomy":"product_tag","embeddable":true,"href":"https:\/\/chilimag.hu\/webshop\/wp-json\/wp\/v2\/product_tag?post=38916"}],"curies":[{"name":"wp","href":"https:\/\/api.w.org\/{rel}","templated":true}]}}