{"id":38843,"date":"2026-01-06T18:57:59","date_gmt":"2026-01-06T18:57:59","guid":{"rendered":"https:\/\/chilimag.hu\/webshop\/?post_type=product&#038;p=38843"},"modified":"2026-02-14T19:08:58","modified_gmt":"2026-02-14T19:08:58","slug":"sargadinnye-tenor-f1-b-s","status":"publish","type":"product","link":"https:\/\/chilimag.hu\/webshop\/termek\/sargadinnye-tenor-f1-b-s\/","title":{"rendered":"S\u00e1rgadinnye Tenor F1 B-S"},"content":{"rendered":"","protected":false},"excerpt":{"rendered":"<p>Term\u00e9kle\u00edr\u00e1s<\/p>\n<p>Extra korai, magas hozam\u00fa Galia dinnye<\/p>\n<p>A Tenor F1 egy extra korai, megb\u00edzhat\u00f3 \u00e9s magas hozam\u00fa Galia t\u00edpus\u00fa dinnye. A s\u00e1rg\u00e1s sz\u00edn\u0171 gy\u00fcm\u00f6lcs\u00f6k k\u00f6r\u00fclbel\u00fcl 1-1,5 kg s\u00falyt \u00e9rnek el, feh\u00e9resz\u00f6ld, arom\u00e1s \u00e9s \u00e9des h\u00fas\u00faak. A Tenor F1 sz\u00e1mos term\u00e9szetes ellen\u00e1ll\u00f3 k\u00e9pess\u00e9ggel rendelkezik, bele\u00e9rtve a fuz\u00e1riummal, a lisztharmattal \u00e9s a v\u00edrusos betegs\u00e9gekkel szembeni ellen\u00e1ll\u00e1st. A dinny\u00e9k a meleg helyet \u00e9s n\u00e9mi gondoz\u00e1st kedvelik.<\/p>\n<p>Cucumis melo<br \/>\nA betakar\u00edt\u00e1s meleg helyeken j\u00falius k\u00f6zep\u00e9t\u0151l kezd\u0151dik.<\/p>\n<p>A dinny\u00e9k k\u00f6zepesen er\u0151s ind\u00e1k, \u00e9s n\u00f6v\u00e9nyenk\u00e9nt k\u00f6r\u00fclbel\u00fcl 1-2 n\u00e9gyzetm\u00e9tert ig\u00e9nyelnek.<\/p>\n<p>1 adag = 10 mag.<\/p>\n<p>A legjobb eredm\u00e9nyt \u00fagy \u00e9rj\u00fck el, ha a magokat \u00e1prilis elej\u00e9t\u0151l belt\u00e9ren, \u00fcvegh\u00e1zban kezdj\u00fck el elvetni, majd ki\u00fcltetj\u00fck. Szabadf\u00f6ld\u00f6n a dinny\u00e9knek el\u0151ny\u00f6s a talajtakar\u00f3 f\u00f3lia.<\/p>\n<p>Vess\u00fck belt\u00e9ren \u00e1prilis elej\u00e9t\u0151l 24-28\u00b0C-on k\u00f6zvetlen\u00fcl kis cserepekbe, a talajt folyamatosan nedvesen tartva. Alternat\u00edv megold\u00e1sk\u00e9nt vess\u00fck szabadban, meleg helyen m\u00e1jus k\u00f6zep\u00e9t\u0151l.<\/p>\n<p>Lehets\u00e9ges k\u00e1rtev\u0151k: lev\u00e9ltetvek, egerek, lisztharmat.<\/p>\n<p>&nbsp;<\/p>\n","protected":false},"featured_media":38844,"comment_status":"closed","ping_status":"closed","template":"","meta":[],"product_brand":[],"product_cat":[331],"product_tag":[],"class_list":{"0":"post-38843","1":"product","2":"type-product","3":"status-publish","4":"has-post-thumbnail","6":"product_cat-gyumolcs-vetomagok-egyeb-es-kulonleges-vetomagok","8":"first","9":"instock","10":"taxable","11":"shipping-taxable","12":"purchasable","13":"product-type-simple"},"_links":{"self":[{"href":"https:\/\/chilimag.hu\/webshop\/wp-json\/wp\/v2\/product\/38843","targetHints":{"allow":["GET"]}}],"collection":[{"href":"https:\/\/chilimag.hu\/webshop\/wp-json\/wp\/v2\/product"}],"about":[{"href":"https:\/\/chilimag.hu\/webshop\/wp-json\/wp\/v2\/types\/product"}],"replies":[{"embeddable":true,"href":"https:\/\/chilimag.hu\/webshop\/wp-json\/wp\/v2\/comments?post=38843"}],"wp:featuredmedia":[{"embeddable":true,"href":"https:\/\/chilimag.hu\/webshop\/wp-json\/wp\/v2\/media\/38844"}],"wp:attachment":[{"href":"https:\/\/chilimag.hu\/webshop\/wp-json\/wp\/v2\/media?parent=38843"}],"wp:term":[{"taxonomy":"product_brand","embeddable":true,"href":"https:\/\/chilimag.hu\/webshop\/wp-json\/wp\/v2\/product_brand?post=38843"},{"taxonomy":"product_cat","embeddable":true,"href":"https:\/\/chilimag.hu\/webshop\/wp-json\/wp\/v2\/product_cat?post=38843"},{"taxonomy":"product_tag","embeddable":true,"href":"https:\/\/chilimag.hu\/webshop\/wp-json\/wp\/v2\/product_tag?post=38843"}],"curies":[{"name":"wp","href":"https:\/\/api.w.org\/{rel}","templated":true}]}}