{"id":38839,"date":"2026-01-06T18:49:58","date_gmt":"2026-01-06T18:49:58","guid":{"rendered":"https:\/\/chilimag.hu\/webshop\/?post_type=product&#038;p=38839"},"modified":"2026-01-06T18:49:58","modified_gmt":"2026-01-06T18:49:58","slug":"sutotok-yualing-f1-b-s","status":"publish","type":"product","link":"https:\/\/chilimag.hu\/webshop\/termek\/sutotok-yualing-f1-b-s\/","title":{"rendered":"S\u00fct\u0151t\u00f6k Yualing F1 B-S"},"content":{"rendered":"","protected":false},"excerpt":{"rendered":"<p>Term\u00e9kle\u00edr\u00e1s<\/p>\n<p>Egy praktikus, kiv\u00e1l\u00f3 vajt\u00f6k<\/p>\n<p>A Yualing F1 kiv\u00e1l\u00f3 vajt\u00f6k, \u00e9s k\u00f6r\u00fclbel\u00fcl 4 kg-os s\u00faly\u00e1val ide\u00e1lis m\u00e9ret\u0171. A term\u00e9sek b\u0151s\u00e9gesek, kezdetben s\u00f6t\u00e9tz\u00f6ldek, vil\u00e1gos pettyekkel, majd teljesen \u00e9retten vil\u00e1gosbarn\u00e1v\u00e1 v\u00e1lnak. K\u00f6r\u00fclbel\u00fcl 100 napos \u00e9r\u00e9si idej\u00fckkel a Yualing F1 K\u00f6z\u00e9p-Eur\u00f3p\u00e1ban is j\u00f3l termeszthet\u0151.<\/p>\n<p>Cucurbita moschata<br \/>\n\u00c1t\u00fcltet\u00e9si id\u0151: k\u00f6r\u00fclbel\u00fcl 100 nap<br \/>\nA Yualing F1 k\u00fasz\u00f3n\u00f6v\u00e9nyk\u00e9nt n\u0151<br \/>\nA Yualing F1 kiv\u00e1l\u00f3 kulin\u00e1ris t\u00f6k<br \/>\n1 adag = 10 mag<br \/>\nA t\u00f6k meleg, j\u00f3 v\u00edzelvezet\u00e9s\u0171 talajban fejl\u0151dik. A magokat belt\u00e9rben \u00fcltesse el, \u00e9s \u00e1prilis v\u00e9g\u00e9t\u0151l \u00fcltesse ki, vagy m\u00e1jus elej\u00e9t\u0151l vesse k\u00f6zvetlen\u00fcl a f\u00f6ldbe.<\/p>\n<p>A Yualing F1 eset\u00e9ben n\u00f6v\u00e9nyenk\u00e9nt k\u00f6r\u00fclbel\u00fcl 2-3 n\u00e9gyzetm\u00e9tert javaslunk.<\/p>\n<p>Potenci\u00e1lis k\u00e1rtev\u0151k: csig\u00e1k, madarak, egerek, lev\u00e9ltetvek, lisztharmat<\/p>\n<p>&nbsp;<\/p>\n","protected":false},"featured_media":38840,"comment_status":"closed","ping_status":"closed","template":"","meta":[],"product_brand":[],"product_cat":[345],"product_tag":[],"class_list":{"0":"post-38839","1":"product","2":"type-product","3":"status-publish","4":"has-post-thumbnail","6":"product_cat-suto-fozo-es-disztokok","8":"first","9":"instock","10":"taxable","11":"shipping-taxable","12":"purchasable","13":"product-type-simple"},"_links":{"self":[{"href":"https:\/\/chilimag.hu\/webshop\/wp-json\/wp\/v2\/product\/38839","targetHints":{"allow":["GET"]}}],"collection":[{"href":"https:\/\/chilimag.hu\/webshop\/wp-json\/wp\/v2\/product"}],"about":[{"href":"https:\/\/chilimag.hu\/webshop\/wp-json\/wp\/v2\/types\/product"}],"replies":[{"embeddable":true,"href":"https:\/\/chilimag.hu\/webshop\/wp-json\/wp\/v2\/comments?post=38839"}],"wp:featuredmedia":[{"embeddable":true,"href":"https:\/\/chilimag.hu\/webshop\/wp-json\/wp\/v2\/media\/38840"}],"wp:attachment":[{"href":"https:\/\/chilimag.hu\/webshop\/wp-json\/wp\/v2\/media?parent=38839"}],"wp:term":[{"taxonomy":"product_brand","embeddable":true,"href":"https:\/\/chilimag.hu\/webshop\/wp-json\/wp\/v2\/product_brand?post=38839"},{"taxonomy":"product_cat","embeddable":true,"href":"https:\/\/chilimag.hu\/webshop\/wp-json\/wp\/v2\/product_cat?post=38839"},{"taxonomy":"product_tag","embeddable":true,"href":"https:\/\/chilimag.hu\/webshop\/wp-json\/wp\/v2\/product_tag?post=38839"}],"curies":[{"name":"wp","href":"https:\/\/api.w.org\/{rel}","templated":true}]}}