{"id":38834,"date":"2026-01-06T18:34:32","date_gmt":"2026-01-06T18:34:32","guid":{"rendered":"https:\/\/chilimag.hu\/webshop\/?post_type=product&#038;p=38834"},"modified":"2026-04-22T21:05:59","modified_gmt":"2026-04-22T21:05:59","slug":"anizsos-izsop-mexikoi-menta","status":"publish","type":"product","link":"https:\/\/chilimag.hu\/webshop\/termek\/anizsos-izsop-mexikoi-menta\/","title":{"rendered":"\u00c1nizsos izs\u00f3p (mexik\u00f3i menta) B-S"},"content":{"rendered":"","protected":false},"excerpt":{"rendered":"<p>Term\u00e9kle\u00edr\u00e1s<\/p>\n<p>Botanikai n\u00e9v: Agastache foeniculum<\/p>\n<p>A mexik\u00f3i menta nagyon dekorat\u00edv n\u00f6v\u00e9ny a f\u0171szer- \u00e9s konyhakertben. Er\u0151sen arom\u00e1s leveleit sal\u00e1t\u00e1kban, gy\u00f3gyte\u00e1kban \u00e9s potpourriban haszn\u00e1lj\u00e1k. Vir\u00e1gz\u00e1skor kiv\u00e1l\u00f3 nekt\u00e1rforr\u00e1s a m\u00e9hek sz\u00e1m\u00e1ra.<\/p>\n<p>&nbsp;<\/p>\n<p>J\u00faliust\u00f3l okt\u00f3berig folyamatosan sz\u00fcretelj\u00fck.<\/p>\n<p>Vet\u00e9si id\u0151: m\u00e1rcius-\u00e1prilis<\/p>\n<p>Egy adag k\u00f6r\u00fclbel\u00fcl 300 n\u00f6v\u00e9nyhez elegend\u0151.<br \/>\nM\u00e1rciust\u00f3l \u00e1prilisig vesse belt\u00e9rben, majd csom\u00f3kban sz\u00farja ki a pal\u00e1nt\u00e1kat.<\/p>\n<p>Amint a n\u00f6v\u00e9nyek el\u00e9g nagyok lettek, \u00fcltesse ki 50 x 80 cm-es t\u00e9rk\u00f6zzel.Enyh\u00e9n izzaszt\u00f3 hat\u00e1s\u00fa te\u00e1j\u00e1t els\u0151sorban k\u00f6h\u00f6g\u00e9s, megh\u0171l\u00e9s eset\u00e9n alkalmazz\u00e1k. Em\u00e9szt\u00e9si panaszokra is hat\u00e1sos.<sup id=\"cite_ref-Te\u00e1k_9-0\" class=\"reference\"><\/sup> Antiszeptikus hat\u00e1s\u00fa, a legk\u00fcl\u00f6nf\u00e9l\u00e9bb s\u00e9r\u00fcl\u00e9sek gy\u00f3gy\u00edt\u00e1s\u00e1ra, hasmen\u00e9s ellen haszn\u00e1lj\u00e1k, csillap\u00edtja a l\u00e1zat is.<sup id=\"cite_ref-fito_3-3\" class=\"reference\"><\/sup>Kiv\u00e1l\u00f3 \u00e9tv\u00e1gyjav\u00edt\u00f3 keser\u0171anyag tartalma miatt, a zs\u00edros \u00e9telekn\u00e9l fokozza az em\u00e9szt\u0151nedvek kiv\u00e1laszt\u00e1s\u00e1t. F\u0151zet\u00e9vel \u00f6bl\u00f6getve, a sz\u00e1j ny\u00e1lkah\u00e1rtya gyullad\u00e1sait kezelik, j\u00f3 gomba\u00f6l\u0151 \u00e9s asztma ellen is hat\u00e1sos.<sup id=\"cite_ref-\u00f6ko_2-1\" class=\"reference\"><\/sup> De nem csak a levele \u00e9s vir\u00e1ga tartalmaz gy\u00f3gyanyagokat, r\u00e9gen az indi\u00e1nok a gy\u00f6ker\u00e9t haszn\u00e1lt\u00e1k t\u00fcd\u0151gy\u00f3gyszerk\u00e9nt. <sup id=\"cite_ref-herba_1-1\" class=\"reference\"><\/sup>Magas v\u00e9rnyom\u00e1s eset\u00e9n nem szabad fogyasztani!<sup id=\"cite_ref-10\" class=\"reference\"><\/sup><\/p>\n<p>&nbsp;<\/p>\n","protected":false},"featured_media":38835,"comment_status":"closed","ping_status":"closed","template":"","meta":[],"product_brand":[],"product_cat":[330],"product_tag":[],"class_list":{"0":"post-38834","1":"product","2":"type-product","3":"status-publish","4":"has-post-thumbnail","6":"product_cat-fuszer-es-gyogynoveny-vetomagok","8":"first","9":"instock","10":"taxable","11":"shipping-taxable","12":"purchasable","13":"product-type-simple"},"_links":{"self":[{"href":"https:\/\/chilimag.hu\/webshop\/wp-json\/wp\/v2\/product\/38834","targetHints":{"allow":["GET"]}}],"collection":[{"href":"https:\/\/chilimag.hu\/webshop\/wp-json\/wp\/v2\/product"}],"about":[{"href":"https:\/\/chilimag.hu\/webshop\/wp-json\/wp\/v2\/types\/product"}],"replies":[{"embeddable":true,"href":"https:\/\/chilimag.hu\/webshop\/wp-json\/wp\/v2\/comments?post=38834"}],"wp:featuredmedia":[{"embeddable":true,"href":"https:\/\/chilimag.hu\/webshop\/wp-json\/wp\/v2\/media\/38835"}],"wp:attachment":[{"href":"https:\/\/chilimag.hu\/webshop\/wp-json\/wp\/v2\/media?parent=38834"}],"wp:term":[{"taxonomy":"product_brand","embeddable":true,"href":"https:\/\/chilimag.hu\/webshop\/wp-json\/wp\/v2\/product_brand?post=38834"},{"taxonomy":"product_cat","embeddable":true,"href":"https:\/\/chilimag.hu\/webshop\/wp-json\/wp\/v2\/product_cat?post=38834"},{"taxonomy":"product_tag","embeddable":true,"href":"https:\/\/chilimag.hu\/webshop\/wp-json\/wp\/v2\/product_tag?post=38834"}],"curies":[{"name":"wp","href":"https:\/\/api.w.org\/{rel}","templated":true}]}}