{"id":38339,"date":"2025-10-15T12:33:42","date_gmt":"2025-10-15T12:33:42","guid":{"rendered":"https:\/\/chilimag.hu\/webshop\/?post_type=product&#038;p=38339"},"modified":"2026-03-15T14:39:55","modified_gmt":"2026-03-15T14:39:55","slug":"ampius-sch","status":"publish","type":"product","link":"https:\/\/chilimag.hu\/webshop\/termek\/ampius-sch\/","title":{"rendered":"Ampius SCh"},"content":{"rendered":"<p><img decoding=\"async\" src=\"https:\/\/chilimag.hu\/webshop\/wp-content\/uploads\/2014\/11\/chilimag-logo-2-150x150.jpg\" \/><\/p>\n<p><strong><em>Term\u00e9kle\u00edr\u00e1s<\/em><\/strong><\/p>\n<p>Botanikai n\u00e9v: Capsicum annuum<\/p>\n<p>Scoville:0 SHU<\/p>\n<p>Az Ampuis Chili egy nagyon sz\u00e9p piros mini kaliforniai paprika, amely Franciaorsz\u00e1gb\u00f3l sz\u00e1rmazik, \u00e9s a Rh\u00f4ne megyei Ampuis borvid\u00e9kr\u0151l kapta a nev\u00e9t. A n\u00f6v\u00e9nyek nagyon term\u00e9kenyek, de csak 50-70 cm magasra n\u0151nek, ez\u00e9rt j\u00f3l alkalmasak cserepes termeszt\u00e9sre. A kis paprik\u00e1knak nincs cs\u00edp\u0151ss\u00e9g\u00fck, nagyon finom \u00e9s \u00e9des \u00edz\u00fck van, \u00e9s alkalmasak t\u00f6ltel\u00e9kre, s\u00fct\u00e9sre vagy savany\u00edt\u00e1sra.<\/p>\n<p>Gondoz\u00e1s: A cs\u00edr\u00e1z\u00e1si h\u0151m\u00e9rs\u00e9klet 22\u00b0C \u00e9s 28\u00b0C k\u00f6z\u00f6tt van (cs\u00edr\u00e1z\u00e1si id\u0151: 8-21 nap); ez\u00e9rt aj\u00e1nlott \u00fcvegh\u00e1zat \u00e9s f\u0171t\u0151sz\u0151nyeget haszn\u00e1lni. A n\u00f6v\u00e9nyeknek friss, j\u00f3l tr\u00e1gy\u00e1zott, \u00e1tereszt\u0151 talajra van sz\u00fcks\u00e9g\u00fck, \u00e9s nem t\u0171rik a pang\u00e1st. Napos, v\u00e9dett helyre kell \u00fcltetni \u0151ket, legal\u00e1bb 6 \u00f3r\u00e1nyi napf\u00e9nyben &#8211; lehet\u0151leg t\u00f6bbet. A n\u00f6v\u00e9nyeket az utols\u00f3 fagy ut\u00e1n kb. 2-3 h\u00e9ttel tedd ki a szabadba.<\/p>\n<p>F\u0171szeress\u00e9gi fok 0<br \/>\nScoville 0 SHU<br \/>\nOptim\u00e1lis cs\u00edr\u00e1z\u00e1si h\u0151m\u00e9rs\u00e9klet 22 &#8211; 28 \u00b0C<br \/>\nVet\u0151id\u0151: janu\u00e1r &#8211; \u00e1prilis<br \/>\nVir\u00e1gok: feh\u00e9rek<br \/>\nN\u00f6veked\u00e9si habitus: bokros, 50 &#8211; 70 cm magas<br \/>\n\u00c9r\u00fcl\u00e9s: z\u00f6ldt\u0151l pirosig<br \/>\nGy\u00fcm\u00f6lcs megjelen\u00e9se: mini kaliforniai paprika<br \/>\n\u00c9r\u00fcl\u00e9si id\u0151: 90 nap<br \/>\nSz\u00e1rmaz\u00e1si hely: Franciaorsz\u00e1g<\/p>\n<p>&nbsp;<\/p>\n<p>A csomag 10 szem magot tartalmaz<\/p>\n<p>&nbsp;<\/p>\n","protected":false},"excerpt":{"rendered":"<p>Term\u00e9kle\u00edr\u00e1s Botanikai n\u00e9v: Capsicum annuum Scoville:0 SHU Az Ampuis Chili egy nagyon sz\u00e9p piros mini kaliforniai paprika, amely Franciaorsz\u00e1gb\u00f3l sz\u00e1rmazik, \u00e9s a Rh\u00f4ne megyei Ampuis borvid\u00e9kr\u0151l kapta a nev\u00e9t. A n\u00f6v\u00e9nyek nagyon term\u00e9kenyek, de csak 50-70 cm magasra n\u0151nek, ez\u00e9rt j\u00f3l alkalmasak cserepes termeszt\u00e9sre. A kis paprik\u00e1knak nincs cs\u00edp\u0151ss\u00e9g\u00fck, nagyon finom \u00e9s \u00e9des \u00edz\u00fck van, [&hellip;]<\/p>\n","protected":false},"featured_media":38340,"comment_status":"closed","ping_status":"closed","template":"","meta":[],"product_brand":[],"product_cat":[8],"product_tag":[],"class_list":{"0":"post-38339","1":"product","2":"type-product","3":"status-publish","4":"has-post-thumbnail","6":"product_cat-paprika","8":"first","9":"instock","10":"taxable","11":"shipping-taxable","12":"purchasable","13":"product-type-simple"},"_links":{"self":[{"href":"https:\/\/chilimag.hu\/webshop\/wp-json\/wp\/v2\/product\/38339","targetHints":{"allow":["GET"]}}],"collection":[{"href":"https:\/\/chilimag.hu\/webshop\/wp-json\/wp\/v2\/product"}],"about":[{"href":"https:\/\/chilimag.hu\/webshop\/wp-json\/wp\/v2\/types\/product"}],"replies":[{"embeddable":true,"href":"https:\/\/chilimag.hu\/webshop\/wp-json\/wp\/v2\/comments?post=38339"}],"wp:featuredmedia":[{"embeddable":true,"href":"https:\/\/chilimag.hu\/webshop\/wp-json\/wp\/v2\/media\/38340"}],"wp:attachment":[{"href":"https:\/\/chilimag.hu\/webshop\/wp-json\/wp\/v2\/media?parent=38339"}],"wp:term":[{"taxonomy":"product_brand","embeddable":true,"href":"https:\/\/chilimag.hu\/webshop\/wp-json\/wp\/v2\/product_brand?post=38339"},{"taxonomy":"product_cat","embeddable":true,"href":"https:\/\/chilimag.hu\/webshop\/wp-json\/wp\/v2\/product_cat?post=38339"},{"taxonomy":"product_tag","embeddable":true,"href":"https:\/\/chilimag.hu\/webshop\/wp-json\/wp\/v2\/product_tag?post=38339"}],"curies":[{"name":"wp","href":"https:\/\/api.w.org\/{rel}","templated":true}]}}