{"id":38145,"date":"2025-09-09T17:01:43","date_gmt":"2025-09-09T17:01:43","guid":{"rendered":"https:\/\/chilimag.hu\/webshop\/?post_type=product&#038;p=38145"},"modified":"2026-03-11T12:35:53","modified_gmt":"2026-03-11T12:35:53","slug":"salata-dubagold-z-s-sl","status":"publish","type":"product","link":"https:\/\/chilimag.hu\/webshop\/termek\/salata-dubagold-z-s-sl\/","title":{"rendered":"Sal\u00e1ta Dubagold Z.S SL"},"content":{"rendered":"","protected":false},"excerpt":{"rendered":"<div class=\"thumbnail thumbnail-image\"><img decoding=\"async\" draggable=\"false\" src=\"https:\/\/chilimag.hu\/webshop\/wp-content\/uploads\/2025\/09\/zalia_stotele_2-300x300-1-150x150.png\" alt=\"\" \/><\/div>\n<div class=\"details\"><\/div>\n<div class=\"e-hint\">\n<div class=\"e-hint__container\" data-event=\"image_optimizer_hint\">\n<div class=\"elementor-control-notice elementor-control-notice-type-info\" data-display=\"true\">\n<div class=\"elementor-control-notice-main action-handler\" data-event=\"image_optimizer_hint\" data-settings=\"eyJhY3Rpb25fdXJsIjoiaHR0cHM6XC9cL2NoaWxpbWFnLmh1XC93ZWJzaG9wXC93cC1hZG1pblwvdXBkYXRlLnBocD9hY3Rpb249aW5zdGFsbC1wbHVnaW4mYW1wO3BsdWdpbj1pbWFnZS1vcHRpbWl6YXRpb24mYW1wO193cG5vbmNlPTNmZjNkNzBmM2UifQ==\"><strong><strong>Term\u00e9kle\u00edr\u00e1s<\/strong><\/strong>K\u00f6zepesen korai, b\u0151 term\u0151 t\u00f6lgylevel\u0171 sal\u00e1tafajta. A fejek kiv\u00e9telesen nagyok \u2013 betakar\u00edt\u00e1skor k\u00f6r\u00fclbel\u00fcl 500 g-osak. A fajta levelei v\u00e1gott alak\u00faak, halv\u00e1nyz\u00f6ldek, pozsg\u00e1sak, v\u00e1g\u00e1s ut\u00e1n \u00fajran\u0151nek. Szabadf\u00f6ld\u00f6n termesztik tavaszi \u00e9s \u0151szi betakar\u00edt\u00e1sra. A fajta ellen\u00e1ll a betegs\u00e9geknek, lassan kel ki, \u00e9s nem keser\u0171dik. Nem ig\u00e9nyes a h\u0151re, napf\u00e9nykedvel\u0151. Laza, term\u00e9keny talajban fejl\u0151dik a legjobban.<\/p>\n<p>Magok sz\u00e1ma grammonk\u00e9nt ~700-1200<\/p>\n<p>Vet\u00e9si id\u0151 a szabadf\u00f6ldben X<br \/>\nVet\u00e9si id\u0151 az \u00fcvegh\u00e1zban III-IV<br \/>\nBetakar\u00edt\u00e1s IV-IX<br \/>\nTeny\u00e9szt\u00e9si hely: \u00dcvegh\u00e1zban, Szabadf\u00f6ld\u00f6n<br \/>\nM\u00e1rka: \u017dalia stotel\u0117<br \/>\n\u00dcltettet\u00e9s: IV-VIII<br \/>\nNapos hely: Igen<br \/>\nCsomagol\u00e1s: 1 g<\/p>\n<\/div>\n<\/div>\n<div data-event=\"image_optimizer_hint\" data-settings=\"eyJhY3Rpb25fdXJsIjoiaHR0cHM6XC9cL2NoaWxpbWFnLmh1XC93ZWJzaG9wXC93cC1hZG1pblwvdXBkYXRlLnBocD9hY3Rpb249aW5zdGFsbC1wbHVnaW4mYW1wO3BsdWdpbj1pbWFnZS1vcHRpbWl6YXRpb24mYW1wO193cG5vbmNlPTNmZjNkNzBmM2UifQ==\"><\/div>\n<\/div>\n<\/div>\n","protected":false},"featured_media":38146,"comment_status":"closed","ping_status":"closed","template":"","meta":[],"product_brand":[],"product_cat":[357],"product_tag":[],"class_list":{"0":"post-38145","1":"product","2":"type-product","3":"status-publish","4":"has-post-thumbnail","6":"product_cat-retek-salata-es-levelzoldseg-vetomagok","8":"first","9":"instock","10":"taxable","11":"shipping-taxable","12":"purchasable","13":"product-type-simple"},"_links":{"self":[{"href":"https:\/\/chilimag.hu\/webshop\/wp-json\/wp\/v2\/product\/38145","targetHints":{"allow":["GET"]}}],"collection":[{"href":"https:\/\/chilimag.hu\/webshop\/wp-json\/wp\/v2\/product"}],"about":[{"href":"https:\/\/chilimag.hu\/webshop\/wp-json\/wp\/v2\/types\/product"}],"replies":[{"embeddable":true,"href":"https:\/\/chilimag.hu\/webshop\/wp-json\/wp\/v2\/comments?post=38145"}],"wp:featuredmedia":[{"embeddable":true,"href":"https:\/\/chilimag.hu\/webshop\/wp-json\/wp\/v2\/media\/38146"}],"wp:attachment":[{"href":"https:\/\/chilimag.hu\/webshop\/wp-json\/wp\/v2\/media?parent=38145"}],"wp:term":[{"taxonomy":"product_brand","embeddable":true,"href":"https:\/\/chilimag.hu\/webshop\/wp-json\/wp\/v2\/product_brand?post=38145"},{"taxonomy":"product_cat","embeddable":true,"href":"https:\/\/chilimag.hu\/webshop\/wp-json\/wp\/v2\/product_cat?post=38145"},{"taxonomy":"product_tag","embeddable":true,"href":"https:\/\/chilimag.hu\/webshop\/wp-json\/wp\/v2\/product_tag?post=38145"}],"curies":[{"name":"wp","href":"https:\/\/api.w.org\/{rel}","templated":true}]}}