{"id":38132,"date":"2025-09-09T16:26:50","date_gmt":"2025-09-09T16:26:50","guid":{"rendered":"https:\/\/chilimag.hu\/webshop\/?post_type=product&#038;p=38132"},"modified":"2026-04-30T07:30:20","modified_gmt":"2026-04-30T07:30:20","slug":"mycelium-elo-myceliumok-fatorzskomposzt-06l-sl","status":"publish","type":"product","link":"https:\/\/chilimag.hu\/webshop\/termek\/mycelium-elo-myceliumok-fatorzskomposzt-06l-sl\/","title":{"rendered":"Mycelium \u00e9l\u0151 myceliumok fat\u00f6rzskomposzt 0,6l SL"},"content":{"rendered":"","protected":false},"excerpt":{"rendered":"<div class=\"thumbnail thumbnail-image\"><img decoding=\"async\" class=\"\" draggable=\"false\" src=\"https:\/\/chilimag.hu\/webshop\/wp-content\/uploads\/2025\/09\/logo-mycelium-300x108.png\" alt=\"\" width=\"150\" height=\"54\" \/><\/div>\n<div class=\"details\"><\/div>\n<div class=\"e-hint\">\n<div class=\"e-hint__container\" data-event=\"image_optimizer_hint\">\n<div class=\"elementor-control-notice elementor-control-notice-type-info\" data-display=\"true\">\n<div class=\"elementor-control-notice-main action-handler\" data-event=\"image_optimizer_hint\" data-settings=\"eyJhY3Rpb25fdXJsIjoiaHR0cHM6XC9cL2NoaWxpbWFnLmh1XC93ZWJzaG9wXC93cC1hZG1pblwvdXBkYXRlLnBocD9hY3Rpb249aW5zdGFsbC1wbHVnaW4mYW1wO3BsdWdpbj1pbWFnZS1vcHRpbWl6YXRpb24mYW1wO193cG5vbmNlPTNmZjNkNzBmM2UifQ==\">\n<p><strong><strong>Term\u00e9kle\u00edr\u00e1s<\/strong><\/strong><\/p>\n<p>\u00c9l\u0151 mic\u00e9lium fat\u00f6rzsek lebont\u00e1s\u00e1ra \u00e9s komposzt\u00e1l\u00e1s\u00e1ra, \u00e9l\u0151 organizmust tartalmaz, amely term\u00e9szetes m\u00f3don lebontja az elhalt fasz\u00f6vetet. Nem jelent vesz\u00e9lyt az \u00e9l\u0151 n\u00f6v\u00e9nyekre, \u00e9s biztons\u00e1gos a k\u00f6rnyezetre. A k\u00e9sz\u00edtm\u00e9ny haszn\u00e1lata kiv\u00e1l\u00f3 \u00e9s \u00f6kol\u00f3giai m\u00f3dja a kiv\u00e1gott fa tusk\u00f3inak elt\u00e1vol\u00edt\u00e1s\u00e1ra. A mic\u00e9lium felhaszn\u00e1lhat\u00f3 b\u00e1rmilyen szerves hullad\u00e9k lebont\u00e1s\u00e1ra \u00e9s komposzt\u00e1l\u00e1s\u00e1ra is.<\/p>\n<p>A k\u00e9sz\u00edtm\u00e9nyt az erd\u00e9szek \u00e9vek \u00f3ta sikeresen haszn\u00e1lj\u00e1k fatusk\u00f3k elt\u00e1vol\u00edt\u00e1s\u00e1ra \u00e9s gy\u00f6kerek lebont\u00e1s\u00e1ra. A mic\u00e9lium t\u00f6k\u00e9letes b\u00e1rhol, ahol nem lehets\u00e9ges mechanikusan elt\u00e1vol\u00edtani a tusk\u00f3t a kiv\u00e1gott f\u00e1r\u00f3l. A t\u00f6rzsek \u00e9s \u00e1gak leboml\u00e1si ideje f\u00e9l \u00e9vt\u0151l ak\u00e1r h\u00e1rom \u00e9vig is terjedhet, \u00e9s az id\u0151j\u00e1r\u00e1si viszonyokt\u00f3l, a t\u00f6rzs p\u00e1ratartalm\u00e1t\u00f3l, a fa kem\u00e9nys\u00e9g\u00e9t\u0151l, a t\u00f6rzs \u00e1tm\u00e9r\u0151j\u00e9t\u0151l \u00e9s a k\u00e9sz\u00edtm\u00e9ny megfelel\u0151 alkalmaz\u00e1s\u00e1t\u00f3l f\u00fcgg. A munkafolyad\u00e9k elk\u00e9sz\u00edt\u00e9se. Morzsolja el a k\u00e9sz\u00edtm\u00e9ny csomagj\u00e1t 5 liter tiszta v\u00edzben, \u00e9s alaposan keverje \u00f6ssze. A kapott munkafolyad\u00e9kot kenje a t\u00f6rzs fel\u00fclet\u00e9re. V\u00e9dje a t\u00f6rzset a nedvess\u00e9gveszt\u00e9st\u0151l 5 cm vastag f\u00f6ld- vagy f\u0171r\u00e9szporr\u00e9teg felvitel\u00e9vel. Haszn\u00e1lja a mic\u00e9liumot \u00e1prilist\u00f3l okt\u00f3berig.<\/p>\n<\/div>\n<div data-event=\"image_optimizer_hint\" data-settings=\"eyJhY3Rpb25fdXJsIjoiaHR0cHM6XC9cL2NoaWxpbWFnLmh1XC93ZWJzaG9wXC93cC1hZG1pblwvdXBkYXRlLnBocD9hY3Rpb249aW5zdGFsbC1wbHVnaW4mYW1wO3BsdWdpbj1pbWFnZS1vcHRpbWl6YXRpb24mYW1wO193cG5vbmNlPTNmZjNkNzBmM2UifQ==\"><\/div>\n<\/div>\n<\/div>\n<\/div>\n","protected":false},"featured_media":38134,"comment_status":"closed","ping_status":"closed","template":"","meta":[],"product_brand":[],"product_cat":[472,466],"product_tag":[],"class_list":{"0":"post-38132","1":"product","2":"type-product","3":"status-publish","4":"has-post-thumbnail","6":"product_cat-mycelium-es-szezonalis-termekek","7":"product_cat-talaj-javitok-es-takarok","9":"first","10":"instock","11":"taxable","12":"shipping-taxable","13":"purchasable","14":"product-type-simple"},"_links":{"self":[{"href":"https:\/\/chilimag.hu\/webshop\/wp-json\/wp\/v2\/product\/38132","targetHints":{"allow":["GET"]}}],"collection":[{"href":"https:\/\/chilimag.hu\/webshop\/wp-json\/wp\/v2\/product"}],"about":[{"href":"https:\/\/chilimag.hu\/webshop\/wp-json\/wp\/v2\/types\/product"}],"replies":[{"embeddable":true,"href":"https:\/\/chilimag.hu\/webshop\/wp-json\/wp\/v2\/comments?post=38132"}],"wp:featuredmedia":[{"embeddable":true,"href":"https:\/\/chilimag.hu\/webshop\/wp-json\/wp\/v2\/media\/38134"}],"wp:attachment":[{"href":"https:\/\/chilimag.hu\/webshop\/wp-json\/wp\/v2\/media?parent=38132"}],"wp:term":[{"taxonomy":"product_brand","embeddable":true,"href":"https:\/\/chilimag.hu\/webshop\/wp-json\/wp\/v2\/product_brand?post=38132"},{"taxonomy":"product_cat","embeddable":true,"href":"https:\/\/chilimag.hu\/webshop\/wp-json\/wp\/v2\/product_cat?post=38132"},{"taxonomy":"product_tag","embeddable":true,"href":"https:\/\/chilimag.hu\/webshop\/wp-json\/wp\/v2\/product_tag?post=38132"}],"curies":[{"name":"wp","href":"https:\/\/api.w.org\/{rel}","templated":true}]}}