{"id":38112,"date":"2025-09-08T18:19:07","date_gmt":"2025-09-08T18:19:07","guid":{"rendered":"https:\/\/chilimag.hu\/webshop\/?post_type=product&#038;p=38112"},"modified":"2026-03-08T20:56:41","modified_gmt":"2026-03-08T20:56:41","slug":"diszpipacs-amazing-grey-z-s-sl","status":"publish","type":"product","link":"https:\/\/chilimag.hu\/webshop\/termek\/diszpipacs-amazing-grey-z-s-sl\/","title":{"rendered":"D\u00edszpipacs Amazing Grey Z.S SL"},"content":{"rendered":"","protected":false},"excerpt":{"rendered":"<div class=\"thumbnail thumbnail-image\"><img decoding=\"async\" draggable=\"false\" src=\"https:\/\/chilimag.hu\/webshop\/wp-content\/uploads\/2025\/09\/zalia_stotele_2-300x300.png\" alt=\"\" \/><\/div>\n<div><strong><strong>Term\u00e9kle\u00edr\u00e1s<\/strong><\/strong>Amazing Grey<br \/>\nEgy\u00e9ves, egyedi, \u00faj fajta, amely nagyon ritka sz\u00fcrk\u00e9sk\u00e9k, 6 cm-es vir\u00e1gokat hoz. Gy\u00f6ny\u00f6r\u0171en mutat ny\u00e1ri vir\u00e1goskertekben. A n\u00f6v\u00e9nyek 70 cm magasak. K\u00f6nnyen termeszthet\u0151, b\u0151s\u00e9ges vir\u00e1gz\u00e1st biztos\u00edt. Talajjal szemben nem ig\u00e9nyes, gyenge talajon, napos helyen vagy f\u00e9l\u00e1rny\u00e9kban is termeszthet\u0151. \u00c1gy\u00e1sokban, m\u00e1s vir\u00e1gokkal csoportosan termeszthet\u0151. K\u00f6zvetlen vet\u00e9s. T\u00f6k\u00e9letesen kieg\u00e9sz\u00edti a b\u00fazavir\u00e1got \u00e9s a kamill\u00e1t. A vir\u00e1gok r\u00fcgyf\u00e1zisban v\u00e1gva, a vir\u00e1gzatokat sz\u00e1razvir\u00e1g-kompoz\u00edci\u00f3kban haszn\u00e1lj\u00e1k.<\/p>\n<p>L\u00e9gmentes csomagol\u00e1s: Igen<br \/>\nMennyis\u00e9g egy csomagban: 0,3 g<br \/>\nMagok sz\u00e1ma grammonk\u00e9nt: ~7500<br \/>\nVet\u00e9si id\u0151 talajban: IV-V<br \/>\nPal\u00e1nta vet\u00e9si ideje: IV-V<br \/>\nT\u00e1vols\u00e1gok, cm: 20&#215;20<br \/>\nVir\u00e1gz\u00e1si id\u0151szak: IV-X<br \/>\nM\u00e1rka: \u017dalia stotel\u0117<br \/>\nNapos hely: Igen<br \/>\nF\u00e9l\u00e1rny\u00e9kos: Igen<br \/>\nSz\u00edn: K\u00e9k<br \/>\nVeget\u00e1ci\u00f3: Egyny\u00e1ri<br \/>\nVir\u00e1g\u00e1gy\u00e1sokba termeszt\u00e9sre alkalmas<br \/>\nKl\u00edma: Napos<br \/>\nA csomagol\u00e1son felt\u00fcntetett nyelvek: LV, EN, LT, EE, DE<br \/>\nT\u00f6meg: 0,3 g<\/p>\n<\/div>\n<div><\/div>\n","protected":false},"featured_media":38113,"comment_status":"closed","ping_status":"closed","template":"","meta":[],"product_brand":[],"product_cat":[363],"product_tag":[],"class_list":{"0":"post-38112","1":"product","2":"type-product","3":"status-publish","4":"has-post-thumbnail","6":"product_cat-virag-vetomagok-zalia-stotele","8":"first","9":"instock","10":"taxable","11":"shipping-taxable","12":"purchasable","13":"product-type-simple"},"_links":{"self":[{"href":"https:\/\/chilimag.hu\/webshop\/wp-json\/wp\/v2\/product\/38112","targetHints":{"allow":["GET"]}}],"collection":[{"href":"https:\/\/chilimag.hu\/webshop\/wp-json\/wp\/v2\/product"}],"about":[{"href":"https:\/\/chilimag.hu\/webshop\/wp-json\/wp\/v2\/types\/product"}],"replies":[{"embeddable":true,"href":"https:\/\/chilimag.hu\/webshop\/wp-json\/wp\/v2\/comments?post=38112"}],"wp:featuredmedia":[{"embeddable":true,"href":"https:\/\/chilimag.hu\/webshop\/wp-json\/wp\/v2\/media\/38113"}],"wp:attachment":[{"href":"https:\/\/chilimag.hu\/webshop\/wp-json\/wp\/v2\/media?parent=38112"}],"wp:term":[{"taxonomy":"product_brand","embeddable":true,"href":"https:\/\/chilimag.hu\/webshop\/wp-json\/wp\/v2\/product_brand?post=38112"},{"taxonomy":"product_cat","embeddable":true,"href":"https:\/\/chilimag.hu\/webshop\/wp-json\/wp\/v2\/product_cat?post=38112"},{"taxonomy":"product_tag","embeddable":true,"href":"https:\/\/chilimag.hu\/webshop\/wp-json\/wp\/v2\/product_tag?post=38112"}],"curies":[{"name":"wp","href":"https:\/\/api.w.org\/{rel}","templated":true}]}}