{"id":38105,"date":"2025-09-08T18:02:12","date_gmt":"2025-09-08T18:02:12","guid":{"rendered":"https:\/\/chilimag.hu\/webshop\/?post_type=product&#038;p=38105"},"modified":"2026-03-31T22:31:41","modified_gmt":"2026-03-31T22:31:41","slug":"paradicsom-bronzy-ow-ugarden-sl","status":"publish","type":"product","link":"https:\/\/chilimag.hu\/webshop\/termek\/paradicsom-bronzy-ow-ugarden-sl\/","title":{"rendered":"Paradicsom Bronzy OW UGarden SL"},"content":{"rendered":"","protected":false},"excerpt":{"rendered":"<p><img decoding=\"async\" draggable=\"false\" src=\"https:\/\/chilimag.hu\/webshop\/wp-content\/uploads\/2025\/09\/Organic-Way-300x154.webp\" alt=\"\" \/><\/p>\n<p><strong>Term\u00e9kle\u00edr\u00e1s<\/strong><\/p>\n<p>TOMATO BRONZY<br \/>\nKorai \u00e9r\u00e9s\u0171, kokt\u00e9l t\u00edpus\u00fa paradicsomfajta. A gy\u00fcm\u00f6lcs\u00f6k kicsik, 12 g s\u00faly\u00faak, nagyon \u00edzletesek, l\u00e9d\u00fasak \u00e9s \u00e9desek. A n\u00f6v\u00e9nyek magasak, el\u00e9rik a 200\u2013250 cm magass\u00e1got, ellen\u00e1llnak a betegs\u00e9geknek. Polietil\u00e9n \u00fcvegh\u00e1zakban, erk\u00e9lyeken termesztve.<\/p>\n<p>Pal\u00e1ntanevel\u00e9si id\u0151 III-IV<br \/>\nVet\u00e9si id\u0151 \u00fcvegh\u00e1zban III-IV<br \/>\nT\u00e1p\u00e9rt\u00e9k, cm 90&#215;40<br \/>\nSz\u00fcret VII-VIII<br \/>\nN\u00f6veked\u00e9si hely Cser\u00e9pben, Erk\u00e9lyen, \u00dcvegh\u00e1zban, Szabadf\u00f6ld\u00f6n<br \/>\nM\u00e1rka URBAN GARDEN<br \/>\n\u00dcltetv\u00e9ny V-VI<br \/>\nBio Igen<br \/>\nProfesszion\u00e1lis felhaszn\u00e1l\u00e1sra alkalmas Igen<br \/>\nSz\u00edn Vegyes<br \/>\nN\u00f6veked\u00e9si k\u00f6r\u00fclm\u00e9nyek Napos<\/p>\n<p>&nbsp;<\/p>\n","protected":false},"featured_media":38106,"comment_status":"closed","ping_status":"closed","template":"","meta":[],"product_brand":[],"product_cat":[354],"product_tag":[],"class_list":{"0":"post-38105","1":"product","2":"type-product","3":"status-publish","4":"has-post-thumbnail","6":"product_cat-organic-way","8":"first","9":"instock","10":"taxable","11":"shipping-taxable","12":"purchasable","13":"product-type-simple"},"_links":{"self":[{"href":"https:\/\/chilimag.hu\/webshop\/wp-json\/wp\/v2\/product\/38105","targetHints":{"allow":["GET"]}}],"collection":[{"href":"https:\/\/chilimag.hu\/webshop\/wp-json\/wp\/v2\/product"}],"about":[{"href":"https:\/\/chilimag.hu\/webshop\/wp-json\/wp\/v2\/types\/product"}],"replies":[{"embeddable":true,"href":"https:\/\/chilimag.hu\/webshop\/wp-json\/wp\/v2\/comments?post=38105"}],"wp:featuredmedia":[{"embeddable":true,"href":"https:\/\/chilimag.hu\/webshop\/wp-json\/wp\/v2\/media\/38106"}],"wp:attachment":[{"href":"https:\/\/chilimag.hu\/webshop\/wp-json\/wp\/v2\/media?parent=38105"}],"wp:term":[{"taxonomy":"product_brand","embeddable":true,"href":"https:\/\/chilimag.hu\/webshop\/wp-json\/wp\/v2\/product_brand?post=38105"},{"taxonomy":"product_cat","embeddable":true,"href":"https:\/\/chilimag.hu\/webshop\/wp-json\/wp\/v2\/product_cat?post=38105"},{"taxonomy":"product_tag","embeddable":true,"href":"https:\/\/chilimag.hu\/webshop\/wp-json\/wp\/v2\/product_tag?post=38105"}],"curies":[{"name":"wp","href":"https:\/\/api.w.org\/{rel}","templated":true}]}}