{"id":38100,"date":"2025-09-08T17:50:31","date_gmt":"2025-09-08T17:50:31","guid":{"rendered":"https:\/\/chilimag.hu\/webshop\/?post_type=product&#038;p=38100"},"modified":"2026-03-09T10:26:46","modified_gmt":"2026-03-09T10:26:46","slug":"mutragya-gyumolcsfak-gyumolcs-bokrokra-800-gr-agr-sl","status":"publish","type":"product","link":"https:\/\/chilimag.hu\/webshop\/termek\/mutragya-gyumolcsfak-gyumolcs-bokrokra-800-gr-agr-sl\/","title":{"rendered":"M\u0171tr\u00e1gya gy\u00fcm\u00f6lcsf\u00e1k, gy\u00fcm\u00f6lcs bokrokra 800 gr AGR SL"},"content":{"rendered":"","protected":false},"excerpt":{"rendered":"<div class=\"thumbnail thumbnail-image\"><img decoding=\"async\" draggable=\"false\" src=\"https:\/\/chilimag.hu\/webshop\/wp-content\/uploads\/2025\/09\/AGRONOM-Logo-Color-300x171.jpg\" alt=\"\" \/><\/div>\n<div class=\"details\"><\/div>\n<div class=\"e-hint\">\n<div class=\"e-hint__container\" data-event=\"image_optimizer_hint\">\n<div class=\"elementor-control-notice elementor-control-notice-type-info\" data-display=\"true\">\n<div class=\"elementor-control-notice-main action-handler\" data-event=\"image_optimizer_hint\" data-settings=\"eyJhY3Rpb25fdXJsIjoiaHR0cHM6XC9cL2NoaWxpbWFnLmh1XC93ZWJzaG9wXC93cC1hZG1pblwvdXBkYXRlLnBocD9hY3Rpb249aW5zdGFsbC1wbHVnaW4mYW1wO3BsdWdpbj1pbWFnZS1vcHRpbWl6YXRpb24mYW1wO193cG5vbmNlPWM3YTRkZDJhMDkifQ==\"><strong><strong>Term\u00e9kle\u00edr\u00e1s<\/strong><\/strong>Sokoldal\u00fa m\u0171tr\u00e1gya gy\u00fcm\u00f6lcsf\u00e1k, bogy\u00f3s bokrok \u00e9s gyep tr\u00e1gy\u00e1z\u00e1s\u00e1ra \u00e9s \u00e1pol\u00e1s\u00e1ra.<\/p>\n<p>\u25cf Gy\u00fcm\u00f6lcsf\u00e1k \u00e9s bogy\u00f3s bokrok tavaszi \u00e9s \u0151szi tr\u00e1gy\u00e1z\u00e1sa. A koncentr\u00e1lt m\u0171tr\u00e1gy\u00e1kb\u00f3l k\u00e9sz\u00fclt oldat gyorsan behatol a n\u00f6v\u00e9nyi sz\u00f6vetekbe, nitrog\u00e9nnel \u00e9s mikrot\u00e1panyagokkal ell\u00e1tva azokat. Seg\u00edt megv\u00e9deni a n\u00f6v\u00e9nyeket a hirtelen h\u0151m\u00e9rs\u00e9klet-v\u00e1ltoz\u00e1sokt\u00f3l, a korai fagyokt\u00f3l \u00e9s egy\u00e9b k\u00f6rnyezeti stresszorokt\u00f3l.<\/p>\n<p>Elk\u00e9sz\u00edt\u00e9s: oldjon fel 700 g karbamidot, 50 g r\u00e9z-szulf\u00e1tot \u00e9s 50 g vas-szulf\u00e1tot 10 liter v\u00edzben.<\/p>\n<p>Tavaszi haszn\u00e1lat: permetezzen a h\u00f3 elolvad\u00e1sa ut\u00e1n, amint a h\u0151m\u00e9rs\u00e9klet nulla fok felett van, de a r\u00fcgyfakad\u00e1s el\u0151tt. Megel\u0151z\u0151 int\u00e9zked\u00e9sk\u00e9nt permetezzen r\u00e9gi lehullott leveleket \u00e9s mumifik\u00e1l\u00f3dott gy\u00fcm\u00f6lcs\u00f6ket a f\u00e1k alatt.<\/p>\n<p>\u0150szi haszn\u00e1lat: permetezzen betakar\u00edt\u00e1s ut\u00e1n, amikor a levelek k\u00f6r\u00fclbel\u00fcl 20%-a lehullott. Legjobb okt\u00f3berben vagy novemberben kijuttatni. Ker\u00fclje a t\u00fal korai permetez\u00e9st, hogy megakad\u00e1lyozza a korai r\u00fcgyfakad\u00e1st.<\/p>\n<p>\u25cf Moh\u00e1s vagy zuzm\u00f3val bor\u00edtott f\u00e1k \u00e9s cserj\u00e9k eset\u00e9n: Oldjon fel 50 g vas-szulf\u00e1tot 2 liter v\u00edzben. Permetezzen vagy vigyen fel ecsettel k\u00f6zvetlen\u00fcl a moh\u00e1val vagy zuzm\u00f3val bor\u00edtott t\u00f6rzsekre \u00e9s \u00e1gakra.<\/p>\n<p>\u25cf Moh\u00e1s gyep eset\u00e9n. Keverjen \u00f6ssze 20 g karbamidot \u00e9s 50 g vas-szulf\u00e1tot 5 liter v\u00edzben. Moh\u00e1s gyepfel\u00fcletekre permetezze vagy \u00f6nt\u00f6zze. Sz\u00fcks\u00e9g eset\u00e9n ism\u00e9telje meg 7-10 nap eltelt\u00e9vel.<\/p>\n<p>A vas cs\u00f6kkenti a talajfelsz\u00edn pH-\u00e9rt\u00e9k\u00e9t, elnyomva a mohak\u00e9pz\u0151d\u00e9st, m\u00edg a nitrog\u00e9n el\u0151seg\u00edti az eg\u00e9szs\u00e9ges gyepn\u00f6veked\u00e9st.<\/p>\n<p>Ne alkalmazza vadvir\u00e1gos vagy l\u00f3her\u00e9s gyepen. Gerebly\u00e9zze ki az elhalt moh\u00e1t, \u00e9s sz\u00fcks\u00e9g eset\u00e9n vesse be \u00fajra a csupasz foltokat.<\/p>\n<p>\u25cf N\u00f6v\u00e9nyi hullad\u00e9k komposzt\u00e1l\u00e1s\u00e1ra. A nitrog\u00e9nben gazdag oldat felgyors\u00edtja a boml\u00e1st \u00e9s gazdag\u00edtja a komposztot. Keverjen el 350 g karbamidot 10 liter v\u00edzben, \u00e9s \u00f6ntse a n\u00f6v\u00e9nyi maradv\u00e1nyokat (levelek, szalma, sz\u00e1rak, apr\u00edtott \u00e1gak, f\u0171nyesed\u00e9k, \u00e9telmarad\u00e9kok stb.) tartalmaz\u00f3 komposztra.<\/p>\n<p>Haszn\u00e1lati tippek:<\/p>\n<p>\u2013 Ne haszn\u00e1ljon f\u00e9mtart\u00e1lyokat vagy eszk\u00f6z\u00f6ket az oldat kever\u00e9s\u00e9hez.<br \/>\n\u2013 Ker\u00fclje a f\u00e9mfel\u00fcletekre val\u00f3 permetez\u00e9st.<br \/>\n\u2013 Ne keverje foszfort, magn\u00e9ziumot vagy kalciumot tartalmaz\u00f3 m\u0171tr\u00e1gy\u00e1kkal.<br \/>\n\u2013 N\u00f6v\u00e9nyv\u00e9d\u0151 szerekkel val\u00f3 kever\u00e9s eset\u00e9n csak karbamidot haszn\u00e1ljon.<br \/>\n\u2013 Oldja fel a m\u0171tr\u00e1gy\u00e1kat meleg, l\u00e1gy v\u00edzben.<br \/>\n\u2013 H\u0171v\u00f6s id\u0151ben (+20 \u00b0C alatt), reggel, este vagy felh\u0151s napokon alkalmazza.<\/p>\n<p>Tartalom:<br \/>\n\u2013 Karbamid (N \u2013 46,3%-os nitrog\u00e9nm\u0171tr\u00e1gya) \u2013 700 g<br \/>\n\u2013 Vas-szulf\u00e1t (Fe + S 19% + 27%) \u2013 50 g<br \/>\n\u2013 R\u00e9z-szulf\u00e1t (Cu + S 24% + 30%) \u2013 50 g<br \/>\nA csomag teljes s\u00falya: 800 g<\/p>\n<p>M\u00e1rka: AGRONOM<br \/>\nCsomagol\u00e1s: 0,8 kg<\/p>\n<\/div>\n<\/div>\n<div data-event=\"image_optimizer_hint\" data-settings=\"eyJhY3Rpb25fdXJsIjoiaHR0cHM6XC9cL2NoaWxpbWFnLmh1XC93ZWJzaG9wXC93cC1hZG1pblwvdXBkYXRlLnBocD9hY3Rpb249aW5zdGFsbC1wbHVnaW4mYW1wO3BsdWdpbj1pbWFnZS1vcHRpbWl6YXRpb24mYW1wO193cG5vbmNlPWM3YTRkZDJhMDkifQ==\"><\/div>\n<\/div>\n<\/div>\n","protected":false},"featured_media":38101,"comment_status":"closed","ping_status":"closed","template":"","meta":[],"product_brand":[],"product_cat":[388],"product_tag":[],"class_list":{"0":"post-38100","1":"product","2":"type-product","3":"status-publish","4":"has-post-thumbnail","6":"product_cat-agronom-tapoldatok-es-noveny-apolok","8":"first","9":"instock","10":"taxable","11":"shipping-taxable","12":"purchasable","13":"product-type-simple"},"_links":{"self":[{"href":"https:\/\/chilimag.hu\/webshop\/wp-json\/wp\/v2\/product\/38100","targetHints":{"allow":["GET"]}}],"collection":[{"href":"https:\/\/chilimag.hu\/webshop\/wp-json\/wp\/v2\/product"}],"about":[{"href":"https:\/\/chilimag.hu\/webshop\/wp-json\/wp\/v2\/types\/product"}],"replies":[{"embeddable":true,"href":"https:\/\/chilimag.hu\/webshop\/wp-json\/wp\/v2\/comments?post=38100"}],"wp:featuredmedia":[{"embeddable":true,"href":"https:\/\/chilimag.hu\/webshop\/wp-json\/wp\/v2\/media\/38101"}],"wp:attachment":[{"href":"https:\/\/chilimag.hu\/webshop\/wp-json\/wp\/v2\/media?parent=38100"}],"wp:term":[{"taxonomy":"product_brand","embeddable":true,"href":"https:\/\/chilimag.hu\/webshop\/wp-json\/wp\/v2\/product_brand?post=38100"},{"taxonomy":"product_cat","embeddable":true,"href":"https:\/\/chilimag.hu\/webshop\/wp-json\/wp\/v2\/product_cat?post=38100"},{"taxonomy":"product_tag","embeddable":true,"href":"https:\/\/chilimag.hu\/webshop\/wp-json\/wp\/v2\/product_tag?post=38100"}],"curies":[{"name":"wp","href":"https:\/\/api.w.org\/{rel}","templated":true}]}}