{"id":38098,"date":"2025-09-08T17:42:28","date_gmt":"2025-09-08T17:42:28","guid":{"rendered":"https:\/\/chilimag.hu\/webshop\/?post_type=product&#038;p=38098"},"modified":"2025-09-08T17:42:28","modified_gmt":"2025-09-08T17:42:28","slug":"gyeptragya-oszi-10-kg-agr-sl","status":"publish","type":"product","link":"https:\/\/chilimag.hu\/webshop\/termek\/gyeptragya-oszi-10-kg-agr-sl\/","title":{"rendered":"Gyeptr\u00e1gya \u0150szi 10 kg AGR SL"},"content":{"rendered":"","protected":false},"excerpt":{"rendered":"<div class=\"thumbnail thumbnail-image\"><img decoding=\"async\" draggable=\"false\" src=\"https:\/\/chilimag.hu\/webshop\/wp-content\/uploads\/2025\/09\/AGRONOM-Logo-Color-300x171.jpg\" alt=\"\" \/><\/div>\n<div class=\"details\"><\/div>\n<div class=\"e-hint\">\n<div class=\"e-hint__container\" data-event=\"image_optimizer_hint\">\n<div class=\"elementor-control-notice elementor-control-notice-type-info\" data-display=\"true\">\n<div class=\"elementor-control-notice-main action-handler\" data-event=\"image_optimizer_hint\" data-settings=\"eyJhY3Rpb25fdXJsIjoiaHR0cHM6XC9cL2NoaWxpbWFnLmh1XC93ZWJzaG9wXC93cC1hZG1pblwvdXBkYXRlLnBocD9hY3Rpb249aW5zdGFsbC1wbHVnaW4mYW1wO3BsdWdpbj1pbWFnZS1vcHRpbWl6YXRpb24mYW1wO193cG5vbmNlPWM3YTRkZDJhMDkifQ==\"><strong><strong>Term\u00e9kle\u00edr\u00e1s<\/strong><\/strong>\u0150SZI GYEPTR\u00c1GYA<br \/>\nPFC 1(C)(I)(a)(ii): \u00d6SSZETETT SZIL\u00c1RD SZERVETLEN MAKROTAMP-TR\u00c1GYA.<br \/>\nTartalommegjel\u00f6l\u00e9s PK (Ca, Mg, S) 12-20 (+21+3+8) (%). \u00d6sszes foszfor-pentoxid (P\u2082O\u2085) &#8211; 12%, hangyasavban oldhat\u00f3 foszfor-pentoxid (P\u2082O\u2085) &#8211; 6,5%, v\u00edzben oldhat\u00f3 k\u00e1lium-oxid (K\u2082O) &#8211; 20%, \u00f6sszes kalcium-oxid (CaO) &#8211; 21%, v\u00edzben oldhat\u00f3 kalcium-oxid (CaO) &#8211; 21%, \u00f6sszes k\u00e9n-trioxid (SO\u2083) &#8211; 8%, v\u00edzben oldhat\u00f3 k\u00e9n-trioxid (SO\u2083) &#8211; 7%. \u00d6sszetev\u0151k (CMC): K\u00e1lium-klorid\u00b9 CAS: 7447-40-7; foszforitok\u00b9 CAS: 1306-05-4 (CMC1); szuperfoszf\u00e1t+O4f\u00e1t\u00b9 CAS: 8011-76-5 (CMC1); dolomit\u00b9 CAS: 16389-88-1 (CMC1). CMC 1: Sz\u0171zanyag-anyagok \u00e9s kever\u00e9kek. Szemcsem\u00e9ret: Szemcs\u00e9k, 95%-ban 2-6,3 mm-es frakci\u00f3.<\/p>\n<p>Haszn\u00e1lati utas\u00edt\u00e1s. A m\u0171tr\u00e1gya gyeptr\u00e1gy\u00e1z\u00e1s\u00e1ra szolg\u00e1l \u0151sszel vagy kora tavasszal, ha \u0151sszel nem tr\u00e1gy\u00e1zz\u00e1k, kerti f\u00f6ld, hagym\u00e1s vir\u00e1gok, \u00e9vel\u0151 kerti \u00e9s d\u00edszn\u00f6v\u00e9nyek, helyi vagy sz\u00f3rv\u00e1nyos (gyep)tr\u00e1gy\u00e1z\u00e1sra. A m\u0171tr\u00e1gy\u00e1t sz\u00f3rja sz\u00e9t \u00e9s helyezze a talajba (10-20 cm) \u00e1s\u00e1s (vagy \u00fcltet\u00e9s) el\u0151tt, vagy a vegetat\u00edv n\u00f6v\u00e9nyek k\u00f6r\u00e9. A m\u0171tr\u00e1gy\u00e1t a bokrok \u00e9s f\u00e1k k\u00f6r\u00e9, az \u00e1gak sz\u00e9less\u00e9g\u00e9ben kell kijuttatni. Kijuttat\u00e1si mennyis\u00e9g 1 kg\/100 m\u00b2: gyeptelep\u00edt\u00e9skor (vet\u00e9skor) \u2013 8 kg\/100 m\u00b2; \u00faj gyep \u2013 6 kg\/100 m\u00b2 (az els\u0151 f\u0171ny\u00edr\u00e1s ut\u00e1n egyszer). j\u00f3l fejlett gyep \u2013 3 kg\/100 m\u00b2 (az aj\u00e1nlott tr\u00e1gy\u00e1z\u00e1si id\u0151szakban); kerti f\u00f6ld (ugar) \u2013 4\u20138 kg\/m\u00b2 (\u00e1s\u00e1s el\u0151tt); hagym\u00e1s vir\u00e1gok \u2013 2 kg\/100 m\u00b2 (\u00fcltet\u00e9skor); eper, bogy\u00f3s \u00e9s d\u00edszcserj\u00e9k \u2013 6 kg\/100 m\u00b2 (\u00fcltet\u00e9skor) vagy 3 kg\/100 m\u00b2 (az aj\u00e1nlott tr\u00e1gy\u00e1z\u00e1si id\u0151szakban); gy\u00fcm\u00f6lcs- \u00e9s d\u00edszf\u00e1k \u2013 10 kg\/100 m\u00b2 (\u00fcltet\u00e9skor vagy az aj\u00e1nlott tr\u00e1gy\u00e1z\u00e1si id\u0151szakban); gyeptelep\u00edt\u00e9skor (vet\u00e9sekor) \u2013 8 kg\/100 m\u00b2; \u00faj gyep \u2013 6 kg\/100 m\u00b2 (az els\u0151 f\u0171ny\u00edr\u00e1s ut\u00e1n egyszer); j\u00f3l fejlett gyep \u2013 3 kg\/100 m\u00b2 (az aj\u00e1nlott tr\u00e1gy\u00e1z\u00e1si id\u0151szakban).<\/p>\n<p>M\u00e1rka: AGRONOM<\/p>\n<p>M\u0171tr\u00e1gya t\u00edpusa: \u00d6mlesztett<br \/>\nM\u0171tr\u00e1gya szezonalit\u00e1sa: \u0150szi tr\u00e1gy\u00e1z\u00e1s<br \/>\nC\u00e9l: Gyeptr\u00e1gya<br \/>\nCsomagol\u00e1s: 10 kg<\/p>\n<\/div>\n<\/div>\n<\/div>\n<div data-event=\"image_optimizer_hint\" data-settings=\"eyJhY3Rpb25fdXJsIjoiaHR0cHM6XC9cL2NoaWxpbWFnLmh1XC93ZWJzaG9wXC93cC1hZG1pblwvdXBkYXRlLnBocD9hY3Rpb249aW5zdGFsbC1wbHVnaW4mYW1wO3BsdWdpbj1pbWFnZS1vcHRpbWl6YXRpb24mYW1wO193cG5vbmNlPWM3YTRkZDJhMDkifQ==\"><\/div>\n<\/div>\n","protected":false},"featured_media":38099,"comment_status":"closed","ping_status":"closed","template":"","meta":[],"product_brand":[],"product_cat":[388],"product_tag":[],"class_list":{"0":"post-38098","1":"product","2":"type-product","3":"status-publish","4":"has-post-thumbnail","6":"product_cat-agronom-tapoldatok-es-noveny-apolok","8":"first","9":"instock","10":"taxable","11":"shipping-taxable","12":"purchasable","13":"product-type-simple"},"_links":{"self":[{"href":"https:\/\/chilimag.hu\/webshop\/wp-json\/wp\/v2\/product\/38098","targetHints":{"allow":["GET"]}}],"collection":[{"href":"https:\/\/chilimag.hu\/webshop\/wp-json\/wp\/v2\/product"}],"about":[{"href":"https:\/\/chilimag.hu\/webshop\/wp-json\/wp\/v2\/types\/product"}],"replies":[{"embeddable":true,"href":"https:\/\/chilimag.hu\/webshop\/wp-json\/wp\/v2\/comments?post=38098"}],"wp:featuredmedia":[{"embeddable":true,"href":"https:\/\/chilimag.hu\/webshop\/wp-json\/wp\/v2\/media\/38099"}],"wp:attachment":[{"href":"https:\/\/chilimag.hu\/webshop\/wp-json\/wp\/v2\/media?parent=38098"}],"wp:term":[{"taxonomy":"product_brand","embeddable":true,"href":"https:\/\/chilimag.hu\/webshop\/wp-json\/wp\/v2\/product_brand?post=38098"},{"taxonomy":"product_cat","embeddable":true,"href":"https:\/\/chilimag.hu\/webshop\/wp-json\/wp\/v2\/product_cat?post=38098"},{"taxonomy":"product_tag","embeddable":true,"href":"https:\/\/chilimag.hu\/webshop\/wp-json\/wp\/v2\/product_tag?post=38098"}],"curies":[{"name":"wp","href":"https:\/\/api.w.org\/{rel}","templated":true}]}}