{"id":38054,"date":"2025-09-07T17:15:47","date_gmt":"2025-09-07T17:15:47","guid":{"rendered":"https:\/\/chilimag.hu\/webshop\/?post_type=product&#038;p=38054"},"modified":"2025-09-07T17:15:47","modified_gmt":"2025-09-07T17:15:47","slug":"gilisztauzo-varadics-kivonat-025-l-sumin","status":"publish","type":"product","link":"https:\/\/chilimag.hu\/webshop\/termek\/gilisztauzo-varadics-kivonat-025-l-sumin\/","title":{"rendered":"Giliszta\u0171z\u0151 var\u00e1dics kivonat  0,25 L Sumin"},"content":{"rendered":"","protected":false},"excerpt":{"rendered":"<div class=\"thumbnail thumbnail-image\"><img decoding=\"async\" draggable=\"false\" src=\"https:\/\/chilimag.hu\/webshop\/wp-content\/uploads\/2025\/09\/res_91c29db10084c27c8e2a3172634793e8-300x300.jpg\" alt=\"\" \/><\/div>\n<div><strong>Term\u00e9kle\u00edr\u00e1s<\/strong><\/div>\n<div>\n<p>SUMIN KESER\u0170 KIVONAT<br \/>\nFelhaszn\u00e1l\u00e1si c\u00e9l: Term\u00e9szetes, teljes n\u00f6v\u00e9nyi \u00e1pol\u00e1sra szolg\u00e1l\u00f3 szer, amely a n\u00f6v\u00e9nyi k\u00e1rtev\u0151k, k\u00fcl\u00f6n\u00f6sen a talajban \u00e9l\u0151 k\u00e1rtev\u0151k irt\u00e1s\u00e1ra szolg\u00e1l kedvez\u0151tlen \u00e9let- \u00e9s t\u00e1pl\u00e1lkoz\u00e1si felt\u00e9telek megteremt\u00e9s\u00e9vel. Alkalmaz\u00e1s: nedves \u00e9s korhadt talajra permetezz\u00fck 7-10 napos sz\u00fcnettel. Els\u0151 kezel\u00e9s tavasszal, vet\u00e9s vagy \u00fcltet\u00e9s el\u0151tt, 20 ml\/1 l H2O. A talaj \u00e9s\/vagy n\u00f6v\u00e9nyek, takarm\u00e1nyuk m\u00e1sodik \u00e9s harmadik permetez\u00e9s\u00e9hez &#8211; 10 ml\/1 l H2O. Az eszk\u00f6z alternat\u00edv eszk\u00f6zk\u00e9nt haszn\u00e1lhat\u00f3 rovar\u00f6l\u0151 szerk\u00e9nt. A term\u00e9k nem min\u0151s\u00fcl vesz\u00e9lyesnek. \u00d6sszetev\u0151i nem min\u0151s\u00fclnek vesz\u00e9lyesnek, \u00e9s a jelenlegi el\u0151\u00edr\u00e1sok szerint nem szerepelnek a vesz\u00e9lyes anyagok list\u00e1j\u00e1n. Haszn\u00e1lat el\u0151tt r\u00e1zza fel a term\u00e9ket. A lerak\u00f3d\u00e1sok, g\u00e1zok, feh\u00e9r pikkelyek k\u00e9pz\u0151d\u00e9se term\u00e9szetes jelens\u00e9g, \u00e9s nem rontja a term\u00e9k min\u0151s\u00e9g\u00e9t. Ne haszn\u00e1lja egy\u00fctt k\u00e9miai n\u00f6v\u00e9nyv\u00e9d\u0151 szerekkel. \u00d6sszetev\u0151k: a Tanacetum vulgare ferment\u00e1ci\u00f3s folyamat\u00e1b\u00f3l sz\u00e1rmaz\u00f3 kivonat, lactobacillusok \u00e9s bacillus bakt\u00e9riumok r\u00e9szv\u00e9tel\u00e9vel. Kiszerel\u00e9s &#8211; 250 ml.<\/p>\n<p>M\u00e1rka: Sumin<br \/>\nKiszerel\u00e9s: 0,25 l<\/p>\n<\/div>\n<div><\/div>\n<div><\/div>\n<div class=\"details\">\n<div class=\"filename\"><\/div>\n<\/div>\n<div class=\"e-hint\">\n<div class=\"e-hint__container\" data-event=\"image_optimizer_hint\">\n<div class=\"elementor-control-notice elementor-control-notice-type-info\" data-display=\"true\">\n<div class=\"elementor-control-notice-icon\"><\/div>\n<div class=\"elementor-control-notice-main action-handler\" data-event=\"image_optimizer_hint\" data-settings=\"eyJhY3Rpb25fdXJsIjoiaHR0cHM6XC9cL2NoaWxpbWFnLmh1XC93ZWJzaG9wXC93cC1hZG1pblwvdXBkYXRlLnBocD9hY3Rpb249aW5zdGFsbC1wbHVnaW4mYW1wO3BsdWdpbj1pbWFnZS1vcHRpbWl6YXRpb24mYW1wO193cG5vbmNlPWMwOGM2NWQzMjEifQ==\"><\/div>\n<\/div>\n<\/div>\n<\/div>\n","protected":false},"featured_media":38055,"comment_status":"closed","ping_status":"closed","template":"","meta":[],"product_brand":[],"product_cat":[391],"product_tag":[],"class_list":{"0":"post-38054","1":"product","2":"type-product","3":"status-publish","4":"has-post-thumbnail","6":"product_cat-egyeb-tapoldatok","8":"first","9":"instock","10":"taxable","11":"shipping-taxable","12":"purchasable","13":"product-type-simple"},"_links":{"self":[{"href":"https:\/\/chilimag.hu\/webshop\/wp-json\/wp\/v2\/product\/38054","targetHints":{"allow":["GET"]}}],"collection":[{"href":"https:\/\/chilimag.hu\/webshop\/wp-json\/wp\/v2\/product"}],"about":[{"href":"https:\/\/chilimag.hu\/webshop\/wp-json\/wp\/v2\/types\/product"}],"replies":[{"embeddable":true,"href":"https:\/\/chilimag.hu\/webshop\/wp-json\/wp\/v2\/comments?post=38054"}],"wp:featuredmedia":[{"embeddable":true,"href":"https:\/\/chilimag.hu\/webshop\/wp-json\/wp\/v2\/media\/38055"}],"wp:attachment":[{"href":"https:\/\/chilimag.hu\/webshop\/wp-json\/wp\/v2\/media?parent=38054"}],"wp:term":[{"taxonomy":"product_brand","embeddable":true,"href":"https:\/\/chilimag.hu\/webshop\/wp-json\/wp\/v2\/product_brand?post=38054"},{"taxonomy":"product_cat","embeddable":true,"href":"https:\/\/chilimag.hu\/webshop\/wp-json\/wp\/v2\/product_cat?post=38054"},{"taxonomy":"product_tag","embeddable":true,"href":"https:\/\/chilimag.hu\/webshop\/wp-json\/wp\/v2\/product_tag?post=38054"}],"curies":[{"name":"wp","href":"https:\/\/api.w.org\/{rel}","templated":true}]}}