{"id":38048,"date":"2025-09-07T16:55:54","date_gmt":"2025-09-07T16:55:54","guid":{"rendered":"https:\/\/chilimag.hu\/webshop\/?post_type=product&#038;p=38048"},"modified":"2025-09-07T16:55:54","modified_gmt":"2025-09-07T16:55:54","slug":"univerzalis-tapoldat-1l-agr-sl","status":"publish","type":"product","link":"https:\/\/chilimag.hu\/webshop\/termek\/univerzalis-tapoldat-1l-agr-sl\/","title":{"rendered":"Univerz\u00e1lis t\u00e1poldat 1l AGR SL"},"content":{"rendered":"","protected":false},"excerpt":{"rendered":"<div class=\"thumbnail thumbnail-image\"><img decoding=\"async\" draggable=\"false\" src=\"https:\/\/chilimag.hu\/webshop\/wp-content\/uploads\/2025\/09\/AGRONOM-Logo-Color-300x171.jpg\" alt=\"\" \/><\/div>\n<div class=\"details\"><\/div>\n<div class=\"e-hint\">\n<div class=\"e-hint__container\" data-event=\"image_optimizer_hint\">\n<div class=\"elementor-control-notice elementor-control-notice-type-info\" data-display=\"true\">\n<div class=\"elementor-control-notice-main action-handler\" data-event=\"image_optimizer_hint\" data-settings=\"eyJhY3Rpb25fdXJsIjoiaHR0cHM6XC9cL2NoaWxpbWFnLmh1XC93ZWJzaG9wXC93cC1hZG1pblwvdXBkYXRlLnBocD9hY3Rpb249aW5zdGFsbC1wbHVnaW4mYW1wO3BsdWdpbj1pbWFnZS1vcHRpbWl6YXRpb24mYW1wO193cG5vbmNlPWMwOGM2NWQzMjEifQ==\"><strong><strong>Term\u00e9kle\u00edr\u00e1s<\/strong><\/strong>UNIVERZ\u00c1LIS M\u0170TR\u00c1GYA<br \/>\nEgyetlen megold\u00e1s minden n\u00f6v\u00e9ny sz\u00e1m\u00e1ra.<br \/>\nUniverz\u00e1lis foly\u00e9kony m\u0171tr\u00e1gya \u2013 praktikus v\u00e1laszt\u00e1s azok sz\u00e1m\u00e1ra, akik egyetlen megold\u00e1st keresnek az eg\u00e9sz kert \u00e9s otthon sz\u00e1m\u00e1ra. Alkalmas z\u00f6lds\u00e9gekhez, gy\u00fcm\u00f6lcs\u00f6kh\u00f6z, vir\u00e1gokhoz, szoban\u00f6v\u00e9nyekhez \u2013 mindenhez, ami n\u0151 \u00e9s vir\u00e1gzik.<br \/>\nKiegyens\u00falyozott NPK (7-5-6) formula \u2013 a nitrog\u00e9n, a foszfor \u00e9s a k\u00e1lium gyors indul\u00e1st, eg\u00e9szs\u00e9ges szerkezetet, valamint hosszan tart\u00f3 vir\u00e1gz\u00e1st \u00e9s term\u00e9shozamot biztos\u00edt.<br \/>\nH\u00e1rmas hat\u00e1s\u00fa nitrog\u00e9n \u2013 a nitr\u00e1t, amm\u00f3nium \u00e9s karbamid form\u00e1k kever\u00e9ke biztos\u00edtja a gyors felsz\u00edv\u00f3d\u00e1st \u00e9s a hosszan tart\u00f3 hat\u00e1st.<\/p>\n<p>Kel\u00e1t form\u00e1ban l\u00e9v\u0151 mikrot\u00e1panyagok (Fe, Zn, Cu, Mn \u2013 EDTA) \u2013 seg\u00edtik a n\u00f6v\u00e9nyeket a t\u00e1panyagok felsz\u00edv\u00f3d\u00e1s\u00e1ban m\u00e9g neh\u00e9z k\u00f6r\u00fclm\u00e9nyek k\u00f6z\u00f6tt is. A m\u0171tr\u00e1gya t\u00e1mogatja a buja n\u00f6v\u00e9nyzetet \u00e9s az er\u0151s n\u00f6v\u00e9nyeket az eg\u00e9sz szezonban.<\/p>\n<p>Alacsony kadmiumtartalom, alacsony kloridtartalom \u2013 biztons\u00e1gosan haszn\u00e1lhat\u00f3 belt\u00e9ren \u00e9s k\u00fclt\u00e9ren egyar\u00e1nt.<\/p>\n<p>M\u00e1rka AGRONOM<br \/>\nM\u0171tr\u00e1gya t\u00edpusa Foly\u00e9kony<br \/>\nM\u0171tr\u00e1gya szezonalit\u00e1s Eg\u00e9sz \u00e9ves tr\u00e1gy\u00e1z\u00e1s<br \/>\nC\u00e9lja Univerz\u00e1lis m\u0171tr\u00e1gya<br \/>\nKiszerel\u00e9s 1 L<\/p>\n<\/div>\n<\/div>\n<\/div>\n<div class=\"e-hint__container\" data-event=\"image_optimizer_hint\">\n<div class=\"elementor-control-notice elementor-control-notice-type-info\" data-display=\"true\">\n<div data-event=\"image_optimizer_hint\" data-settings=\"eyJhY3Rpb25fdXJsIjoiaHR0cHM6XC9cL2NoaWxpbWFnLmh1XC93ZWJzaG9wXC93cC1hZG1pblwvdXBkYXRlLnBocD9hY3Rpb249aW5zdGFsbC1wbHVnaW4mYW1wO3BsdWdpbj1pbWFnZS1vcHRpbWl6YXRpb24mYW1wO193cG5vbmNlPWMwOGM2NWQzMjEifQ==\"><\/div>\n<\/div>\n<\/div>\n<\/div>\n","protected":false},"featured_media":38049,"comment_status":"closed","ping_status":"closed","template":"","meta":[],"product_brand":[],"product_cat":[388],"product_tag":[],"class_list":{"0":"post-38048","1":"product","2":"type-product","3":"status-publish","4":"has-post-thumbnail","6":"product_cat-agronom-tapoldatok-es-noveny-apolok","8":"first","9":"instock","10":"taxable","11":"shipping-taxable","12":"purchasable","13":"product-type-simple"},"_links":{"self":[{"href":"https:\/\/chilimag.hu\/webshop\/wp-json\/wp\/v2\/product\/38048","targetHints":{"allow":["GET"]}}],"collection":[{"href":"https:\/\/chilimag.hu\/webshop\/wp-json\/wp\/v2\/product"}],"about":[{"href":"https:\/\/chilimag.hu\/webshop\/wp-json\/wp\/v2\/types\/product"}],"replies":[{"embeddable":true,"href":"https:\/\/chilimag.hu\/webshop\/wp-json\/wp\/v2\/comments?post=38048"}],"wp:featuredmedia":[{"embeddable":true,"href":"https:\/\/chilimag.hu\/webshop\/wp-json\/wp\/v2\/media\/38049"}],"wp:attachment":[{"href":"https:\/\/chilimag.hu\/webshop\/wp-json\/wp\/v2\/media?parent=38048"}],"wp:term":[{"taxonomy":"product_brand","embeddable":true,"href":"https:\/\/chilimag.hu\/webshop\/wp-json\/wp\/v2\/product_brand?post=38048"},{"taxonomy":"product_cat","embeddable":true,"href":"https:\/\/chilimag.hu\/webshop\/wp-json\/wp\/v2\/product_cat?post=38048"},{"taxonomy":"product_tag","embeddable":true,"href":"https:\/\/chilimag.hu\/webshop\/wp-json\/wp\/v2\/product_tag?post=38048"}],"curies":[{"name":"wp","href":"https:\/\/api.w.org\/{rel}","templated":true}]}}