{"id":38046,"date":"2025-09-07T16:47:50","date_gmt":"2025-09-07T16:47:50","guid":{"rendered":"https:\/\/chilimag.hu\/webshop\/?post_type=product&#038;p=38046"},"modified":"2026-05-04T07:37:33","modified_gmt":"2026-05-04T07:37:33","slug":"viragfold-rododendronoknak-es-afonyanak-80l-sl","status":"publish","type":"product","link":"https:\/\/chilimag.hu\/webshop\/termek\/viragfold-rododendronoknak-es-afonyanak-80l-sl\/","title":{"rendered":"Vir\u00e1gf\u00f6ld rododendronoknak \u00e9s \u00e1fony\u00e1nak 80l SL"},"content":{"rendered":"","protected":false},"excerpt":{"rendered":"<div class=\"thumbnail thumbnail-image\"><img decoding=\"async\" draggable=\"false\" src=\"https:\/\/chilimag.hu\/webshop\/wp-content\/uploads\/2025\/09\/AGRONOM-Logo-Color-300x171.jpg\" alt=\"\" \/><\/div>\n<div class=\"details\">\n<div class=\"compat-meta\"><strong>Term\u00e9kle\u00edr\u00e1s<\/strong><\/div>\n<\/div>\n<div>\n<p>Univerz\u00e1lis t\u0151zeges t\u00e1ptalaj bio t\u0151zegb\u0151l, professzion\u00e1lisan elk\u00e9sz\u00edtve speci\u00e1lis \u00f6sszet\u00e9tel szerint \u00e1fonya, v\u00f6r\u00f6s \u00e1fonya, d\u00edszt\u0171level\u0171ek, rododendronok \u00e9s m\u00e1s savkedvel\u0151 n\u00f6v\u00e9nyek \u00fcltet\u00e9s\u00e9re, termeszt\u00e9s\u00e9re \u00e9s gondoz\u00e1s\u00e1ra.<\/p>\n<p>\u00d6sszet\u00e9tel: 100% emelt l\u00e1p t\u0151zeg, NPK 1 kg\/m\u00b3 \u00e9s \u00f6nt\u00f6z\u0151folyad\u00e9k<\/p>\n<p>M\u00e1rka: AGRONOM<br \/>\nC\u00e9lja: \u00c1fonya, T\u0171level\u0171ek, D\u00edszn\u00f6v\u00e9nyek<\/p>\n<\/div>\n<div class=\"e-hint\">\n<div class=\"e-hint__container\" data-event=\"image_optimizer_hint\">\n<div class=\"elementor-control-notice elementor-control-notice-type-info\" data-display=\"true\">\n<div class=\"elementor-control-notice-main action-handler\" data-event=\"image_optimizer_hint\" data-settings=\"eyJhY3Rpb25fdXJsIjoiaHR0cHM6XC9cL2NoaWxpbWFnLmh1XC93ZWJzaG9wXC93cC1hZG1pblwvdXBkYXRlLnBocD9hY3Rpb249aW5zdGFsbC1wbHVnaW4mYW1wO3BsdWdpbj1pbWFnZS1vcHRpbWl6YXRpb24mYW1wO193cG5vbmNlPWMwOGM2NWQzMjEifQ==\"><\/div>\n<\/div>\n<\/div>\n<\/div>\n","protected":false},"featured_media":38047,"comment_status":"closed","ping_status":"closed","template":"","meta":[],"product_brand":[],"product_cat":[371],"product_tag":[],"class_list":{"0":"post-38046","1":"product","2":"type-product","3":"status-publish","4":"has-post-thumbnail","6":"product_cat-seklos-lt-tozegek","8":"first","9":"instock","10":"taxable","11":"shipping-taxable","12":"purchasable","13":"product-type-simple"},"_links":{"self":[{"href":"https:\/\/chilimag.hu\/webshop\/wp-json\/wp\/v2\/product\/38046","targetHints":{"allow":["GET"]}}],"collection":[{"href":"https:\/\/chilimag.hu\/webshop\/wp-json\/wp\/v2\/product"}],"about":[{"href":"https:\/\/chilimag.hu\/webshop\/wp-json\/wp\/v2\/types\/product"}],"replies":[{"embeddable":true,"href":"https:\/\/chilimag.hu\/webshop\/wp-json\/wp\/v2\/comments?post=38046"}],"wp:featuredmedia":[{"embeddable":true,"href":"https:\/\/chilimag.hu\/webshop\/wp-json\/wp\/v2\/media\/38047"}],"wp:attachment":[{"href":"https:\/\/chilimag.hu\/webshop\/wp-json\/wp\/v2\/media?parent=38046"}],"wp:term":[{"taxonomy":"product_brand","embeddable":true,"href":"https:\/\/chilimag.hu\/webshop\/wp-json\/wp\/v2\/product_brand?post=38046"},{"taxonomy":"product_cat","embeddable":true,"href":"https:\/\/chilimag.hu\/webshop\/wp-json\/wp\/v2\/product_cat?post=38046"},{"taxonomy":"product_tag","embeddable":true,"href":"https:\/\/chilimag.hu\/webshop\/wp-json\/wp\/v2\/product_tag?post=38046"}],"curies":[{"name":"wp","href":"https:\/\/api.w.org\/{rel}","templated":true}]}}